769
CXUS53 KBIS 230830
CF6N60
PRELIMINARY LOCAL CLIMATOLOGICAL DATA (WS FORM: F-6)

                                          STATION:   GARRISON (AMOS) ND
                                          MONTH:     SEPTEMBER
                                          YEAR:      2017
                                          LATITUDE:   47 39 N
                                          LONGITUDE: 101 23 W

  TEMPERATURE IN F:       :PCPN:    SNOW:  WIND      :SUNSHINE: SKY     :PK WND
================================================================================
1   2   3   4   5  6A  6B    7    8   9   10  11  12  13   14  15   16   17  18
                                     12Z  AVG MX 2MIN
DY MAX MIN AVG DEP HDD CDD  WTR  SNW DPTH SPD SPD DIR MIN PSBL S-S WX    SPD DR
================================================================================

 1  83  55  69   M   0   4 0.07    M    M 10.6 23 330   M    M   0        29 350
 2  85  48  67   M   0   2 0.00    M    M  4.8 20 290   M    M   0        26 330
 3  90  55  73   M   0   8 0.00    M    M 10.5 26 340   M    M   0        38 320
 4  72  46  59   M   6   0 0.00    M    M 19.0 38 320   M    M   0        45 320
 5  69  43  56   M   9   0 0.00    M    M 12.4 31 320   M    M   0        40 320
 6  76  43  60   M   5   0 0.00    M    M  4.5 15 210   M    M   0        24 310
 7  85  40  63   M   2   0 0.00    M    M  6.1 18 340   M    M   0        23 340
 8  76  50  63   M   2   0 0.00    M    M 10.3 16 130   M    M   0        21 140
 9  86  54  70   M   0   5 0.00    M    M 11.9 21 170   M    M   0        27 170
10  88  56  72   M   0   7 0.00    M    M 10.0 24 320   M    M   0        29 330
11  82  47  65   M   0   0 0.00    M    M  6.7 16 170   M    M   0        20 170
12  96  50  73   M   0   8 0.00    M    M  6.1 21 340   M    M   0        26 320
13  77  44  61   M   4   0 0.00    M    M  7.2 16  80   M    M   0        24  80
14  67  51  59   M   6   0 0.00    M    M  9.1 20  30   M    M   0        27 340
15  51  42  47   M  18   0 1.22    M    M 14.4 26  30   M    M   0        38  30
16  48  42  45   M  20   0 0.11    M    M 12.1 21 340   M    M   0        27  30
17  61  35  48   M  17   0 0.00    M    M  8.6 16 230   M    M   0        21 310
18  71  41  56   M   9   0 0.00    M    M  5.8 13 110   M    M   0        16 100
19  69  49  59   M   6   0 0.04    M    M 14.7 26 110   M    M   0        35 110
20  69  42  56   M   9   0 0.00    M    M 13.9 31 240   M    M   0        40 240
21  73  47  60   M   5   0 0.00    M    M  8.9 20 330   M    M   0        28 330
22  52  47  50   M  15   0 0.01    M    M 15.1 24 350   M    M   0        34 350
================================================================================
SM 1626 1027       133  34  1.45    M    222.7          M        0
================================================================================
AV 73.9 46.7                              10.1 FASTST   M    M   0    MAX(MPH)
                                 MISC ---->  # 38 320               # 45  320
================================================================================
NOTES:
# LAST OF SEVERAL OCCURRENCES

COLUMN 17 PEAK WIND IN M.P.H.

PRELIMINARY LOCAL CLIMATOLOGICAL DATA (WS FORM: F-6) , PAGE 2

                                          STATION:  GARRISON (AMOS) ND
                                          MONTH:    SEPTEMBER
                                          YEAR:     2017
                                          LATITUDE:   47 39 N
                                          LONGITUDE: 101 23 W

[TEMPERATURE DATA]      [PRECIPITATION DATA]       SYMBOLS USED IN COLUMN 16

AVERAGE MONTHLY: 60.3   TOTAL FOR MONTH:   1.45    1 = FOG OR MIST
DPTR FM NORMAL:     M   DPTR FM NORMAL:       M    2 = FOG REDUCING VISIBILITY
HIGHEST:    96 ON 12    GRTST 24HR  1.22 ON 15-15      TO 1/4 MILE OR LESS
LOWEST:     35 ON 17                               3 = THUNDER
                        SNOW, ICE PELLETS, HAIL    4 = ICE PELLETS
                        TOTAL MONTH:    M          5 = HAIL
                        GRTST 24HR    M  ON   M    6 = FREEZING RAIN OR DRIZZLE
                        GRTST DEPTH:  M  ON   M    7 = DUSTSTORM OR SANDSTORM:
                                                       VSBY 1/2 MILE OR LESS
                                                   8 = SMOKE OR HAZE
[NO. OF DAYS WITH]      [WEATHER - DAYS WITH]      9 = BLOWING SNOW
                                                   X = TORNADO
MAX 32 OR BELOW:   0    0.01 INCH OR MORE:   5
MAX 90 OR ABOVE:   2    0.10 INCH OR MORE:   2
MIN 32 OR BELOW:   0    0.50 INCH OR MORE:   1
MIN  0 OR BELOW:   0    1.00 INCH OR MORE:   1

[HDD (BASE 65) ]
TOTAL THIS MO.   133    CLEAR  (SCALE 0-3)  22
DPTR FM NORMAL     M    PTCLDY (SCALE 4-7)   0
TOTAL FM JUL 1   180    CLOUDY (SCALE 8-10)  0
DPTR FM NORMAL     M

[CDD (BASE 65) ]
TOTAL THIS MO.    34
DPTR FM NORMAL     M    [PRESSURE DATA]
TOTAL FM JAN 1   381    HIGHEST SLP  0.00 ON 22
DPTR FM NORMAL     M    LOWEST  SLP 29.42 ON 19

[REMARKS]
