000
CXUS56 KMTR 161000
CF6NUQ
PRELIMINARY LOCAL CLIMATOLOGICAL DATA (WS FORM: F-6)

                                          STATION:   MOFFETT FIELD
                                          MONTH:     AUGUST
                                          YEAR:      2017
                                          LATITUDE:   37 25 N
                                          LONGITUDE: 122  3 W

  TEMPERATURE IN F:       :PCPN:    SNOW:  WIND      :SUNSHINE: SKY     :PK WND
================================================================================
1   2   3   4   5  6A  6B    7    8   9   10  11  12  13   14  15   16   17  18
                                     12Z  AVG MX 2MIN
DY MAX MIN AVG DEP HDD CDD  WTR  SNW DPTH SPD SPD DIR MIN PSBL S-S WX    SPD DR
================================================================================

 1  84  59  72   4   0   7 0.00  0.0    0  5.2 15 340   M    M   2        18 350
 2  87  63  75   7   0  10 0.00  0.0    0  5.4 12 350   M    M   0        15 350
 3  83  69  76   8   0  11 0.00  0.0    0  4.5 12 340   M    M   0        15 320
 4  79  72  76   8   0  11    T  0.0    0  5.8 13  60   M    M   1        16  40
 5  76  62  69   1   0   4 0.00  0.0    0  8.1 20 350   M    M   4        22 340
 6  73  61  67  -1   0   2 0.00  0.0    0  8.5 21 360   M    M   4        24 350
 7  72  60  66  -2   0   1 0.00  0.0    0  7.3 21 350   M    M   4        23 350
 8  73  63  68   0   0   3 0.00  0.0    0  8.1 21 350   M    M   6        24 350
 9  72  61  67  -1   0   2 0.00  0.0    0  7.9 21 350   M    M   5        25 350
10  73  61  67  -1   0   2 0.00  0.0    0  7.5 21 350   M    M   6        23 350
11  74  61  68   0   0   3 0.00  0.0    0  7.4 20 350   M    M   5        23 350
12  71  59  65  -3   0   0 0.00  0.0    0  9.0 20 350   M    M   3        23 350
13  76  58  67  -1   0   2 0.00  0.0    0  6.9 20 350   M    M   0        24 350
14  73  61  67  -1   0   2 0.00  0.0    0  6.8 17 280   M    M   3        22 280
15  75  60  68   0   0   3 0.00  0.0    0  8.1 21 360   M    M   3        25 360
================================================================================
SM 1141  930         0  63    T      0.0 106.5          M       46
================================================================================
AV 76.1 62.0                               7.1 FASTST   M    M   3    MAX(MPH)
                                 MISC ---->  # 21 360               # 25  350
================================================================================
NOTES:
# LAST OF SEVERAL OCCURRENCES

COLUMN 17 PEAK WIND IN M.P.H.

PRELIMINARY LOCAL CLIMATOLOGICAL DATA (WS FORM: F-6) , PAGE 2

                                          STATION:  MOFFETT FIELD
                                          MONTH:    AUGUST
                                          YEAR:     2017
                                          LATITUDE:   37 25 N
                                          LONGITUDE: 122  3 W

[TEMPERATURE DATA]      [PRECIPITATION DATA]       SYMBOLS USED IN COLUMN 16

AVERAGE MONTHLY: 69.0   TOTAL FOR MONTH:      T    1 = FOG OR MIST
DPTR FM NORMAL:   1.0   DPTR FM NORMAL:   -0.00    2 = FOG REDUCING VISIBILITY
HIGHEST:    87 ON  2    GRTST 24HR    T  ON  4- 4      TO 1/4 MILE OR LESS
LOWEST:     58 ON 13                               3 = THUNDER
                        SNOW, ICE PELLETS, HAIL    4 = ICE PELLETS
                        TOTAL MONTH:   0.0 INCH    5 = HAIL
                        GRTST 24HR     0.0         6 = FREEZING RAIN OR DRIZZLE
                        GRTST DEPTH:   0           7 = DUSTSTORM OR SANDSTORM:
                                                       VSBY 1/2 MILE OR LESS
                                                   8 = SMOKE OR HAZE
[NO. OF DAYS WITH]      [WEATHER - DAYS WITH]      9 = BLOWING SNOW
                                                   X = TORNADO
MAX 32 OR BELOW:   0    0.01 INCH OR MORE:   0
MAX 90 OR ABOVE:   0    0.10 INCH OR MORE:   0
MIN 32 OR BELOW:   0    0.50 INCH OR MORE:   0
MIN  0 OR BELOW:   0    1.00 INCH OR MORE:   0

[HDD (BASE 65) ]
TOTAL THIS MO.     0    CLEAR  (SCALE 0-3)   6
DPTR FM NORMAL     0    PTCLDY (SCALE 4-7)   9
TOTAL FM JUL 1     2    CLOUDY (SCALE 8-10)  0
DPTR FM NORMAL    -7

[CDD (BASE 65) ]
TOTAL THIS MO.    63
DPTR FM NORMAL    18    [PRESSURE DATA]
TOTAL FM JAN 1   335    HIGHEST SLP M ON M
DPTR FM NORMAL    64    LOWEST  SLP 29.83 ON  1

[REMARKS]
