000
CXUS55 KPSR 281005
CF6NYL
PRELIMINARY LOCAL CLIMATOLOGICAL DATA (WS FORM: F-6)

                                          STATION:   YUMA AZ
                                          MONTH:     AUGUST
                                          YEAR:      2016
                                          LATITUDE:   32 39 N
                                          LONGITUDE: 114 37 W

  TEMPERATURE IN F:       :PCPN:    SNOW:  WIND      :SUNSHINE: SKY     :PK WND
================================================================================
1   2   3   4   5  6A  6B    7    8   9   10  11  12  13   14  15   16   17  18
                                     12Z  AVG MX 2MIN
DY MAX MIN AVG DEP HDD CDD  WTR  SNW DPTH SPD SPD DIR MIN PSBL S-S WX    SPD DR
================================================================================

 1 104  84  94  -1   0  29 0.00  0.0    0 10.7 16 150   M    M   3        21 210
 2 104  87  96   1   0  31 0.00  0.0    0 10.6 20 200   M    M   5        24 200
 3 106  86  96   1   0  31 0.00  0.0    0 11.5 20 160   M    M   2        29 180
 4 106  88  97   2   0  32 0.00  0.0    0  8.3 18 200   M    M   4 8      23 200
 5 109  87  98   3   0  33 0.00  0.0    0  8.5 18 210   M    M   2        23 210
 6 110  85  98   3   0  33 0.00  0.0    0  7.4 15 200   M    M   0        20 160
 7 112  83  98   3   0  33 0.00  0.0    0  7.5 17 180   M    M   0        24 170
 8 110  82  96   1   0  31 0.00  0.0    0 13.0 24 170   M    M   0        28 190
 9 104  84  94  -1   0  29 0.00  0.0    0 18.7 28 140   M    M   1 8      35 140
10 102  84  93  -2   0  28 0.00  0.0    0 16.1 23 140   M    M   3        31 150
11 103  83  93  -1   0  28 0.00  0.0    0 11.9 21 140   M    M   3        24 140
12 105  83  94   0   0  29 0.00  0.0    0  8.8 14 210   M    M   2        17 200
13 111  84  98   4   0  33 0.00  0.0    0  6.3 13 240   M    M   0        18 190
14 111  86  99   5   0  34 0.00  0.0    0 11.0 22 150   M    M   0        26 160
15 114  86 100   6   0  35 0.00  0.0    0  8.1 21 160   M    M   1        24 160
16 114  86 100   6   0  35 0.00  0.0    0  7.5 15 200   M    M   2        17 180
17 109  87  98   4   0  33 0.00  0.0    0 10.1 22 210   M    M   5        26 210
18 107  89  98   4   0  33 0.00  0.0    0 11.1 29  80   M    M   4 8      36  90
19 105  86  96   2   0  31 0.00  0.0    0  8.6 23 210   M    M   3 378    28 150
20 103  84  94   0   0  29 0.08  0.0    0  9.3 32  60   M    M   3 37     39  60
21 100  81  91  -3   0  26 0.00  0.0    0  8.1 25  90   M    M   1 3      31  80
22 104  82  93  -1   0  28    T  0.0    0  7.2 10 290   M    M   4         M  M
23 103  81  92  -2   0  27 0.00  0.0    M  3.8 12 170   M    M   2        16 160
24 106  82  94   0   0  29 0.00  0.0    0  9.9 17 190   M    M   1        22 170
25 106  83  95   1   0  30 0.00  0.0    0 13.7 22 160   M    M   1        26 170
26 102  82  92  -2   0  27 0.00  0.0    0 12.0 22 150   M    M   4        27 160
27 101  78  90  -4   0  25 0.00  0.0    0  6.4 14 160   M    M   0        18 140
================================================================================
SM 2871 2273         0 822  0.08     0.0 266.1          M       56
================================================================================
AV106.3 84.2                               9.9 FASTST   M    M   2    MAX(MPH)
                                 MISC ---->  # 32  60               # 39   60
================================================================================
NOTES:
# LAST OF SEVERAL OCCURRENCES

COLUMN 17 PEAK WIND IN M.P.H.

PRELIMINARY LOCAL CLIMATOLOGICAL DATA (WS FORM: F-6) , PAGE 2

                                          STATION:  YUMA AZ
                                          MONTH:    AUGUST
                                          YEAR:     2016
                                          LATITUDE:   32 39 N
                                          LONGITUDE: 114 37 W

[TEMPERATURE DATA]      [PRECIPITATION DATA]       SYMBOLS USED IN COLUMN 16

AVERAGE MONTHLY: 95.3   TOTAL FOR MONTH:   0.08    1 = FOG OR MIST
DPTR FM NORMAL:   0.9   DPTR FM NORMAL:   -0.33    2 = FOG REDUCING VISIBILITY
HIGHEST:   114 ON 16,15 GRTST 24HR  0.08 ON 20-20      TO 1/4 MILE OR LESS
LOWEST:     78 ON 27                               3 = THUNDER
                        SNOW, ICE PELLETS, HAIL    4 = ICE PELLETS
                        TOTAL MONTH:   0.0 INCH    5 = HAIL
                        GRTST 24HR     0.0         6 = FREEZING RAIN OR DRIZZLE
                        GRTST DEPTH:   0           7 = DUSTSTORM OR SANDSTORM:
                                                       VSBY 1/2 MILE OR LESS
                                                   8 = SMOKE OR HAZE
[NO. OF DAYS WITH]      [WEATHER - DAYS WITH]      9 = BLOWING SNOW
                                                   X = TORNADO
MAX 32 OR BELOW:   0    0.01 INCH OR MORE:   1
MAX 90 OR ABOVE:  27    0.10 INCH OR MORE:   0
MIN 32 OR BELOW:   0    0.50 INCH OR MORE:   0
MIN  0 OR BELOW:   0    1.00 INCH OR MORE:   0

[HDD (BASE 65) ]
TOTAL THIS MO.     0    CLEAR  (SCALE 0-3)  20
DPTR FM NORMAL     0    PTCLDY (SCALE 4-7)   7
TOTAL FM JUL 1     0    CLOUDY (SCALE 8-10)  0
DPTR FM NORMAL     0

[CDD (BASE 65) ]
TOTAL THIS MO.   822
DPTR FM NORMAL    27    [PRESSURE DATA]
TOTAL FM JAN 1  3627    HIGHEST SLP M ON M
DPTR FM NORMAL   286    LOWEST  SLP 29.55 ON  7

[REMARKS]
