000
CXUS55 KPSR 271005
CF6NYL
PRELIMINARY LOCAL CLIMATOLOGICAL DATA (WS FORM: F-6)

                                          STATION:   YUMA AZ
                                          MONTH:     JULY
                                          YEAR:      2015
                                          LATITUDE:   32 39 N
                                          LONGITUDE: 114 37 W

  TEMPERATURE IN F:       :PCPN:    SNOW:  WIND      :SUNSHINE: SKY     :PK WND
================================================================================
1   2   3   4   5  6A  6B    7    8   9   10  11  12  13   14  15   16   17  18
                                     12Z  AVG MX 2MIN
DY MAX MIN AVG DEP HDD CDD  WTR  SNW DPTH SPD SPD DIR MIN PSBL S-S WX    SPD DR
================================================================================

 1  96  81  89  -4   0  24 0.06  0.0    0  8.7 29 180   M    M   7 38     34 170
 2 107  80  94   1   0  29 0.00  0.0    0  5.0 13 220   M    M   2 8      17 220
 3 110  81  96   3   0  31 0.00  0.0    0  5.4 12 210   M    M   0        14 260
 4 109  87  98   5   0  33 0.00  0.0    0 10.4 24 200   M    M   0        31 190
 5 105  84  95   1   0  30 0.00  0.0    0 14.9 22 180   M    M   0        29 180
 6 106  84  95   1   0  30 0.00  0.0    0  8.6 21 170   M    M   0        24 160
 7 109  83  96   2   0  31 0.00  0.0    0  7.6 16 170   M    M   2 8      22 190
 8 106  81  94   0   0  29 0.00  0.0    0  8.4 18 290   M    M   1 8      23 280
 9 101  77  89  -5   0  24 0.00  0.0    0  6.7 20 290   M    M   3 8      25 290
10  98  77  88  -6   0  23 0.00  0.0    0  7.0 15 230   M    M   3        23 240
11  99  76  88  -6   0  23 0.00  0.0    0  7.4 20 170   M    M   0        24 180
12 106  75  91  -3   0  26 0.00  0.0    0  5.8 16 220   M    M   0        19 150
13 109  80  95   0   0  30 0.00  0.0    0  5.1 15 190   M    M   3        19 170
14 110  84  97   2   0  32 0.00  0.0    0  6.4 18 200   M    M   1 8      22 210
15 105  80  93  -2   0  28 0.00  0.0    0 10.4 25 150   M    M   1        31 180
16 108  80  94  -1   0  29 0.00  0.0    0  8.1 17 200   M    M   1 8      23 180
17 106  85  96   1   0  31 0.00  0.0    0 14.7 26 160   M    M   3 8      35 150
18 102  80  91  -4   0  26 0.02  0.0    0 11.3 24 160   M    M   3 378    36 290
19  96  78  87  -8   0  22 0.01  0.0    M  6.2 17 310   M    M   1        22 290
20 101  81  91  -4   0  26    T  0.0    0  4.5 13 210   M    M   3        17 190
21 105  82  94  -1   0  29 0.00  0.0    0  6.7 17 210   M    M   1 8      20 180
22 104  81  93  -2   0  28 0.00  0.0    0 10.9 21 160   M    M   1        25 140
23 105  81  93  -2   0  28 0.00  0.0    0  9.2 16 160   M    M   2        29 100
24 107  82  95   0   0  30 0.00  0.0    0  5.9 14 160   M    M   1        17 130
25 111  84  98   3   0  33 0.00  0.0    0  7.1 15 280   M    M   0        19 280
26 109  84  97   2   0  32    M  0.0    0  7.8 17 200   M    M   0        21 200
================================================================================
SM 2730 2108         0 737  0.09     0.0 210.2          M       39
================================================================================
AV105.0 81.1                               8.1 FASTST   M    M   2    MAX(MPH)
                                 MISC ---->  # 29 180               # 36  290
================================================================================
NOTES:
# LAST OF SEVERAL OCCURRENCES

COLUMN 17 PEAK WIND IN M.P.H.

PRELIMINARY LOCAL CLIMATOLOGICAL DATA (WS FORM: F-6) , PAGE 2

                                          STATION:  YUMA AZ
                                          MONTH:    JULY
                                          YEAR:     2015
                                          LATITUDE:   32 39 N
                                          LONGITUDE: 114 37 W

[TEMPERATURE DATA]      [PRECIPITATION DATA]       SYMBOLS USED IN COLUMN 16

AVERAGE MONTHLY: 93.0   TOTAL FOR MONTH:   0.09    1 = FOG OR MIST
DPTR FM NORMAL:  -1.3   DPTR FM NORMAL:   -0.11    2 = FOG REDUCING VISIBILITY
HIGHEST:   111 ON 25    GRTST 24HR  0.08 ON 30- 1      TO 1/4 MILE OR LESS
LOWEST:     75 ON 12                               3 = THUNDER
                        SNOW, ICE PELLETS, HAIL    4 = ICE PELLETS
                        TOTAL MONTH:   0.0 INCH    5 = HAIL
                        GRTST 24HR     0.0         6 = FREEZING RAIN OR DRIZZLE
                        GRTST DEPTH:   0           7 = DUSTSTORM OR SANDSTORM:
                                                       VSBY 1/2 MILE OR LESS
                                                   8 = SMOKE OR HAZE
[NO. OF DAYS WITH]      [WEATHER - DAYS WITH]      9 = BLOWING SNOW
                                                   X = TORNADO
MAX 32 OR BELOW:   0    0.01 INCH OR MORE:   3
MAX 90 OR ABOVE:  26    0.10 INCH OR MORE:   0
MIN 32 OR BELOW:   0    0.50 INCH OR MORE:   0
MIN  0 OR BELOW:   0    1.00 INCH OR MORE:   0

[HDD (BASE 65) ]
TOTAL THIS MO.     0    CLEAR  (SCALE 0-3)  24
DPTR FM NORMAL     0    PTCLDY (SCALE 4-7)   2
TOTAL FM JUL 1     0    CLOUDY (SCALE 8-10)  0
DPTR FM NORMAL     0

[CDD (BASE 65) ]
TOTAL THIS MO.   737
DPTR FM NORMAL   -27    [PRESSURE DATA]
TOTAL FM JAN 1  2606    HIGHEST SLP M ON M
DPTR FM NORMAL   209    LOWEST  SLP 29.55 ON  8

[REMARKS]
