000
CXUS56 KMTR 191000
CF6OAK
PRELIMINARY LOCAL CLIMATOLOGICAL DATA (WS FORM: F-6)

                                          STATION:   OAKLAND AIRPORT
                                          MONTH:     DECEMBER
                                          YEAR:      2014
                                          LATITUDE:   37 43 N
                                          LONGITUDE: 122 13 W

  TEMPERATURE IN F:       :PCPN:    SNOW:  WIND      :SUNSHINE: SKY     :PK WND
================================================================================
1   2   3   4   5  6A  6B    7    8   9   10  11  12  13   14  15   16   17  18
                                     12Z  AVG MX 2MIN
DY MAX MIN AVG DEP HDD CDD  WTR  SNW DPTH SPD SPD DIR MIN PSBL S-S WX    SPD DR
================================================================================

 1  66  53  60   9   5   0    T  0.0    0  4.4 15  70   M    M   7        17  60
 2  61  54  58   8   7   0 1.18  0.0    0  9.1 21 100   M    M   9 1      25  90
 3  64  58  61  11   4   0 1.43  0.0    0 11.8 35 150   M    M   8 1      41 140
 4  65  55  60  10   5   0 0.01  0.0    0  4.7 14 140   M    M   7 12     20 330
 5  67  53  60  10   5   0 0.10  0.0    0  7.9 23 150   M    M   9 1      28 150
 6  66  57  62  12   3   0 0.11  0.0    0  5.7 16 160   M    M   7 1      20 160
 7  64  52  58   8   7   0 0.01  0.0    0  3.0 12 260   M    M   7 18     21 220
 8  68  51  60  10   5   0 0.00  0.0    0  3.6  9 290   M    M   8 1      12 120
 9  65  53  59  10   6   0 0.00  0.0    0  2.3 12 300   M    M   9 18     31  70
10  64  54  59  10   6   0    T  0.0    0  9.5 32 150   M    M  10 128    39 160
11  64  50  57   8   8   0 3.12  0.0    0 13.6 36 150   M    M  10 1      45 150
12  56  49  53   4  12   0 0.48  0.0    0  3.1  9  60   M    M   9 1      10 130
13  57  46  52   3  13   0 0.00  0.0    0  2.6  8  80   M    M   6 1      25 310
14  61  47  54   5  11   0 0.19    M    0  6.2 14  90   M    M   8 1      16  80
15  56  49  53   4  12   0 1.09    M    0 13.7 23 140   M    M   9 1      31 150
16  61  50  56   7   9   0 0.65  0.0    0 10.5 21 180   M    M   8 1      24 180
17  59  49  54   5  11   0 0.13  0.0    0  7.6 17 120   M    M   9 1      22 130
18  61  51  56   8   9   0    T  0.0    0  6.4 13 140   M    M   9        15 140
================================================================================
SM 1125  931       138   0  8.50     0.0 125.7          M      149
================================================================================
AV 62.5 51.7                               7.0 FASTST   M    M   8    MAX(MPH)
                                 MISC ---->  # 36 150               # 45  150
================================================================================
NOTES:
# LAST OF SEVERAL OCCURRENCES

COLUMN 17 PEAK WIND IN M.P.H.

PRELIMINARY LOCAL CLIMATOLOGICAL DATA (WS FORM: F-6) , PAGE 2

                                          STATION:  OAKLAND AIRPORT
                                          MONTH:    DECEMBER
                                          YEAR:     2014
                                          LATITUDE:   37 43 N
                                          LONGITUDE: 122 13 W

[TEMPERATURE DATA]      [PRECIPITATION DATA]       SYMBOLS USED IN COLUMN 16

AVERAGE MONTHLY: 57.1   TOTAL FOR MONTH:   8.50    1 = FOG OR MIST
DPTR FM NORMAL:   7.7   DPTR FM NORMAL:    6.52    2 = FOG REDUCING VISIBILITY
HIGHEST:    68 ON  8    GRTST 24HR  3.23 ON 11-12      TO 1/4 MILE OR LESS
LOWEST:     46 ON 13                               3 = THUNDER
                        SNOW, ICE PELLETS, HAIL    4 = ICE PELLETS
                        TOTAL MONTH:   0.0 INCH    5 = HAIL
                        GRTST 24HR     0.0         6 = FREEZING RAIN OR DRIZZLE
                        GRTST DEPTH:   0           7 = DUSTSTORM OR SANDSTORM:
                                                       VSBY 1/2 MILE OR LESS
                                                   8 = SMOKE OR HAZE
[NO. OF DAYS WITH]      [WEATHER - DAYS WITH]      9 = BLOWING SNOW
                                                   X = TORNADO
MAX 32 OR BELOW:   0    0.01 INCH OR MORE:  12
MAX 90 OR ABOVE:   0    0.10 INCH OR MORE:  10
MIN 32 OR BELOW:   0    0.50 INCH OR MORE:   5
MIN  0 OR BELOW:   0    1.00 INCH OR MORE:   4

[HDD (BASE 65) ]
TOTAL THIS MO.   138    CLEAR  (SCALE 0-3)   0
DPTR FM NORMAL  -141    PTCLDY (SCALE 4-7)   6
TOTAL FM JUL 1   475    CLOUDY (SCALE 8-10) 12
DPTR FM NORMAL  -479

[CDD (BASE 65) ]
TOTAL THIS MO.     0
DPTR FM NORMAL     0    [PRESSURE DATA]
TOTAL FM JAN 1   305    HIGHEST SLP M ON M
DPTR FM NORMAL   167    LOWEST  SLP 29.48 ON 11

[REMARKS]
