000
CXUS54 KMAF 201100
CF6ODO
PRELIMINARY LOCAL CLIMATOLOGICAL DATA (WS FORM: F-6)

                                          STATION:   Odessa Schleymeyer
                                          MONTH:     APRIL
                                          YEAR:      2014
                                          LATITUDE:   31 55 N
                                          LONGITUDE: 102 23 W

  TEMPERATURE IN F:       :PCPN:    SNOW:  WIND      :SUNSHINE: SKY     :PK WND
================================================================================
1   2   3   4   5  6A  6B    7    8   9   10  11  12  13   14  15   16   17  18
                                     12Z  AVG MX 2MIN
DY MAX MIN AVG DEP HDD CDD  WTR  SNW DPTH SPD SPD DIR MIN PSBL S-S WX    SPD DR
================================================================================

 1  88  54  71  10   0   6 0.00  0.0    0  9.7 22 240   M    M   0 8      33 210
 2  87  63  75  13   0  10 0.00  0.0    0 10.8 23 210   M    M   0 18     30 230
 3  79  52  66   4   0   1 0.00  0.0    0 16.7 37 280   M    M   2 8      47 280
 4  67  38  53  -9  12   0 0.00  0.0    0 11.3 22  20   M    M   0        27  10
 5  73  53  63   1   2   0 0.00  0.0    0 17.6 30 150   M    M   1        36 170
 6  72  47  60  -2   5   0    T    M    0  6.6 25 290   M    M   4 8      44 290
 7  69  42  56  -7   9   0 0.02    M    0 12.8 38 330   M    M   2 8      50 340
 8  75  42  59  -4   6   0 0.00  0.0    0  5.9 14 270   M    M   0 8      33 240
 9  89  52  71   8   0   6 0.00  0.0    0 11.5 21 170   M    M   0 8      26 180
10  91  62  77  13   0  12 0.00  0.0    0 10.3 18 260   M    M   0 8      24 240
11  89  56  73   9   0   8 0.00  0.0    0  6.8 16 180   M    M   0        21 190
12  91  64  78  14   0  13    T  0.0    0 13.7 29 240   M    M   1 8      39 240
13  82  68  75  11   0  10 0.00  0.0    0  9.6 15 250   M    M   0 8       M  M
14  68  37  53 -12  12   0 0.00  0.0    0 21.1 36  20   M    M   4 8      44  10
15  67  30  49 -16  16   0 0.00  0.0    0  9.8 22 160   M    M   0        28 170
16  83  48  66   1   0   1 0.00  0.0    0 16.1 24 160   M    M   0        31 160
17  77  52  65  -1   0   0 0.00  0.0    0 12.3 23  60   M    M   0        29  60
18  77  51  64  -2   1   0 0.00  0.0    0 12.0 21 140   M    M   5 18     27 120
19  77  58  68   2   0   3 0.42  0.0    0 11.9 28 160   M    M   4 13     32 160
================================================================================
SM 1501  969        63  70  0.44     0.0 226.5          M       23
================================================================================
AV 79.0 51.0                              11.9 FASTST   M    M   1    MAX(MPH)
                                 MISC ---->  # 38 330               # 50  340
================================================================================
NOTES:
# LAST OF SEVERAL OCCURRENCES

COLUMN 17 PEAK WIND IN M.P.H.

PRELIMINARY LOCAL CLIMATOLOGICAL DATA (WS FORM: F-6) , PAGE 2

                                          STATION:  Odessa Schleymeyer
                                          MONTH:    APRIL
                                          YEAR:     2014
                                          LATITUDE:   31 55 N
                                          LONGITUDE: 102 23 W

[TEMPERATURE DATA]      [PRECIPITATION DATA]       SYMBOLS USED IN COLUMN 16

AVERAGE MONTHLY: 65.0   TOTAL FOR MONTH:   0.44    1 = FOG OR MIST
DPTR FM NORMAL:   1.4   DPTR FM NORMAL:   -0.17    2 = FOG REDUCING VISIBILITY
HIGHEST:    91 ON 12,10 GRTST 24HR  0.42 ON 19-19      TO 1/4 MILE OR LESS
LOWEST:     30 ON 15                               3 = THUNDER
                        SNOW, ICE PELLETS, HAIL    4 = ICE PELLETS
                        TOTAL MONTH:   0.0 INCH    5 = HAIL
                        GRTST 24HR     0.0         6 = FREEZING RAIN OR DRIZZLE
                        GRTST DEPTH:   0           7 = DUSTSTORM OR SANDSTORM:
                                                       VSBY 1/2 MILE OR LESS
                                                   8 = SMOKE OR HAZE
[NO. OF DAYS WITH]      [WEATHER - DAYS WITH]      9 = BLOWING SNOW
                                                   X = TORNADO
MAX 32 OR BELOW:   0    0.01 INCH OR MORE:   2
MAX 90 OR ABOVE:   2    0.10 INCH OR MORE:   1
MIN 32 OR BELOW:   1    0.50 INCH OR MORE:   0
MIN  0 OR BELOW:   0    1.00 INCH OR MORE:   0

[HDD (BASE 65) ]
TOTAL THIS MO.    63    CLEAR  (SCALE 0-3)  15
DPTR FM NORMAL   -15    PTCLDY (SCALE 4-7)   4
TOTAL FM JUL 1  2594    CLOUDY (SCALE 8-10)  0
DPTR FM NORMAL   141

[CDD (BASE 65) ]
TOTAL THIS MO.    70
DPTR FM NORMAL    19    [PRESSURE DATA]
TOTAL FM JAN 1    96    HIGHEST SLP M ON M
DPTR FM NORMAL    18    LOWEST  SLP 29.54 ON 13

[REMARKS]
