000
CXUS53 KOAX 271000
CF6OFK
PRELIMINARY LOCAL CLIMATOLOGICAL DATA (WS FORM: F-6)

                                          STATION:   NORFOLK, NEBRASKA
                                          MONTH:     MARCH
                                          YEAR:      2017
                                          LATITUDE:   41 58 N
                                          LONGITUDE:  97 26 W

  TEMPERATURE IN F:       :PCPN:    SNOW:  WIND      :SUNSHINE: SKY     :PK WND
================================================================================
1   2   3   4   5  6A  6B    7    8   9   10  11  12  13   14  15   16   17  18
                                     12Z  AVG MX 2MIN
DY MAX MIN AVG DEP HDD CDD  WTR  SNW DPTH SPD SPD DIR MIN PSBL S-S WX    SPD DR
================================================================================

 1  40  18  29  -2  36   0 0.00  0.0    0 14.6 29 320   M    M   6        37 310
 2  40  18  29  -3  36   0 0.00  0.0    0  8.1 21 310   M    M   2        26 330
 3  53  21  37   5  28   0 0.00  0.0    0 12.7 30 170   M    M   2        41 170
 4  69  22  46  13  19   0 0.00  0.0    0 12.9 26 180   M    M   0        39 190
 5  70  47  59  26   6   0 0.00  0.0    0 16.7 29 170   M    M   3        39 170
 6  75  34  55  22  10   0    T    T    0 26.5 39 290   M    M   5        54 300
 7  55  30  43   9  22   0 0.00  0.0    0 16.6 35 300   M    M   1        43 250
 8  53  25  39   5  26   0 0.00  0.0    0  7.6 17 310   M    M   1        22 310
 9  47  23  35   0  30   0 0.00  0.0    0 14.1 28  20   M    M   2        35  20
10  23  15  19 -16  46   0 0.00  0.0    0 11.2 21  10   M    M   9        26 350
11  27  18  23 -12  42   0 0.00  0.0    0  7.4 14  90   M    M  10        17  80
12  39  15  27  -9  38   0    T    T    0 17.5 35 320   M    M   8        43 320
13  25  15  20 -16  45   0 0.01  0.2    T 16.0 32 340   M    M   9 16     46 340
14  27  17  22 -15  43   0 0.09  1.1    1  7.7 13 120   M    M   8 1      16 110
15  45  21  33  -4  32   0 0.00  0.0    T 14.1 24 170   M    M   6        32 190
16  66  29  48  11  17   0 0.00  0.0    0 12.8 26 160   M    M   0        35 150
17  64  33  49  11  16   0 0.00  0.0    0 14.7 31 300   M    M   0        39 310
18  58  28  43   5  22   0 0.00  0.0    0  8.2 16 150   M    M   3        20 130
19  80  39  60  21   5   0 0.00  0.0    0 10.2 28 170   M    M   0        33 170
20  65  40  53  14  12   0 0.00  0.0    0 12.9 22  50   M    M   0        28  50
21  47  32  40   1  25   0 0.14  0.8    0 11.5 29  10   M    M   9 1      34  10
22  51  28  40   0  25   0 0.04    T    0 15.0 24 140   M    M  10 4      30 130
23  63  42  53  13  12   0 0.14  0.0    0 14.6 26 160   M    M   8 13     34 310
24  55  37  46   5  19   0 0.44  0.0    0 15.4 24 340   M    M  10 1      29 350
25  39  35  37  -4  28   0    T  0.0    0 11.8 23  20   M    M  10 1      29  30
26  48  36  42   1  23   0 0.00  0.0    0  4.8 12  20   M    M  10 1      14  10
================================================================================
SM 1324  718       663   0  0.86     2.1 335.6          M      132
================================================================================
AV 50.9 27.6                              12.9 FASTST   M    M   5    MAX(MPH)
                                 MISC ---->  # 39 290               # 54  300
================================================================================
NOTES:
# LAST OF SEVERAL OCCURRENCES

COLUMN 17 PEAK WIND IN M.P.H.

PRELIMINARY LOCAL CLIMATOLOGICAL DATA (WS FORM: F-6) , PAGE 2

                                          STATION:  NORFOLK, NEBRASKA
                                          MONTH:    MARCH
                                          YEAR:     2017
                                          LATITUDE:   41 58 N
                                          LONGITUDE:  97 26 W

[TEMPERATURE DATA]      [PRECIPITATION DATA]       SYMBOLS USED IN COLUMN 16

AVERAGE MONTHLY: 39.3   TOTAL FOR MONTH:   0.86    1 = FOG OR MIST
DPTR FM NORMAL:   2.9   DPTR FM NORMAL:   -0.53    2 = FOG REDUCING VISIBILITY
HIGHEST:    80 ON 19    GRTST 24HR  0.44 ON 24-24      TO 1/4 MILE OR LESS
LOWEST:     15 ON 13,12                            3 = THUNDER
                        SNOW, ICE PELLETS, HAIL    4 = ICE PELLETS
                        TOTAL MONTH:   2.1 INCHES  5 = HAIL
                        GRTST 24HR   1.1 ON   M    6 = FREEZING RAIN OR DRIZZLE
                        GRTST DEPTH:   1 ON 14     7 = DUSTSTORM OR SANDSTORM:
                                                       VSBY 1/2 MILE OR LESS
                                                   8 = SMOKE OR HAZE
[NO. OF DAYS WITH]      [WEATHER - DAYS WITH]      9 = BLOWING SNOW
                                                   X = TORNADO
MAX 32 OR BELOW:   4    0.01 INCH OR MORE:   6
MAX 90 OR ABOVE:   0    0.10 INCH OR MORE:   3
MIN 32 OR BELOW:  17    0.50 INCH OR MORE:   0
MIN  0 OR BELOW:   0    1.00 INCH OR MORE:   0

[HDD (BASE 65) ]
TOTAL THIS MO.   663    CLEAR  (SCALE 0-3)  12
DPTR FM NORMAL   -81    PTCLDY (SCALE 4-7)   4
TOTAL FM JUL 1  5118    CLOUDY (SCALE 8-10) 10
DPTR FM NORMAL  -719

[CDD (BASE 65) ]
TOTAL THIS MO.     0
DPTR FM NORMAL     0    [PRESSURE DATA]
TOTAL FM JAN 1     0    HIGHEST SLP M ON M
DPTR FM NORMAL     0    LOWEST  SLP 29.18 ON  6

[REMARKS]
