000
CXUS53 KOAX 221200
CF6OFK
PRELIMINARY LOCAL CLIMATOLOGICAL DATA (WS FORM: F-6)

                                          STATION:   NORFOLK NE
                                          MONTH:     FEBRUARY
                                          YEAR:      2018
                                          LATITUDE:   41 58 N
                                          LONGITUDE:  97 26 W

  TEMPERATURE IN F:       :PCPN:    SNOW:  WIND      :SUNSHINE: SKY     :PK WND
================================================================================
1   2   3   4   5  6A  6B    7    8   9   10  11  12  13   14  15   16   17  18
                                     12Z  AVG MX 2MIN
DY MAX MIN AVG DEP HDD CDD  WTR  SNW DPTH SPD SPD DIR MIN PSBL S-S WX    SPD DR
================================================================================

 1  23   0  12 -12  53   0 0.00  0.0    3 10.9 25 340   M    M   1        30 330
 2  36   0  18  -6  47   0 0.00  0.0    3 10.9 33 200   M    M   3        39 190
 3  47  11  29   5  36   0    T    T    3 13.8 30 330   M    M   7 1      38 330
 4  11   0   6 -18  59   0    T    T    3 13.8 26 340   M    M   4 18     36 330
 5  17   3  10 -14  55   0 0.18  2.2    4 12.6 25 330   M    M   5 128    35 320
 6  11  -1   5 -19  60   0 0.03  0.3    3  7.7 14 160   M    M   8 1      17 330
 7  15   4  10 -15  55   0 0.00  0.0    3 11.3 25 330   M    M   4        31 330
 8  20  13  17  -8  48   0 0.10  0.4    3 10.3 21  50   M    M   8 148    26  50
 9  14   4   9 -16  56   0 0.10  1.5    4 13.7 25 360   M    M  10 189    31 360
10   8  -7   1 -24  64   0    T    T    4  6.2 14 330   M    M   3        18 330
11  23  -3  10 -16  55   0 0.00  0.0    4  6.5 14 290   M    M   0        17 280
12  14  -1   7 -19  58   0 0.00  0.0    4 10.4 21 110   M    M   3        27  90
13  32  12  22  -4  43   0 0.00  0.0    4 12.3 25 190   M    M   2        33 170
14  48  20  34   8  31   0 0.00  0.0    3  7.1 20 210   M    M   0        23 200
15  37  15  26  -1  39   0    T    T    1 14.0 35 330   M    M   4 16     41 330
16  28   7  18  -9  47   0    T    T    0 13.0 28 340   M    M   0 1      38 320
17  41  25  33   6  32   0    T    T    0 10.5 23 310   M    M   3        29 320
18  52  25  39  11  26   0 0.00  0.0    0 19.9 39 190   M    M   2        53 180
19  26  15  21  -7  44   0    T    T    0 14.2 25 360   M    M  10 16     44 350
20  15   5  10 -18  55   0    T    T    T 14.9 28 330   M    M   5 1      33 320
21  24  -2  11 -17  54   0 0.00  0.0    T  5.1 10 110   M    M   2        13 130
================================================================================
SM  542  145      1017   0  0.41     4.4 239.1          M       84
================================================================================
AV 25.8  6.9                              11.4 FASTST   M    M   4    MAX(MPH)
                                 MISC ---->  # 39 190               # 53  180
================================================================================
NOTES:
# LAST OF SEVERAL OCCURRENCES

COLUMN 17 PEAK WIND IN M.P.H.

PRELIMINARY LOCAL CLIMATOLOGICAL DATA (WS FORM: F-6) , PAGE 2

                                          STATION:  NORFOLK NE
                                          MONTH:    FEBRUARY
                                          YEAR:     2018
                                          LATITUDE:   41 58 N
                                          LONGITUDE:  97 26 W

[TEMPERATURE DATA]      [PRECIPITATION DATA]       SYMBOLS USED IN COLUMN 16

AVERAGE MONTHLY: 16.4   TOTAL FOR MONTH:   0.41    1 = FOG OR MIST
DPTR FM NORMAL:  -9.4   DPTR FM NORMAL:   -0.13    2 = FOG REDUCING VISIBILITY
HIGHEST:    52 ON 18    GRTST 24HR  0.18 ON  5- 5      TO 1/4 MILE OR LESS
LOWEST:     -7 ON 10                               3 = THUNDER
                        SNOW, ICE PELLETS, HAIL    4 = ICE PELLETS
                        TOTAL MONTH:   4.4 INCHES  5 = HAIL
                        GRTST 24HR   2.2 ON  5- 5  6 = FREEZING RAIN OR DRIZZLE
                        GRTST DEPTH:   4 ON 13,12  7 = DUSTSTORM OR SANDSTORM:
                                                       VSBY 1/2 MILE OR LESS
                                                   8 = SMOKE OR HAZE
[NO. OF DAYS WITH]      [WEATHER - DAYS WITH]      9 = BLOWING SNOW
                                                   X = TORNADO
MAX 32 OR BELOW:  15    0.01 INCH OR MORE:   4
MAX 90 OR ABOVE:   0    0.10 INCH OR MORE:   3
MIN 32 OR BELOW:  21    0.50 INCH OR MORE:   0
MIN  0 OR BELOW:   8    1.00 INCH OR MORE:   0

[HDD (BASE 65) ]
TOTAL THIS MO.  1017    CLEAR  (SCALE 0-3)  10
DPTR FM NORMAL   193    PTCLDY (SCALE 4-7)   8
TOTAL FM JUL 1  4931    CLOUDY (SCALE 8-10)  3
DPTR FM NORMAL    85

[CDD (BASE 65) ]
TOTAL THIS MO.     0
DPTR FM NORMAL     0    [PRESSURE DATA]
TOTAL FM JAN 1     0    HIGHEST SLP M ON M
DPTR FM NORMAL     0    LOWEST  SLP 29.54 ON 18

[REMARKS]
