000
CXHW52 PHFO 011250
CF6OGG
PRELIMINARY LOCAL CLIMATOLOGICAL DATA (WS FORM: F-6)

                                          STATION:   KAHULUI HI
                                          MONTH:     FEBRUARY
                                          YEAR:      2015
                                          LATITUDE:   20 53 N
                                          LONGITUDE: 156 26 W

  TEMPERATURE IN F:       :PCPN:    SNOW:  WIND      :SUNSHINE: SKY     :PK WND
================================================================================
1   2   3   4   5  6A  6B    7    8   9   10  11  12  13   14  15   16   17  18
                                     12Z  AVG MX 2MIN
DY MAX MIN AVG DEP HDD CDD  WTR  SNW DPTH SPD SPD DIR MIN PSBL S-S WX    SPD DR
================================================================================

 1  74  68  71  -1   0   6 0.32  0.0    0  8.8 18  20   M    M   8 18     22  20
 2  80  61  71  -1   0   6 0.00  0.0    0 16.1 33 210   M    M   3        44 210
 3  78  74  76   4   0  11 0.12  0.0    0 19.7 33 200   M    M   8 18     43 200
 4  82  63  73   1   0   8 0.04  0.0    0 20.2 31 210   M    M   5 1      38 200
 5  85  63  74   2   0   9    T  0.0    0  9.0 23 360   M    M   5        30  10
 6  79  58  69  -3   0   4 0.00  0.0    0 12.1 24 200   M    M   2        31 200
 7  79  57  68  -4   0   3    T  0.0    0  5.8 14 360   M    M   3        20 360
 8  81  56  69  -3   0   4 0.00  0.0    0  5.1 12 180   M    M   3        17 350
 9  82  70  76   4   0  11    T  0.0    0 19.9 35 210   M    M   6        44 210
10  79  71  75   3   0  10 0.02  0.0    0 14.0 25 190   M    M   6 1      30 200
11  83  60  72   0   0   7 0.00  0.0    0  7.9 22 190   M    M   3        30  30
12  81  61  71  -1   0   6 0.00  0.0    0  6.0 16  40   M    M   3        18  40
13  83  68  76   4   0  11 0.01  0.0    0 21.4 36 200   M    M   5 1      45 210
14  82  70  76   4   0  11 0.70  0.0    0 21.1 44 200   M    M   9 18     56 210
15  75  61  68  -4   0   3 0.00  0.0    0  8.5 15 350   M    M   1         M  M
16  81  56  69  -3   0   4 0.00  0.0    0  5.9 12 360   M    M   1         M  M
17  83  60  72   0   0   7 0.00  0.0    0  5.0 16 360   M    M   1        21 360
18  84  60  72   0   0   7 0.00  0.0    0  3.9 13  30   M    M   2        16 340
19  83  64  74   2   0   9 0.00  0.0    0 14.0 31 210   M    M   2        38 210
20  83  70  77   5   0  12 0.04  0.0    0 10.4 18 190   M    M   5 1      23 190
21  78  69  74   2   0   9    T  0.0    0  8.8 17  40   M    M   8        21  40
22  85  64  75   3   0  10 0.00  0.0    0  7.3 20  40   M    M   2        23  40
23  85  63  74   2   0   9 0.00  0.0    0  7.7 21  40   M    M   2        24  40
24  83  61  72   0   0   7 0.00  0.0    0 10.6 25  60   M    M   2        35  70
25  83  65  74   2   0   9 0.00  0.0    0 13.1 26  50   M    M   3        35  50
26  86  65  76   4   0  11 0.12  0.0    0  5.2 13  40   M    M   4 1      17  40
27  84  65  75   3   0  10 0.00  0.0    0  7.1 16 350   M    M   3        21 350
28  77  71  74   2   0   9 1.82  0.0    0  8.8 18  10   M    M   8 13     23  20
================================================================================
SM 2278 1794         0 223  3.19     0.0 303.4          M      113
================================================================================
AV 81.4 64.1                              10.8 FASTST   M    M   4    MAX(MPH)
                                 MISC ---->  # 44 200               # 56  210
================================================================================
NOTES:
# LAST OF SEVERAL OCCURRENCES

COLUMN 17 PEAK WIND IN M.P.H.

PRELIMINARY LOCAL CLIMATOLOGICAL DATA (WS FORM: F-6) , PAGE 2

                                          STATION:  KAHULUI HI
                                          MONTH:    FEBRUARY
                                          YEAR:     2015
                                          LATITUDE:   20 53 N
                                          LONGITUDE: 156 26 W

[TEMPERATURE DATA]      [PRECIPITATION DATA]       SYMBOLS USED IN COLUMN 16

AVERAGE MONTHLY: 72.7   TOTAL FOR MONTH:   3.19    1 = FOG OR MIST
DPTR FM NORMAL:   0.9   DPTR FM NORMAL:    1.30    2 = FOG REDUCING VISIBILITY
HIGHEST:    86 ON 26    GRTST 24HR  1.82 ON 28-28      TO 1/4 MILE OR LESS
LOWEST:     56 ON 16, 8                            3 = THUNDER
                        SNOW, ICE PELLETS, HAIL    4 = ICE PELLETS
                        TOTAL MONTH:   0.0 INCH    5 = HAIL
                        GRTST 24HR     0.0         6 = FREEZING RAIN OR DRIZZLE
                        GRTST DEPTH:   0           7 = DUSTSTORM OR SANDSTORM:
                                                       VSBY 1/2 MILE OR LESS
                                                   8 = SMOKE OR HAZE
[NO. OF DAYS WITH]      [WEATHER - DAYS WITH]      9 = BLOWING SNOW
                                                   X = TORNADO
MAX 32 OR BELOW:   0    0.01 INCH OR MORE:   9
MAX 90 OR ABOVE:   0    0.10 INCH OR MORE:   5
MIN 32 OR BELOW:   0    0.50 INCH OR MORE:   2
MIN  0 OR BELOW:   0    1.00 INCH OR MORE:   1

[HDD (BASE 65) ]
TOTAL THIS MO.     0    CLEAR  (SCALE 0-3)  14
DPTR FM NORMAL     0    PTCLDY (SCALE 4-7)  12
TOTAL FM JUL 1     0    CLOUDY (SCALE 8-10)  2
DPTR FM NORMAL     0

[CDD (BASE 65) ]
TOTAL THIS MO.   223
DPTR FM NORMAL    31    [PRESSURE DATA]
TOTAL FM JAN 1   404    HIGHEST SLP 30.09 ON  7
DPTR FM NORMAL    -5    LOWEST  SLP 29.67 ON 14

[REMARKS]
#FINAL-02-15#
