000
CXUS54 KOUN 290700
CF6OKC
PRELIMINARY LOCAL CLIMATOLOGICAL DATA (WS FORM: F-6)

                                          STATION:   OKLAHOMA CITY
                                          MONTH:     MARCH
                                          YEAR:      2017
                                          LATITUDE:   35 24 N
                                          LONGITUDE:  97 36 W

  TEMPERATURE IN F:       :PCPN:    SNOW:  WIND      :SUNSHINE: SKY     :PK WND
================================================================================
1   2   3   4   5  6A  6B    7    8   9   10  11  12  13   14  15   16   17  18
                                     12Z  AVG MX 2MIN
DY MAX MIN AVG DEP HDD CDD  WTR  SNW DPTH SPD SPD DIR MIN PSBL S-S WX    SPD DR
================================================================================

 1  60  36  48   0  17   0 0.00  0.0    0 15.5 38 340   M    M   2        49 330
 2  63  28  46  -2  19   0 0.00  0.0    0  4.8 12 170   M    M   1        14 220
 3  69  34  52   4  13   0 0.00  0.0    0 11.8 28 200   M    M   4        32 200
 4  65  39  52   3  13   0    T  0.0    0 17.6 31 180   M    M   8        38 180
 5  59  51  55   6  10   0    T  0.0    0 20.5 28 180   M    M   9 1      35 190
 6  80  56  68  19   0   3 0.00  0.0    0 24.1 40 200   M    M   9 3      51 200
 7  64  37  51   1  14   0 0.00  0.0    0 10.3 24 360   M    M   2        30  10
 8  75  35  55   5  10   0 0.00  0.0    0 13.3 30 210   M    M   3        41 190
 9  83  50  67  17   0   2 0.00  0.0    0 13.3 26 200   M    M   4        31 200
10  66  43  55   5  10   0 0.00  0.0    0 14.2 28  30   M    M   5        34  30
11  54  37  46  -5  19   0    T  0.0    0 14.8 23  30   M    M  10 1      27  30
12  48  35  42  -9  23   0 0.00  0.0    0  9.5 22  70   M    M  10        26  70
13  47  35  41 -10  24   0 0.01  0.0    0 17.8 33 340   M    M   7        39 360
14  56  28  42 -10  23   0 0.00  0.0    0  8.3 24  50   M    M   7        27  50
15  60  29  45  -7  20   0 0.00  0.0    0 10.6 16 160   M    M   5        21 160
16  76  43  60   8   5   0 0.00  0.0    0 18.2 31 180   M    M   5        38 190
17  81  60  71  19   0   6 0.00  0.0    0 10.1 21 190   M    M   6        25 180
18  83  57  70  17   0   5 0.00  0.0    0 11.7 20  90   M    M   3        25  80
19  88  58  73  20   0   8 0.00  0.0    0 16.1 29 190   M    M   1 1      36 200
20  91  63  77  24   0  12 0.00  0.0    0 15.2 25 200   M    M   2        33 220
21  83  56  70  16   0   5 0.00  0.0    0 11.6 25  40   M    M   5 8      30  50
22  74  52  63   9   2   0 0.00  0.0    0 14.5 21 140   M    M   7        27 140
23  85  56  71  17   0   6 0.00  0.0    0 24.5 37 170   M    M   3        51 170
24  78  53  66  12   0   1 0.05  0.0    0 20.2 33 220   M    M   7 13     43 180
25  61  46  54  -1  11   0 0.03  0.0    0 13.1 31 320   M    M   8 1      37 310
26  77  41  59   4   6   0    T  0.0    0 13.0 29 140   M    M   6 3      34 150
27  69  52  61   6   4   0 0.00  0.0    0 13.6 28 320   M    M   6        33 320
28  68  47  58   2   7   0 1.72  0.0    0 14.2 29 260   M    M   8 138    36 330
================================================================================
SM 1963 1257       250  48  1.81     0.0 402.4          M      153
================================================================================
AV 70.1 44.9                              14.4 FASTST   M    M   5    MAX(MPH)
                                 MISC ---->  # 40 200               # 51  200
================================================================================
NOTES:
# LAST OF SEVERAL OCCURRENCES

COLUMN 17 PEAK WIND IN M.P.H.

PRELIMINARY LOCAL CLIMATOLOGICAL DATA (WS FORM: F-6) , PAGE 2

                                          STATION:  OKLAHOMA CITY
                                          MONTH:    MARCH
                                          YEAR:     2017
                                          LATITUDE:   35 24 N
                                          LONGITUDE:  97 36 W

[TEMPERATURE DATA]      [PRECIPITATION DATA]       SYMBOLS USED IN COLUMN 16

AVERAGE MONTHLY: 57.5   TOTAL FOR MONTH:   1.81    1 = FOG OR MIST
DPTR FM NORMAL:   5.8   DPTR FM NORMAL:   -0.94    2 = FOG REDUCING VISIBILITY
HIGHEST:    91 ON 20    GRTST 24HR  1.72 ON 28-28      TO 1/4 MILE OR LESS
LOWEST:     28 ON 14, 2                            3 = THUNDER
                        SNOW, ICE PELLETS, HAIL    4 = ICE PELLETS
                        TOTAL MONTH:   0.0 INCH    5 = HAIL
                        GRTST 24HR     0.0         6 = FREEZING RAIN OR DRIZZLE
                        GRTST DEPTH:   0           7 = DUSTSTORM OR SANDSTORM:
                                                       VSBY 1/2 MILE OR LESS
                                                   8 = SMOKE OR HAZE
[NO. OF DAYS WITH]      [WEATHER - DAYS WITH]      9 = BLOWING SNOW
                                                   X = TORNADO
MAX 32 OR BELOW:   0    0.01 INCH OR MORE:   4
MAX 90 OR ABOVE:   1    0.10 INCH OR MORE:   1
MIN 32 OR BELOW:   3    0.50 INCH OR MORE:   1
MIN  0 OR BELOW:   0    1.00 INCH OR MORE:   1

[HDD (BASE 65) ]
TOTAL THIS MO.   250    CLEAR  (SCALE 0-3)   7
DPTR FM NORMAL  -131    PTCLDY (SCALE 4-7)  17
TOTAL FM JUL 1  2470    CLOUDY (SCALE 8-10)  4
DPTR FM NORMAL  -661

[CDD (BASE 65) ]
TOTAL THIS MO.    48
DPTR FM NORMAL    41    [PRESSURE DATA]
TOTAL FM JAN 1    57    HIGHEST SLP M ON M
DPTR FM NORMAL    49    LOWEST  SLP 29.56 ON  6

[REMARKS]
