000
CXUS55 KSEW 270930
CF6OLM
PRELIMINARY LOCAL CLIMATOLOGICAL DATA (WS FORM: F-6)

                                          STATION:   OLYMPIA WA AIRPORT
                                          MONTH:     SEPTEMBER
                                          YEAR:      2016
                                          LATITUDE:   46 58 N
                                          LONGITUDE: 122 54 W

  TEMPERATURE IN F:       :PCPN:    SNOW:  WIND      :SUNSHINE: SKY     :PK WND
================================================================================
1   2   3   4   5  6A  6B    7    8   9   10  11  12  13   14  15   16   17  18
                                     12Z  AVG MX 2MIN
DY MAX MIN AVG DEP HDD CDD  WTR  SNW DPTH SPD SPD DIR MIN PSBL S-S WX    SPD DR
================================================================================

 1  64  54  59  -3   6   0 0.18  0.0    0  6.5 12 210   M    M   7 1      14 210
 2  68  54  61  -1   4   0 0.01  0.0    0  9.7 20 290   M    M   7 1      25 220
 3  70  47  59  -3   6   0 0.01  0.0    0  4.7 14 320   M    M   5 8      20 320
 4  71  45  58  -4   7   0 0.02  0.0    0  2.3 15 310   M    M   7 12     18 310
 5  66  48  57  -5   8   0 0.03  0.0    0  5.2 14 220   M    M   9        20 250
 6  64  54  59  -2   6   0 0.53  0.0    0  1.8  8 240   M    M  10 1      28 330
 7  68  55  62   1   3   0    T  0.0    0  6.8 14 200   M    M   8        19 210
 8  72  50  61   0   4   0 0.00  0.0    0  4.7 12 290   M    M   8        17 110
 9  75  45  60  -1   5   0 0.00  0.0    0  3.0 13  20   M    M   3 12     16  20
10  79  44  62   2   3   0 0.00  0.0    0  4.9 16 230   M    M   1        22 220
11  70  46  58  -2   7   0 0.00  0.0    0  3.3 10  20   M    M   5        13  10
12  76  39  58  -2   7   0 0.00  0.0    0  4.8 15  30   M    M   0 1      21  10
13  79  38  59  -1   6   0 0.00  0.0    0  3.0 13 360   M    M   0        16  10
14  80  39  60   0   5   0 0.00  0.0    0  4.5 14 230   M    M   0        19 290
15  77  42  60   1   5   0 0.00  0.0    0  1.7  8  30   M    M   2 12     11  30
16  77  46  62   3   3   0    T  0.0    0  4.6 13 230   M    M   5 12     17 230
17  66  54  60   1   5   0 0.53  0.0    0  8.4 18 190   M    M  10 1      24 170
18  70  50  60   2   5   0 0.00  0.0    0  4.7 14 280   M    M   7 12     17 280
19  67  45  56  -2   9   0 0.15  0.0    0  6.9 15 270   M    M   6 1      23 260
20  68  40  54  -4  11   0 0.00  0.0    0  3.1 12 360   M    M   1 1      15  30
21  69  38  54  -4  11   0 0.00  0.0    0  3.5 13 350   M    M   3 12     17 340
22  66  40  53  -4  12   0 0.00  0.0    0  6.1 15 230   M    M   2 1      22 240
23  59  48  54  -3  11   0 0.25  0.0    0  8.8 24 180   M    M   7 1      29 210
24  66  43  55  -2  10   0 0.00  0.0    0  0.9  9 210   M    M   7 12     12 200
25  76  52  64   8   1   0 0.00  0.0    0  3.1 12  30   M    M   5        15 360
26  83  47  65   9   0   0 0.00  0.0    0  3.8 10 270   M    M   1 8      13 210
================================================================================
SM 1846 1203       160   0  1.71     0.0 120.8          M      126
================================================================================
AV 71.0 46.3                               4.6 FASTST   M    M   5    MAX(MPH)
                                 MISC ---->  # 24 180               # 29  210
================================================================================
NOTES:
# LAST OF SEVERAL OCCURRENCES

COLUMN 17 PEAK WIND IN M.P.H.

PRELIMINARY LOCAL CLIMATOLOGICAL DATA (WS FORM: F-6) , PAGE 2

                                          STATION:  OLYMPIA WA AIRPORT
                                          MONTH:    SEPTEMBER
                                          YEAR:     2016
                                          LATITUDE:   46 58 N
                                          LONGITUDE: 122 54 W

[TEMPERATURE DATA]      [PRECIPITATION DATA]       SYMBOLS USED IN COLUMN 16

AVERAGE MONTHLY: 58.6   TOTAL FOR MONTH:   1.71    1 = FOG OR MIST
DPTR FM NORMAL:  -0.8   DPTR FM NORMAL:    0.30    2 = FOG REDUCING VISIBILITY
HIGHEST:    83 ON 26    GRTST 24HR  0.53 ON 17-17      TO 1/4 MILE OR LESS
LOWEST:     38 ON 21,13                            3 = THUNDER
                        SNOW, ICE PELLETS, HAIL    4 = ICE PELLETS
                        TOTAL MONTH:   0.0 INCH    5 = HAIL
                        GRTST 24HR     0.0         6 = FREEZING RAIN OR DRIZZLE
                        GRTST DEPTH:   0           7 = DUSTSTORM OR SANDSTORM:
                                                       VSBY 1/2 MILE OR LESS
                                                   8 = SMOKE OR HAZE
[NO. OF DAYS WITH]      [WEATHER - DAYS WITH]      9 = BLOWING SNOW
                                                   X = TORNADO
MAX 32 OR BELOW:   0    0.01 INCH OR MORE:   9
MAX 90 OR ABOVE:   0    0.10 INCH OR MORE:   5
MIN 32 OR BELOW:   0    0.50 INCH OR MORE:   2
MIN  0 OR BELOW:   0    1.00 INCH OR MORE:   0

[HDD (BASE 65) ]
TOTAL THIS MO.   160    CLEAR  (SCALE 0-3)   9
DPTR FM NORMAL     8    PTCLDY (SCALE 4-7)  13
TOTAL FM JUL 1   270    CLOUDY (SCALE 8-10)  4
DPTR FM NORMAL   -32

[CDD (BASE 65) ]
TOTAL THIS MO.     0
DPTR FM NORMAL    -4    [PRESSURE DATA]
TOTAL FM JAN 1   145    HIGHEST SLP M ON M
DPTR FM NORMAL    42    LOWEST  SLP 29.89 ON  6

[REMARKS]
