000
CXUS55 KTWC 280855
CF6OLS
PRELIMINARY LOCAL CLIMATOLOGICAL DATA (WS FORM: F-6)

                                          STATION:   NOGALES AZ AIRPORT
                                          MONTH:     JULY
                                          YEAR:      2017
                                          LATITUDE:   31 25 N
                                          LONGITUDE: 110 51 W

  TEMPERATURE IN F:       :PCPN:    SNOW:  WIND      :SUNSHINE: SKY     :PK WND
================================================================================
1   2   3   4   5  6A  6B    7    8   9   10  11  12  13   14  15   16   17  18
                                     12Z  AVG MX 2MIN
DY MAX MIN AVG DEP HDD CDD  WTR  SNW DPTH SPD SPD DIR MIN PSBL S-S WX    SPD DR
================================================================================

 1 103  60  82   1   0  17 0.00  0.0    0  7.5 21 220   M    M   0        31 220
 2  99  70  85   4   0  20    T  0.0    0  9.2 37  60   M    M   1 3      45  60
 3  99  66  83   2   0  18 0.42  0.0    0  6.0 30 120   M    M   1 3      43 120
 4  98  73  86   5   0  21 0.00  0.0    0  6.0 24 150   M    M   0 3      34 170
 5 101  68  85   4   0  20 0.00  0.0    0  6.1 22 180   M    M   0        27 180
 6 104  70  87   6   0  22    T  0.0    0  5.0 13 150   M    M   1        21 150
 7 105  68  87   6   0  22 0.00  0.0    0  7.8 23 100   M    M   0        28 110
 8 102  68  85   4   0  20 0.32  0.0    0  7.3 22 150   M    M   1 13     30 160
 9  93  68  81   0   0  16    T  0.0    0  4.8 20 180   M    M   1 3      27  30
10  97  67  82   1   0  17 0.27  0.0    0  5.2 24  80   M    M   2 13     32  70
11  91  66  79  -2   0  14    T  0.0    0  7.2 17 320   M    M   2 3      25 300
12  88  62  75  -6   0  10 1.27  0.0    0  5.2 33  10   M    M   6 13     45 360
13   M   M   M   M   M   M 0.26    M    0  6.3 12 260   M    M   0 13     20 260
14  94  67  81   1   0  16 0.04  0.0    0  5.8 24  40   M    M   4 3      37  50
15  90  67  79  -1   0  14 0.14  0.0    0  5.6 23 180   M    M   3 3      29 190
16  86  67  77  -3   0  12 0.84  0.0    0  2.3 25 130   M    M   4 138    32 120
17  84  67  76  -4   0  11 0.31  0.0    0  6.2 17 210   M    M   5 13     20 210
18  91  67  79  -1   0  14 0.37  0.0    0  3.5 28 120   M    M   2 13     37 120
19  90  66  78  -2   0  13    T  0.0    0  5.1 22 150   M    M   2 13     26 140
20  86  68  77  -3   0  12 0.13  0.0    0  3.4 20 350   M    M   4 13     27 350
21  87  67  77  -2   0  12 0.69  0.0    0  3.3 18  10   M    M   3 138    25  90
22  88  66  77  -2   0  12 1.23  0.0    0  4.5 21 280   M    M   5 13     31 270
23  82  68  75  -4   0  10 0.12  0.0    0  2.6 16 220   M    M   4 13     23 210
24  86  67  77  -2   0  12    T  0.0    0  4.3 14  10   M    M   4 3      20 340
25  91  66  79   0   0  14 0.00  0.0    0  4.2 14 280   M    M   1        19 290
26  92  70  81   2   0  16 0.03  0.0    0  4.3 14 140   M    M   3        18 280
27  94  68  81   3   0  16 0.10  0.0    0  4.5 25  60   M    M   1 13     34  50
================================================================================
SM 2421 1747         0 401  6.54     0.0 143.2          M       60
================================================================================
AV 93.1 67.2                               5.3 FASTST   M    M   2    MAX(MPH)
                                 MISC ---->  # 37  60               # 45   60
================================================================================
NOTES:
# LAST OF SEVERAL OCCURRENCES

COLUMN 17 PEAK WIND IN M.P.H.

PRELIMINARY LOCAL CLIMATOLOGICAL DATA (WS FORM: F-6) , PAGE 2

                                          STATION:  NOGALES AZ AIRPORT
                                          MONTH:    JULY
                                          YEAR:     2017
                                          LATITUDE:   31 25 N
                                          LONGITUDE: 110 51 W

[TEMPERATURE DATA]      [PRECIPITATION DATA]       SYMBOLS USED IN COLUMN 16

AVERAGE MONTHLY: 80.2   TOTAL FOR MONTH:   6.54    1 = FOG OR MIST
DPTR FM NORMAL:   0.0   DPTR FM NORMAL:    3.22    2 = FOG REDUCING VISIBILITY
HIGHEST:   105 ON  7    GRTST 24HR  1.27 ON 12-12      TO 1/4 MILE OR LESS
LOWEST:     60 ON  1                               3 = THUNDER
                        SNOW, ICE PELLETS, HAIL    4 = ICE PELLETS
                        TOTAL MONTH:   0.0 INCH    5 = HAIL
                        GRTST 24HR     0.0         6 = FREEZING RAIN OR DRIZZLE
                        GRTST DEPTH:   0           7 = DUSTSTORM OR SANDSTORM:
                                                       VSBY 1/2 MILE OR LESS
                                                   8 = SMOKE OR HAZE
[NO. OF DAYS WITH]      [WEATHER - DAYS WITH]      9 = BLOWING SNOW
                                                   X = TORNADO
MAX 32 OR BELOW:   0    0.01 INCH OR MORE:  16
MAX 90 OR ABOVE:  18    0.10 INCH OR MORE:  14
MIN 32 OR BELOW:   0    0.50 INCH OR MORE:   4
MIN  0 OR BELOW:   0    1.00 INCH OR MORE:   2

[HDD (BASE 65) ]
TOTAL THIS MO.     0    CLEAR  (SCALE 0-3)  17
DPTR FM NORMAL     0    PTCLDY (SCALE 4-7)  10
TOTAL FM JUL 1     0    CLOUDY (SCALE 8-10)  0
DPTR FM NORMAL     0

[CDD (BASE 65) ]
TOTAL THIS MO.   401
DPTR FM NORMAL    -9    [PRESSURE DATA]
TOTAL FM JAN 1  1189    HIGHEST SLP M ON M
DPTR FM NORMAL   164    LOWEST  SLP 27.25 ON  7

[REMARKS]
