000
CXUS55 KTWC 010855
CF6OLS
PRELIMINARY LOCAL CLIMATOLOGICAL DATA (WS FORM: F-6)

                                          STATION:   NOGALES AZ AIRPORT
                                          MONTH:     AUGUST
                                          YEAR:      2015
                                          LATITUDE:   31 25 N
                                          LONGITUDE: 110 51 W

  TEMPERATURE IN F:       :PCPN:    SNOW:  WIND      :SUNSHINE: SKY     :PK WND
================================================================================
1   2   3   4   5  6A  6B    7    8   9   10  11  12  13   14  15   16   17  18
                                     12Z  AVG MX 2MIN
DY MAX MIN AVG DEP HDD CDD  WTR  SNW DPTH SPD SPD DIR MIN PSBL S-S WX    SPD DR
================================================================================

 1  92  64  78   0   0  13    T  0.0    0  5.7 23  40   M    M   2 3      32  30
 2  94  66  80   2   0  15 0.00  0.0    0  3.3 15 230   M    M   2        18 240
 3  96  66  81   3   0  16 0.00  0.0    0  3.9 15 160   M    M   1        18 170
 4 100  64  82   4   0  17 0.00  0.0    0  3.9 12 310   M    M   0        15 330
 5 100  69  85   7   0  20 0.01  0.0    0  4.7 18 180   M    M   0 3      23 180
 6  90  72  81   4   0  16 0.01  0.0    0  4.9 22 160   M    M   M        27 160
 7  91  65  78   1   0  13 0.92  0.0    0  6.5 16  70   M    M   M 13     20 190
 8  90  64  77   0   0  12 0.00  0.0    0   M   M   M   M    M   M 3       M  M
 9  92  65  79   2   0  14 0.49  0.0    0   M  12 160   M    M   M 3      14 160
10  92  67  80   3   0  15    T  0.0    0  3.8 13 150   M    M   2 3      18 150
11  92  70  81   4   0  16 0.13  0.0    0  6.8 22 130   M    M   2 3      34 120
12  95  67  81   4   0  16    T  0.0    0  7.3 28  50   M    M   1 3      36  50
13 100  62  81   4   0  16 0.00  0.0    0  4.1 15 160   M    M   0        23 190
14 100  67  84   7   0  19 0.00  0.0    0  4.0 25 150   M    M   1 3      35 140
15 102  66  84   7   0  19 0.00  0.0    0  3.9 16 140   M    M   1 3      22 140
16 100  70  85   8   0  20 0.01  0.0    0  6.2 18 180   M    M   1 3      22 250
17  95  68  82   5   0  17 0.08  0.0    0  6.9 17 230   M    M   2 13     24 240
18  96  67  82   5   0  17 0.00  0.0    0  6.5 20 240   M    M   1        27 260
19  96  67  82   5   0  17 0.00  0.0    0  4.9 13 250   M    M   0        19 310
20  93  67  80   3   0  15 0.18  0.0    0  5.4 26  20   M    M   1 13     37  10
21  92  67  80   3   0  15 0.00  0.0    0  4.4 14 220   M    M   3 3      18 210
22  92  64  78   1   0  13 0.04  0.0    0  4.9 30  80   M    M   1 3      41  80
23  96  61  79   2   0  14 0.00  0.0    0  4.6 13 220   M    M   1 3      18 320
24  96  71  84   7   0  19 0.02  0.0    0  4.9 14  70   M    M   3 38     20  50
25  86  67  77   0   0  12    T  0.0    0  3.1 23  80   M    M   1 3      30  80
26  97  67  82   5   0  17 0.01  0.0    0  5.0 23 150   M    M   1 3      32 360
27  92  63  78   1   0  13 0.00  0.0    0  4.9 22  20   M    M   1 3      30  20
28  97  66  82   5   0  17 0.00  0.0    0  4.8 13 250   M    M   1        16 290
29  99  65  82   5   0  17 0.19  0.0    0  4.8 29  40   M    M   1 3      36  40
30  95  65  80   3   0  15 0.24  0.0    0  5.5 40 120   M    M   1 38     54 120
31  91  62  77   0   0  12 0.04  0.0    0  3.7 18 150   M    M   0 3      25 140
================================================================================
SM 2939 2051         0 487  2.37     0.0 143.3          M       31
================================================================================
AV 94.8 66.2                               4.9 FASTST   M    M   1    MAX(MPH)
                                 MISC ---->  # 40 120               # 54  120
================================================================================
NOTES:
# LAST OF SEVERAL OCCURRENCES

COLUMN 17 PEAK WIND IN M.P.H.

PRELIMINARY LOCAL CLIMATOLOGICAL DATA (WS FORM: F-6) , PAGE 2

                                          STATION:  NOGALES AZ AIRPORT
                                          MONTH:    AUGUST
                                          YEAR:     2015
                                          LATITUDE:   31 25 N
                                          LONGITUDE: 110 51 W

[TEMPERATURE DATA]      [PRECIPITATION DATA]       SYMBOLS USED IN COLUMN 16

AVERAGE MONTHLY: 80.5   TOTAL FOR MONTH:   2.37    1 = FOG OR MIST
DPTR FM NORMAL:   3.2   DPTR FM NORMAL:   -1.83    2 = FOG REDUCING VISIBILITY
HIGHEST:   102 ON 15    GRTST 24HR  0.92 ON  7- 7      TO 1/4 MILE OR LESS
LOWEST:     61 ON 23                               3 = THUNDER
                        SNOW, ICE PELLETS, HAIL    4 = ICE PELLETS
                        TOTAL MONTH:   0.0 INCH    5 = HAIL
                        GRTST 24HR     0.0         6 = FREEZING RAIN OR DRIZZLE
                        GRTST DEPTH:   0           7 = DUSTSTORM OR SANDSTORM:
                                                       VSBY 1/2 MILE OR LESS
                                                   8 = SMOKE OR HAZE
[NO. OF DAYS WITH]      [WEATHER - DAYS WITH]      9 = BLOWING SNOW
                                                   X = TORNADO
MAX 32 OR BELOW:   0    0.01 INCH OR MORE:  14
MAX 90 OR ABOVE:  30    0.10 INCH OR MORE:   6
MIN 32 OR BELOW:   0    0.50 INCH OR MORE:   1
MIN  0 OR BELOW:   0    1.00 INCH OR MORE:   0

[HDD (BASE 65) ]
TOTAL THIS MO.     0    CLEAR  (SCALE 0-3)  26
DPTR FM NORMAL     0    PTCLDY (SCALE 4-7)   1
TOTAL FM JUL 1     0    CLOUDY (SCALE 8-10)  0
DPTR FM NORMAL     0

[CDD (BASE 65) ]
TOTAL THIS MO.   487
DPTR FM NORMAL   106    [PRESSURE DATA]
TOTAL FM JAN 1  1531    HIGHEST SLP M ON M
DPTR FM NORMAL    73    LOWEST  SLP 29.66 ON 18

[REMARKS]
#FINAL-08-15#
