000
CXUS53 KOAX 301000
CF6OMA
PRELIMINARY LOCAL CLIMATOLOGICAL DATA (WS FORM: F-6)

                                          STATION:   OMAHA EPPLEY, NEBRASKA
                                          MONTH:     MAY
                                          YEAR:      2015
                                          LATITUDE:   41 17 N
                                          LONGITUDE:  95 54 W

  TEMPERATURE IN F:       :PCPN:    SNOW:  WIND      :SUNSHINE: SKY     :PK WND
================================================================================
1   2   3   4   5  6A  6B    7    8   9   10  11  12  13   14  15   16   17  18
                                     12Z  AVG MX 2MIN
DY MAX MIN AVG DEP HDD CDD  WTR  SNW DPTH SPD SPD DIR MIN PSBL S-S WX    SPD DR
================================================================================

 1  67  53  60   2   5   0    T  0.0    0  8.1 14 120   M    M   8        17 120
 2  73  54  64   6   1   0 0.55  0.0    0 15.1 28 180   M    M   6 13     35 170
 3  82  60  71  13   0   6 0.36  0.0    0 11.7 20 320   M    M   8 3      26 150
 4  67  57  62   4   3   0 0.06  0.0    0  8.9 20 360   M    M   9 13     24 360
 5  77  57  67   8   0   2    T  0.0    0 11.4 24 150   M    M  10 1      30 140
 6  73  63  68   9   0   3 0.77  0.0    0 17.8 31 150   M    M   9 13     40 150
 7  80  58  69   9   0   4 1.74  0.0    0 13.8 24 170   M    M   8 13     31 180
 8  62  53  58  -2   7   0 0.00  0.0    0 10.1 17 340   M    M  10        22 340
 9  71  48  60   0   5   0 0.00  0.0    0 10.1 18 100   M    M   9        22  80
10  71  50  61   1   4   0 0.17  0.0    0 15.3 45 150   M    M   8 13     58 150
11  53  44  49 -12  16   0 0.00  0.0    0 16.5 26 270   M    M   9        36 250
12  69  39  54  -7  11   0 0.00  0.0    0  5.7 16 160   M    M   2        19 180
13  74  48  61   0   4   0 0.19  0.0    0 16.0 30 150   M    M   6 1      36 180
14  70  55  63   1   2   0 0.54  0.0    0 10.6 21 130   M    M   9 1      28 140
15  69  54  62   0   3   0 0.10  0.0    0  8.7 21 130   M    M   8 3      25 130
16  82  64  73  11   0   8 0.17  0.0    0 15.8 28 160   M    M   9 38     34 160
17  80  56  68   5   0   3 0.05  0.0    0 15.1 31 270   M    M   7 1      41 230
18  61  45  53 -10  12   0 0.00  0.0    0 15.5 26 320   M    M   3        33 320
19  56  40  48 -15  17   0 0.01  0.0    0 10.4 20  40   M    M   8        24  30
20  52  42  47 -17  18   0 0.06  0.0    0  8.1 16  10   M    M   9 1      20 340
21  74  39  57  -7   8   0 0.00  0.0    0  6.3 16 290   M    M   1 1      21 330
22  70  47  59  -5   6   0 0.01  0.0    0  5.3 20 210   M    M   8        26 210
23  65  58  62  -3   3   0 0.02  0.0    0  8.4 20 140   M    M  10 1      23 140
24  70  60  65   0   0   0 0.18  0.0    0  6.9 15 110   M    M  10 1      18  90
25  81  61  71   6   0   6 0.00  0.0    0 11.3 36 160   M    M   8 1      43 160
26  69  57  63  -3   2   0 0.24  0.0    0  7.3 20 310   M    M   9 18     24 170
27  84  53  69   3   0   4 0.00  0.0    0  5.0 13 180   M    M   4 1      17 230
28  73  62  68   2   0   3 0.11  0.0    0 10.2 21 170   M    M  10 1      23 160
29  79  54  67   0   0   2 0.01  0.0    0 12.8 30 330   M    M  10 3      37 340
================================================================================
SM 2054 1531       127  41  5.34     0.0 318.2          M      225
================================================================================
AV 70.8 52.8                              11.0 FASTST   M    M   8    MAX(MPH)
                                 MISC ---->  # 45 150               # 58  150
================================================================================
NOTES:
# LAST OF SEVERAL OCCURRENCES

COLUMN 17 PEAK WIND IN M.P.H.

PRELIMINARY LOCAL CLIMATOLOGICAL DATA (WS FORM: F-6) , PAGE 2

                                          STATION:  OMAHA EPPLEY, NEBRASKA
                                          MONTH:    MAY
                                          YEAR:     2015
                                          LATITUDE:   41 17 N
                                          LONGITUDE:  95 54 W

[TEMPERATURE DATA]      [PRECIPITATION DATA]       SYMBOLS USED IN COLUMN 16

AVERAGE MONTHLY: 61.8   TOTAL FOR MONTH:   5.34    1 = FOG OR MIST
DPTR FM NORMAL:  -0.3   DPTR FM NORMAL:    0.92    2 = FOG REDUCING VISIBILITY
HIGHEST:    84 ON 27    GRTST 24HR  2.49 ON  6- 7      TO 1/4 MILE OR LESS
LOWEST:     39 ON 21,12                            3 = THUNDER
                        SNOW, ICE PELLETS, HAIL    4 = ICE PELLETS
                        TOTAL MONTH:   0.0 INCH    5 = HAIL
                        GRTST 24HR     0.0         6 = FREEZING RAIN OR DRIZZLE
                        GRTST DEPTH:   0           7 = DUSTSTORM OR SANDSTORM:
                                                       VSBY 1/2 MILE OR LESS
                                                   8 = SMOKE OR HAZE
[NO. OF DAYS WITH]      [WEATHER - DAYS WITH]      9 = BLOWING SNOW
                                                   X = TORNADO
MAX 32 OR BELOW:   0    0.01 INCH OR MORE:  19
MAX 90 OR ABOVE:   0    0.10 INCH OR MORE:  12
MIN 32 OR BELOW:   0    0.50 INCH OR MORE:   4
MIN  0 OR BELOW:   0    1.00 INCH OR MORE:   1

[HDD (BASE 65) ]
TOTAL THIS MO.   127    CLEAR  (SCALE 0-3)   3
DPTR FM NORMAL   -16    PTCLDY (SCALE 4-7)  10
TOTAL FM JUL 1  5809    CLOUDY (SCALE 8-10) 16
DPTR FM NORMAL  -336

[CDD (BASE 65) ]
TOTAL THIS MO.    41
DPTR FM NORMAL   -16    [PRESSURE DATA]
TOTAL FM JAN 1    46    HIGHEST SLP M ON M
DPTR FM NORMAL   -27    LOWEST  SLP 28.93 ON 28

[REMARKS]
