000
CXUS56 KOTX 160900
CF6OMK
PRELIMINARY LOCAL CLIMATOLOGICAL DATA (WS FORM: F-6)

                                          STATION:   OMAK WA AIRPORT
                                          MONTH:     JANUARY
                                          YEAR:      2018
                                          LATITUDE:   48 27 N
                                          LONGITUDE: 119 31 W

  TEMPERATURE IN F:       :PCPN:    SNOW:  WIND      :SUNSHINE: SKY     :PK WND
================================================================================
1   2   3   4   5  6A  6B    7    8   9   10  11  12  13   14  15   16   17  18
                                     12Z  AVG MX 2MIN
DY MAX MIN AVG DEP HDD CDD  WTR  SNW DPTH SPD SPD DIR MIN PSBL S-S WX    SPD DR
================================================================================

 1  23  16  20  -4  45   0 0.00    M    M 14.0 22 360   M    M  10        27 360
 2  19  15  17  -7  48   0    T    M    M  7.2 17 360   M    M   8        20 360
 3  24   9  17  -8  48   0 0.00    M    M  5.9 12 360   M    M   3        14  10
 4  24  10  17  -8  48   0 0.03    M    M  0.9  8  10   M    M   8 1      10  10
 5  33  22  28   3  37   0 0.07    M    M  1.8  8 190   M    M  10 126    10 190
 6  35  33  34   9  31   0    T    M    M  3.8 10 180   M    M  10 1      15 180
 7  35  32  34   9  31   0 0.04    M    M  3.6  9 150   M    M  10 1      10 170
 8  34  32  33   8  32   0 0.17    M    M  1.5  7 180   M    M  10 126     8 190
 9  35  32  34   8  31   0 0.17    M    M  2.0  7 190   M    M  10 126     9 190
10  39  27  33   7  32   0 0.00    M    M  3.0  9 350   M    M   6 12     10 350
11  33  26  30   4  35   0 0.23    M    M 13.3 23 360   M    M  10 12     27 360
12  31  24  28   2  37   0 0.00    M    M  5.4 17 340   M    M  10        22 330
13  35  29  32   6  33   0 0.00    M    M  5.6 10 350   M    M  10 1      12 360
14  35  30  33   7  32   0 0.00    M    M  9.4 15  20   M    M  10 1      18 360
15  39  31  35   8  30   0 0.00    M    M  5.0 13  10   M    M   8 12     14  10
================================================================================
SM  474  368       550   0  0.71    M     82.4          M      133
================================================================================
AV 31.6 24.5                               5.5 FASTST   M    M   9    MAX(MPH)
                                 MISC ---->  # 23 360               # 27  360
================================================================================
NOTES:
# LAST OF SEVERAL OCCURRENCES

COLUMN 17 PEAK WIND IN M.P.H.

PRELIMINARY LOCAL CLIMATOLOGICAL DATA (WS FORM: F-6) , PAGE 2

                                          STATION:  OMAK WA AIRPORT
                                          MONTH:    JANUARY
                                          YEAR:     2018
                                          LATITUDE:   48 27 N
                                          LONGITUDE: 119 31 W

[TEMPERATURE DATA]      [PRECIPITATION DATA]       SYMBOLS USED IN COLUMN 16

AVERAGE MONTHLY: 28.1   TOTAL FOR MONTH:   0.71    1 = FOG OR MIST
DPTR FM NORMAL:   2.7   DPTR FM NORMAL:   -0.37    2 = FOG REDUCING VISIBILITY
HIGHEST:    39 ON 15,10 GRTST 24HR  0.23 ON 11-11      TO 1/4 MILE OR LESS
LOWEST:      9 ON  3                               3 = THUNDER
                        SNOW, ICE PELLETS, HAIL    4 = ICE PELLETS
                        TOTAL MONTH:    M          5 = HAIL
                        GRTST 24HR    M  ON   M    6 = FREEZING RAIN OR DRIZZLE
                        GRTST DEPTH:  M  ON   M    7 = DUSTSTORM OR SANDSTORM:
                                                       VSBY 1/2 MILE OR LESS
                                                   8 = SMOKE OR HAZE
[NO. OF DAYS WITH]      [WEATHER - DAYS WITH]      9 = BLOWING SNOW
                                                   X = TORNADO
MAX 32 OR BELOW:   5    0.01 INCH OR MORE:   6
MAX 90 OR ABOVE:   0    0.10 INCH OR MORE:   3
MIN 32 OR BELOW:  14    0.50 INCH OR MORE:   0
MIN  0 OR BELOW:   0    1.00 INCH OR MORE:   0

[HDD (BASE 65) ]
TOTAL THIS MO.   550    CLEAR  (SCALE 0-3)   1
DPTR FM NORMAL   -43    PTCLDY (SCALE 4-7)   4
TOTAL FM JUL 1  3223    CLOUDY (SCALE 8-10) 10
DPTR FM NORMAL  -119

[CDD (BASE 65) ]
TOTAL THIS MO.     0
DPTR FM NORMAL     0    [PRESSURE DATA]
TOTAL FM JAN 1     0    HIGHEST SLP M ON M
DPTR FM NORMAL     0    LOWEST  SLP 29.54 ON  9

[REMARKS]
