000
CXUS56 KSGX 181445
CF6ONT
PRELIMINARY LOCAL CLIMATOLOGICAL DATA (WS FORM: F-6)

                                          STATION:   ONTARIO INTL AIRPORT CA
                                          MONTH:     SEPTEMBER
                                          YEAR:      2014
                                          LATITUDE:   34  2 N
                                          LONGITUDE: 117 37 W

  TEMPERATURE IN F:       :PCPN:    SNOW:  WIND      :SUNSHINE: SKY     :PK WND
================================================================================
1   2   3   4   5  6A  6B    7    8   9   10  11  12  13   14  15   16   17  18
                                     12Z  AVG MX 2MIN
DY MAX MIN AVG DEP HDD CDD  WTR  SNW DPTH SPD SPD DIR MIN PSBL S-S WX    SPD DR
================================================================================

 1  96  65  81   2   0  16 0.00  0.0    0  5.5 16 270   M    M   1 18     21 260
 2  94  64  79   0   0  14 0.00  0.0    0  6.9 18 230   M    M   2 18     22 220
 3  91  66  79   0   0  14 0.00  0.0    0  7.6 17 270   M    M   3 18     25 280
 4  88  66  77  -1   0  12 0.00  0.0    0  5.5 16 260   M    M   4 18     20 260
 5  97  62  80   2   0  15 0.00  0.0    0  5.8 17 260   M    M   1 18     22 270
 6 101  68  85   7   0  20 0.00  0.0    0  5.2 16 260   M    M   1 8      20 270
 7 101  72  87   9   0  22 0.00  0.0    0  5.3 18 130   M    M   5        24 130
 8  86  72  79   1   0  14 0.10  0.0    0  5.2 12 260   M    M   8        15 290
 9  93  69  81   3   0  16 0.00  0.0    0  5.8 17 230   M    M   4        27 230
10  99  66  83   6   0  18 0.00  0.0    0  4.8 18 260   M    M   1        24 280
11 100  71  86   9   0  21 0.00  0.0    0  5.7 21 280   M    M   0        24 270
12 102  70  86   9   0  21 0.00  0.0    0  4.7 16 260   M    M   3        22 270
13 105  71  88  11   0  23 0.00  0.0    0  5.0 18 270   M    M   3        26 280
14 108  75  92  16   0  27 0.00  0.0    0  4.8 20 230   M    M   2        24 270
15 107  78  93  17   0  28 0.00  0.0    0  4.5 18 270   M    M   1        22 260
16 107  77  92  16   0  27 0.02  0.0    0  3.8 24 200   M    M   2 78     31 180
17 100  74  87  11   0  22 0.00  0.0    0  6.8 20 240   M    M   2        26 230
================================================================================
SM 1675 1186         0 330  0.12     0.0  92.9          M       43
================================================================================
AV 98.5 69.8                               5.5 FASTST   M    M   3    MAX(MPH)
                                 MISC ---->  # 24 200               # 31  180
================================================================================
NOTES:
# LAST OF SEVERAL OCCURRENCES

COLUMN 17 PEAK WIND IN M.P.H.

PRELIMINARY LOCAL CLIMATOLOGICAL DATA (WS FORM: F-6) , PAGE 2

                                          STATION:  ONTARIO INTL AIRPORT CA
                                          MONTH:    SEPTEMBER
                                          YEAR:     2014
                                          LATITUDE:   34  2 N
                                          LONGITUDE: 117 37 W

[TEMPERATURE DATA]      [PRECIPITATION DATA]       SYMBOLS USED IN COLUMN 16

AVERAGE MONTHLY: 84.1   TOTAL FOR MONTH:   0.12    1 = FOG OR MIST
DPTR FM NORMAL:   6.7   DPTR FM NORMAL:    0.00    2 = FOG REDUCING VISIBILITY
HIGHEST:   108 ON 14    GRTST 24HR  0.10 ON  8- 8      TO 1/4 MILE OR LESS
LOWEST:     62 ON  5                               3 = THUNDER
                        SNOW, ICE PELLETS, HAIL    4 = ICE PELLETS
                        TOTAL MONTH:   0.0 INCH    5 = HAIL
                        GRTST 24HR     0.0         6 = FREEZING RAIN OR DRIZZLE
                        GRTST DEPTH:   0           7 = DUSTSTORM OR SANDSTORM:
                                                       VSBY 1/2 MILE OR LESS
                                                   8 = SMOKE OR HAZE
[NO. OF DAYS WITH]      [WEATHER - DAYS WITH]      9 = BLOWING SNOW
                                                   X = TORNADO
MAX 32 OR BELOW:   0    0.01 INCH OR MORE:   2
MAX 90 OR ABOVE:  15    0.10 INCH OR MORE:   1
MIN 32 OR BELOW:   0    0.50 INCH OR MORE:   0
MIN  0 OR BELOW:   0    1.00 INCH OR MORE:   0

[HDD (BASE 65) ]
TOTAL THIS MO.     0    CLEAR  (SCALE 0-3)  12
DPTR FM NORMAL     0    PTCLDY (SCALE 4-7)   4
TOTAL FM JUL 1     0    CLOUDY (SCALE 8-10)  1
DPTR FM NORMAL     0

[CDD (BASE 65) ]
TOTAL THIS MO.   330
DPTR FM NORMAL   118    [PRESSURE DATA]
TOTAL FM JAN 1  1949    HIGHEST SLP M ON M
DPTR FM NORMAL   514    LOWEST  SLP 29.65 ON  3

[REMARKS]
