000
CXUS54 KMRX 191000
CF6OQT
PRELIMINARY LOCAL CLIMATOLOGICAL DATA (WS FORM: F-6)

                                          STATION:   OAK_RIDGE_(ASOS)
                                          MONTH:     NOVEMBER
                                          YEAR:      2017
                                          LATITUDE:   36  1 N
                                          LONGITUDE:  84 14 W

  TEMPERATURE IN F:       :PCPN:    SNOW:  WIND      :SUNSHINE: SKY     :PK WND
================================================================================
1   2   3   4   5  6A  6B    7    8   9   10  11  12  13   14  15   16   17  18
                                     12Z  AVG MX 2MIN
DY MAX MIN AVG DEP HDD CDD  WTR  SNW DPTH SPD SPD DIR MIN PSBL S-S WX    SPD DR
================================================================================

 1  63  42  53  -1  12   0    T    M    M  0.1  6 250   M    M   5         9 260
 2  70  52  61   7   4   0    T    M    M  1.0  7 280   M    M   9 1      11 210
 3  70  62  66  13   0   1 0.44    M    M  0.6 12 320   M    M  10 12     17 330
 4  73  59  66  13   0   1 0.00    M    M  0.4  6 260   M    M   7 12      8 260
 5  76  58  67  14   0   2 0.11    M    M  3.3 10 210   M    M   7 1      18 210
 6  75  62  69  17   0   4 0.11    M    M  1.4 10 190   M    M   7 1      14 190
 7  71  51  61   9   4   0 1.26    M    M  2.3  9 270   M    M   7 1      15 290
 8  53  48  51  -1  14   0 0.00    M    M  3.3 10  80   M    M  10        14  80
 9  62  41  52   1  13   0    T    M    M  1.3 10  90   M    M   6 1      12  70
10  52  39  46  -5  19   0 0.00    M    M  3.6 13  80   M    M   0        18  80
11  58  32  45  -5  20   0 0.00  0.0    0  1.8  7 190   M    M   1 18      9 140
12  56  45  51   1  14   0    T    M    0  1.6  7 180   M    M  10 18     10 260
13  53  45  49  -1  16   0 0.00    M    M  3.3 13  70   M    M   8        18  70
14  58  38  48  -1  17   0 0.00  0.0    0  0.9  7  80   M    M   3        11  40
15  57  34  46  -3  19   0 0.02    M    0  1.3 10 280   M    M   6 12     15 280
16  64  41  53   4  12   0 0.00    M    0  0.9  7 150   M    M   3 1      10 270
17  64  37  51   3  14   0    T    M    M  1.9  7 260   M    M   0        10  80
18  66  48  57   9   8   0 0.51    M    M  6.4 22 260   M    M   9 1      38 280
================================================================================
SM 1141  834       186   8  2.45     0.0  35.4          M      108
================================================================================
AV 63.4 46.3                               2.0 FASTST   M    M   6    MAX(MPH)
                                 MISC ---->  # 22 260               # 38  280
================================================================================
NOTES:
# LAST OF SEVERAL OCCURRENCES

COLUMN 17 PEAK WIND IN M.P.H.

PRELIMINARY LOCAL CLIMATOLOGICAL DATA (WS FORM: F-6) , PAGE 2

                                          STATION:  OAK_RIDGE_(ASOS)
                                          MONTH:    NOVEMBER
                                          YEAR:     2017
                                          LATITUDE:   36  1 N
                                          LONGITUDE:  84 14 W

[TEMPERATURE DATA]      [PRECIPITATION DATA]       SYMBOLS USED IN COLUMN 16

AVERAGE MONTHLY: 54.9   TOTAL FOR MONTH:   2.45    1 = FOG OR MIST
DPTR FM NORMAL:   3.9   DPTR FM NORMAL:   -0.09    2 = FOG REDUCING VISIBILITY
HIGHEST:    76 ON  5    GRTST 24HR  1.26 ON  7- 7      TO 1/4 MILE OR LESS
LOWEST:     32 ON 11                               3 = THUNDER
                        SNOW, ICE PELLETS, HAIL    4 = ICE PELLETS
                        TOTAL MONTH:   0.0 INCH    5 = HAIL
                        GRTST 24HR     0.0         6 = FREEZING RAIN OR DRIZZLE
                        GRTST DEPTH:   0           7 = DUSTSTORM OR SANDSTORM:
                                                       VSBY 1/2 MILE OR LESS
                                                   8 = SMOKE OR HAZE
[NO. OF DAYS WITH]      [WEATHER - DAYS WITH]      9 = BLOWING SNOW
                                                   X = TORNADO
MAX 32 OR BELOW:   0    0.01 INCH OR MORE:   6
MAX 90 OR ABOVE:   0    0.10 INCH OR MORE:   5
MIN 32 OR BELOW:   1    0.50 INCH OR MORE:   2
MIN  0 OR BELOW:   0    1.00 INCH OR MORE:   1

[HDD (BASE 65) ]
TOTAL THIS MO.   186    CLEAR  (SCALE 0-3)   5
DPTR FM NORMAL   -67    PTCLDY (SCALE 4-7)   7
TOTAL FM JUL 1   373    CLOUDY (SCALE 8-10)  6
DPTR FM NORMAL  -100

[CDD (BASE 65) ]
TOTAL THIS MO.     8
DPTR FM NORMAL     8    [PRESSURE DATA]
TOTAL FM JAN 1  1622    HIGHEST SLP M ON M
DPTR FM NORMAL   142    LOWEST  SLP 29.54 ON 18

[REMARKS]
