000
CXUS51 KAKQ 281240
CF6ORF
PRELIMINARY LOCAL CLIMATOLOGICAL DATA (WS FORM: F-6)

                                          STATION:   NORFOLK VA
                                          MONTH:     FEBRUARY
                                          YEAR:      2015
                                          LATITUDE:   36 54 N
                                          LONGITUDE:  76 12 W

  TEMPERATURE IN F:       :PCPN:    SNOW:  WIND      :SUNSHINE: SKY     :PK WND
================================================================================
1   2   3   4   5  6A  6B    7    8   9   10  11  12  13   14  15   16   17  18
                                     12Z  AVG MX 2MIN
DY MAX MIN AVG DEP HDD CDD  WTR  SNW DPTH SPD SPD DIR MIN PSBL S-S WX    SPD DR
================================================================================

 1  49  24  37  -4  28   0 0.01  0.0    0  6.9 16 190   M    M   2        22 180
 2  61  30  46   5  19   0 0.30  0.0    0 17.1 32 230   M    M   7 1      41 270
 3  36  26  31 -10  34   0 0.00  0.0    0  8.5 15 360   M    M   0        21 340
 4  55  24  40  -1  25   0 0.00  0.0    0 10.6 22 210   M    M   0 8      27 220
 5  50  26  38  -3  27   0 0.00  0.0    0 13.7 28 350   M    M   5        40 350
 6  39  20  30 -11  35   0 0.00  0.0    0  8.7 20 230   M    M   0        24 360
 7  57  23  40  -2  25   0 0.00  0.0    0 10.8 23 220   M    M   0        27 240
 8  70  43  57  15   8   0 0.00  0.0    0 15.8 26 210   M    M   0        32 220
 9  60  38  49   7  16   0 0.27  0.0    0 12.8 23  20   M    M   4 1      30  40
10  38  33  36  -6  29   0 0.07  0.0    0 21.6 29  20   M    M  10 1      37 360
11  38  27  33  -9  32   0    T  0.0    0 12.0 26  20   M    M   7        34  20
12  48  29  39  -3  26   0 0.03  0.2    0  9.8 25  10   M    M   4 1      32 360
13  29  19  24 -18  41   0 0.00  0.0    0  9.0 21 350   M    M   0        34 340
14  49  16  33  -9  32   0    T  0.0    0 15.7 33 240   M    M   1        52 240
15  28  17  23 -20  42   0 0.00  0.0    0 13.5 26 330   M    M   1        42 320
16  24  15  20 -23  45   0 0.46  3.6    0  6.8 18 330   M    M   6 16     27 320
17  30  24  27 -16  38   0 0.61    T    3 12.7 25  20   M    M   5 168    33 360
18  34  26  30 -13  35   0    T    T    3 10.1 20 200   M    M   0 1      28 330
19  30  13  22 -21  43   0 0.00  0.0    3 11.0 17 320   M    M   1        26 320
20  21   9  15 -28  50   0 0.00  0.0    3  6.0 15 320   M    M   0        23 290
21  48  10  29 -15  36   0    T  0.0    3  7.5 14 190   M    M   6        19 200
22  53  34  44   0  21   0 0.07  0.0    2  5.1 12 360   M    M  10 128    16 260
23  35  26  31 -13  34   0 0.02    T    1 13.8 25  30   M    M   7 1248   33  40
24  27  21  24 -20  41   0 0.14  2.1    0  7.7 22  20   M    M   7 1      30  30
25  41  20  31 -13  34   0 0.01  0.1    2  5.0 12  70   M    M   2        14 270
26  33  28  31 -14  34   0 0.55  5.5    5 15.0 29  40   M    M   9 18     36  40
27  36  23  30 -15  35   0 0.00  0.0    4  8.1 18  10   M    M   2 18     23  10
================================================================================
SM 1119  644       865   0  2.54    11.5 295.3          M       96
================================================================================
AV 41.4 23.9                              10.9 FASTST   M    M   4    MAX(MPH)
                                 MISC ---->  # 33 240               # 52  240
================================================================================
NOTES:
# LAST OF SEVERAL OCCURRENCES

COLUMN 17 PEAK WIND IN M.P.H.

PRELIMINARY LOCAL CLIMATOLOGICAL DATA (WS FORM: F-6) , PAGE 2

                                          STATION:  NORFOLK VA
                                          MONTH:    FEBRUARY
                                          YEAR:     2015
                                          LATITUDE:   36 54 N
                                          LONGITUDE:  76 12 W

[TEMPERATURE DATA]      [PRECIPITATION DATA]       SYMBOLS USED IN COLUMN 16

AVERAGE MONTHLY: 32.6   TOTAL FOR MONTH:   2.54    1 = FOG OR MIST
DPTR FM NORMAL:  -9.9   DPTR FM NORMAL:   -0.47    2 = FOG REDUCING VISIBILITY
HIGHEST:    70 ON  8    GRTST 24HR  0.61 ON 17-17      TO 1/4 MILE OR LESS
LOWEST:      9 ON 20                               3 = THUNDER
                        SNOW, ICE PELLETS, HAIL    4 = ICE PELLETS
                        TOTAL MONTH:  11.5 INCHES  5 = HAIL
                        GRTST 24HR   5.5 ON 26-26  6 = FREEZING RAIN OR DRIZZLE
                        GRTST DEPTH:   5 ON 26     7 = DUSTSTORM OR SANDSTORM:
                                                       VSBY 1/2 MILE OR LESS
                                                   8 = SMOKE OR HAZE
[NO. OF DAYS WITH]      [WEATHER - DAYS WITH]      9 = BLOWING SNOW
                                                   X = TORNADO
MAX 32 OR BELOW:   7    0.01 INCH OR MORE:  12
MAX 90 OR ABOVE:   0    0.10 INCH OR MORE:   6
MIN 32 OR BELOW:  23    0.50 INCH OR MORE:   2
MIN  0 OR BELOW:   0    1.00 INCH OR MORE:   0

[HDD (BASE 65) ]
TOTAL THIS MO.   865    CLEAR  (SCALE 0-3)  14
DPTR FM NORMAL   259    PTCLDY (SCALE 4-7)  10
TOTAL FM JUL 1  2799    CLOUDY (SCALE 8-10)  3
DPTR FM NORMAL   251

[CDD (BASE 65) ]
TOTAL THIS MO.     0
DPTR FM NORMAL     0    [PRESSURE DATA]
TOTAL FM JAN 1     0    HIGHEST SLP M ON M
DPTR FM NORMAL     0    LOWEST  SLP 29.36 ON  2

[REMARKS]
