000
CXUS52 KMLB 280622
CF6ORL
PRELIMINARY LOCAL CLIMATOLOGICAL DATA (WS FORM: F-6)
STATION: ORLANDO EXEC
MONTH: MARCH
YEAR: 2024
LATITUDE: 28 32 N
LONGITUDE: 81 20 W
TEMPERATURE IN F: :PCPN: SNOW: WIND :SUNSHINE: SKY :PK WND
================================================================================
1 2 3 4 5 6A 6B 7 8 9 10 11 12 13 14 15 16 17 18
12Z AVG MX 2MIN
DY MAX MIN AVG DEP HDD CDD WTR SNW DPTH SPD SPD DIR MIN PSBL S-S WX SPD DR
================================================================================
1 81 62 72 6 0 7 T 0.0 0 8.6 20 140 M M 5 12 27 130
2 80 66 73 7 0 8 0.00 0.0 0 6.2 15 200 M M 5 1 20 190
3 80 64 72 5 0 7 0.52 0.0 0 5.6 18 190 M M 5 38 34 210
4 80 62 71 4 0 6 0.00 0.0 0 6.7 16 70 M M 6 12 20 70
5 80 65 73 6 0 8 T 0.0 0 8.1 14 140 M M 6 1 19 130
6 83 67 75 8 0 10 0.10 0.0 0 10.5 21 130 M M 5 13 27 250
7 83 62 73 6 0 8 0.00 0.0 0 5.4 14 90 M M 4 17 80
8 87 63 75 8 0 10 0.01 0.0 0 5.6 15 60 M M 5 12 20 100
9 88 73 81 14 0 16 0.00 0.0 0 12.3 25 220 M M 4 34 230
10 77 63 70 2 0 5 0.14 0.0 0 11.0 21 240 M M 4 13 29 290
11 73 55 64 -4 1 0 0.00 0.0 0 8.2 17 340 M M 0 24 30
12 78 53 66 -2 0 1 0.00 0.0 0 4.2 13 130 M M 0 19 220
13 82 59 71 3 0 6 0.00 0.0 0 3.7 13 280 M M 1 20 310
14 87 63 75 7 0 10 0.00 0.0 0 3.9 13 90 M M 0 17 100
15 86 65 76 8 0 11 0.00 0.0 0 5.7 15 130 M M 1 18 120
16 84 67 76 8 0 11 0.00 0.0 0 7.5 15 230 M M 4 20 240
17 84 67 76 8 0 11 0.00 0.0 0 8.1 17 220 M M 4 23 230
18 86 68 77 8 0 12 T 0.0 0 12.1 24 290 M M 3 33 300
19 68 50 59 -10 6 0 0.00 0.0 0 11.0 22 10 M M 1 31 330
20 75 49 62 -7 3 0 0.00 0.0 0 2.9 10 290 M M 0 16 230
21 80 56 68 -1 0 3 0.00 0.0 0 7.4 18 130 M M 2 8 23 120
22 72 63 68 -1 0 3 0.82 0.0 0 12.2 24 120 M M 8 1 33 120
23 82 63 73 4 0 8 T 0.0 0 9.8 22 280 M M 5 31 290
24 75 62 69 0 0 4 T 0.0 0 12.6 21 30 M M 7 30 40
25 80 60 70 0 0 5 0.00 0.0 0 10.9 23 80 M M 6 30 120
26 84 63 74 4 0 9 0.00 0.0 M 10.6 26 140 M M 3 38 140
27 82 69 76 6 0 11 T 0.0 0 8.0 28 300 M M 4 34 300
================================================================================
SM 2177 1679 10 190 1.59 0.0 218.8 M 98
================================================================================
AV 80.6 62.2 8.1 FASTST M M 4 MAX(MPH)
MISC ----> 28 300 38 140
================================================================================
NOTES:
# LAST OF SEVERAL OCCURRENCES
COLUMN 17 PEAK WIND IN M.P.H.
PRELIMINARY LOCAL CLIMATOLOGICAL DATA (WS FORM: F-6) , PAGE 2
STATION: ORLANDO EXEC
MONTH: MARCH
YEAR: 2024
LATITUDE: 28 32 N
LONGITUDE: 81 20 W
[TEMPERATURE DATA] [PRECIPITATION DATA] SYMBOLS USED IN COLUMN 16
AVERAGE MONTHLY: 71.4 TOTAL FOR MONTH: 1.59 1 = FOG OR MIST
DPTR FM NORMAL: 3.3 DPTR FM NORMAL: -0.75 2 = FOG REDUCING VISIBILITY
HIGHEST: 88 ON 9 GRTST 24HR 0.82 ON 22-22 TO 1/4 MILE OR LESS
LOWEST: 49 ON 20 3 = THUNDER
SNOW, ICE PELLETS, HAIL 4 = ICE PELLETS
TOTAL MONTH: 0.0 INCH 5 = HAIL
GRTST 24HR 0.0 6 = FREEZING RAIN OR DRIZZLE
GRTST DEPTH: 0 7 = DUSTSTORM OR SANDSTORM:
VSBY 1/2 MILE OR LESS
8 = SMOKE OR HAZE
[NO. OF DAYS WITH] [WEATHER - DAYS WITH] 9 = BLOWING SNOW
X = TORNADO
MAX 32 OR BELOW: 0 0.01 INCH OR MORE: 5
MAX 90 OR ABOVE: 0 0.10 INCH OR MORE: 4
MIN 32 OR BELOW: 0 0.50 INCH OR MORE: 2
MIN 0 OR BELOW: 0 1.00 INCH OR MORE: 0
[HDD (BASE 65) ]
TOTAL THIS MO. 10 CLEAR (SCALE 0-3) 8
DPTR FM NORMAL -29 PTCLDY (SCALE 4-7) 19
TOTAL FM JUL 1 355 CLOUDY (SCALE 8-10) 0
DPTR FM NORMAL -103
[CDD (BASE 65) ]
TOTAL THIS MO. 190
DPTR FM NORMAL 69 [PRESSURE DATA]
TOTAL FM JAN 1 279 HIGHEST SLP M ON M
DPTR FM NORMAL 27 LOWEST SLP 29.67 ON 23
[REMARKS]