000
CXUS52 KMLB 270628
CF6ORL
PRELIMINARY LOCAL CLIMATOLOGICAL DATA (WS FORM: F-6)

                                          STATION:   ORLANDO EXEC
                                          MONTH:     MARCH
                                          YEAR:      2017
                                          LATITUDE:   28 32 N
                                          LONGITUDE:  81 20 W

  TEMPERATURE IN F:       :PCPN:    SNOW:  WIND      :SUNSHINE: SKY     :PK WND
================================================================================
1   2   3   4   5  6A  6B    7    8   9   10  11  12  13   14  15   16   17  18
                                     12Z  AVG MX 2MIN
DY MAX MIN AVG DEP HDD CDD  WTR  SNW DPTH SPD SPD DIR MIN PSBL S-S WX    SPD DR
================================================================================

 1  86  65  76  11   0  11 0.00  0.0    0  4.9 14 180   M    M   2 1      18 170
 2  86  64  75  10   0  10 0.01  0.0    0 10.2 23  10   M    M   5        31  10
 3  73  58  66   1   0   1 0.00  0.0    0 12.1 23  20   M    M   2        30  30
 4  75  54  65  -1   0   0    T  0.0    0 10.3 22  90   M    M   2        26  70
 5  75  59  67   1   0   2    T  0.0    0 13.6 28  70   M    M   4        33  80
 6  78  60  69   3   0   4 0.00  0.0    0 12.0 24 120   M    M   3        30 100
 7  77  58  68   2   0   3    T  0.0    0  7.1 16 130   M    M   6        18 110
 8  84  62  73   7   0   8 0.00  0.0    0  4.6 13 270   M    M   5        16 110
 9  85  64  75   9   0  10 0.00  0.0    0  4.3 17  90   M    M   2        21  90
10  85  64  75   9   0  10 0.00  0.0    0  9.3 21 290   M    M   1        28 280
11  83  61  72   5   0   7 0.00  0.0    0  8.7 18  80   M    M   1        23  70
12  79  63  71   4   0   6 0.00  0.0    0  5.8 21  20   M    M   4        25  20
13  80  64  72   5   0   7 0.07  0.0    0  8.6 20 210   M    M   7        25 210
14  68  54  61  -6   4   0 0.08  0.0    0 15.6 28 280   M    M   5 1      33 280
15  61  45  53 -14  12   0 0.00  0.0    0  9.0 16 340   M    M   0        22 310
16  65  42  54 -13  11   0 0.00  0.0    0  6.1 14 350   M    M   0        18  10
17  73  45  59  -8   6   0 0.00  0.0    0  5.4 14  80   M    M   0 8      19 100
18  78  50  64  -4   1   0 0.00  0.0    0  5.3 17 290   M    M   0 1      23 290
19  81  58  70   2   0   5 0.00  0.0    0 10.9 20  20   M    M   0        27  10
20  78  50  64  -4   1   0 0.00  0.0    0  3.6 14  70   M    M   0        16  80
21  83  54  69   1   0   4 0.00  0.0    0  5.8 14 300   M    M   0        17 280
22  87  61  74   6   0   9 0.00  0.0    0  8.9 21  60   M    M   2 13     26  60
23  80  63  72   4   0   7    T  0.0    0 13.2 28  70   M    M   5 3      33  70
24  79  62  71   3   0   6    T  0.0    0 12.7 25  80   M    M   5        32  80
25  82  60  71   2   0   6 0.00  0.0    0  8.9 18  90   M    M   3        23 120
26  85  59  72   3   0   7 0.00  0.0    0  5.3 17 100   M    M   2        21  90
================================================================================
SM 2046 1499        35 123  0.16     0.0 222.2          M       66
================================================================================
AV 78.7 57.7                               8.5 FASTST   M    M   3    MAX(MPH)
                                 MISC ---->  # 28  70               # 33   80
================================================================================
NOTES:
# LAST OF SEVERAL OCCURRENCES

COLUMN 17 PEAK WIND IN M.P.H.

PRELIMINARY LOCAL CLIMATOLOGICAL DATA (WS FORM: F-6) , PAGE 2

                                          STATION:  ORLANDO EXEC
                                          MONTH:    MARCH
                                          YEAR:     2017
                                          LATITUDE:   28 32 N
                                          LONGITUDE:  81 20 W

[TEMPERATURE DATA]      [PRECIPITATION DATA]       SYMBOLS USED IN COLUMN 16

AVERAGE MONTHLY: 68.2   TOTAL FOR MONTH:   0.16    1 = FOG OR MIST
DPTR FM NORMAL:   1.2   DPTR FM NORMAL:   -3.10    2 = FOG REDUCING VISIBILITY
HIGHEST:    87 ON 22    GRTST 24HR  0.08 ON 14-14      TO 1/4 MILE OR LESS
LOWEST:     42 ON 16                               3 = THUNDER
                        SNOW, ICE PELLETS, HAIL    4 = ICE PELLETS
                        TOTAL MONTH:   0.0 INCH    5 = HAIL
                        GRTST 24HR     0.0         6 = FREEZING RAIN OR DRIZZLE
                        GRTST DEPTH:   0           7 = DUSTSTORM OR SANDSTORM:
                                                       VSBY 1/2 MILE OR LESS
                                                   8 = SMOKE OR HAZE
[NO. OF DAYS WITH]      [WEATHER - DAYS WITH]      9 = BLOWING SNOW
                                                   X = TORNADO
MAX 32 OR BELOW:   0    0.01 INCH OR MORE:   3
MAX 90 OR ABOVE:   0    0.10 INCH OR MORE:   0
MIN 32 OR BELOW:   0    0.50 INCH OR MORE:   0
MIN  0 OR BELOW:   0    1.00 INCH OR MORE:   0

[HDD (BASE 65) ]
TOTAL THIS MO.    35    CLEAR  (SCALE 0-3)  17
DPTR FM NORMAL    -9    PTCLDY (SCALE 4-7)   9
TOTAL FM JUL 1   192    CLOUDY (SCALE 8-10)  0
DPTR FM NORMAL  -324

[CDD (BASE 65) ]
TOTAL THIS MO.   123
DPTR FM NORMAL    32    [PRESSURE DATA]
TOTAL FM JAN 1   332    HIGHEST SLP M ON M
DPTR FM NORMAL   138    LOWEST  SLP 29.73 ON 14

[REMARKS]
