965
CXUS56 KMFR 251000
CF6OTH
PRELIMINARY LOCAL CLIMATOLOGICAL DATA (WS FORM: F-6)

                                          STATION:   NORTH BEND OR
                                          MONTH:     APRIL
                                          YEAR:      2017
                                          LATITUDE:   43 25 N
                                          LONGITUDE: 124 15 W

  TEMPERATURE IN F:       :PCPN:    SNOW:  WIND      :SUNSHINE: SKY     :PK WND
================================================================================
1   2   3   4   5  6A  6B    7    8   9   10  11  12  13   14  15   16   17  18
                                     12Z  AVG MX 2MIN
DY MAX MIN AVG DEP HDD CDD  WTR  SNW DPTH SPD SPD DIR MIN PSBL S-S WX    SPD DR
================================================================================

 1  57  45  51   3  14   0 0.00    M    M  8.5 18 360   M    M   9        25 360
 2  55  46  51   3  14   0 0.00    M    M 15.3 24 360   M    M   4        31 360
 3  54  37  46  -2  19   0 0.00    M    M  7.5 20  10   M    M   0        24 360
 4  64  46  55   7  10   0 0.00    M    M  7.4 21 230   M    M   5        32 230
 5  61  46  54   6  11   0 0.00    M    M  5.9 17 180   M    M   6        24 180
 6  57  48  53   5  12   0 0.93    M    M  8.0 22 130   M    M  10        30 130
 7   M   M   M   M   M   M    M    M    M 18.6 41 190   M    M   9        62 190
 8  54  41  48   0  17   0 0.09    M    M  9.7 20 250   M    M   6         M  M
 9  55  39  47  -1  18   0 0.38    M    M 11.5 20 160   M    M   6        28 160
10  55  43  49   0  16   0 0.15    M    M  7.0 15 260   M    M   7        18 220
11  55  43  49   0  16   0 0.44    M    M  4.2 13 190   M    M   8        24 190
12  55  43  49   0  16   0 0.31    M    M 10.8 25 210   M    M   8        38 210
13  54  43  49   0  16   0 0.20    M    M  9.3 17 260   M    M   8        22 240
14  54  41  48  -1  17   0 0.29    M    M  8.2 14 260   M    M   4        20 260
15  59  37  48  -1  17   0 0.00    M    M  7.6 23 350   M    M   0        29 350
16  55  46  51   2  14   0 0.39    M    M  5.4 13 140   M    M   6        21 160
17  61  46  54   5  11   0 0.48    M    M  9.8 22 220   M    M  10        29 220
18  63  48  56   7   9   0 0.01    M    M 10.5 18 240   M    M   3        25 240
19  57  48  53   4  12   0 0.33    M    M  9.9 18 140   M    M   8        35 140
20  57  45  51   1  14   0 0.25    M    M  6.7 14 260   M    M   5        17 210
21  72  41  57   7   8   0 0.00    M    M  4.0 12 290   0    0   0         M  M
22  61  50  56   6   9   0 0.01    M    M 11.7 21 210   M    M   7        27 210
23  55  46  51   1  14   0 0.57    M    M  9.1 16 210   M    M  10        24 240
24  54  46  50   0  15   0 0.55    M    M 13.0 23 230   M    M  10        33 230
================================================================================
SM 1324 1014       319   0  5.38    M    219.6            0    149
================================================================================
AV 57.6 44.1                               9.2 FASTST    0   0   6    MAX(MPH)
                                 MISC ---->  # 41 190               # 62  190
================================================================================
NOTES:
# LAST OF SEVERAL OCCURRENCES

COLUMN 17 PEAK WIND IN M.P.H.

PRELIMINARY LOCAL CLIMATOLOGICAL DATA (WS FORM: F-6) , PAGE 2

                                          STATION:  NORTH BEND OR
                                          MONTH:    APRIL
                                          YEAR:     2017
                                          LATITUDE:   43 25 N
                                          LONGITUDE: 124 15 W

[TEMPERATURE DATA]      [PRECIPITATION DATA]       SYMBOLS USED IN COLUMN 16

AVERAGE MONTHLY: 50.8   TOTAL FOR MONTH:   5.38    1 = FOG OR MIST
DPTR FM NORMAL:   2.0   DPTR FM NORMAL:    1.01    2 = FOG REDUCING VISIBILITY
HIGHEST:    72 ON 21    GRTST 24HR  0.93 ON  6- 6      TO 1/4 MILE OR LESS
LOWEST:     37 ON 15, 3                            3 = THUNDER
                        SNOW, ICE PELLETS, HAIL    4 = ICE PELLETS
                        TOTAL MONTH:    M          5 = HAIL
                        GRTST 24HR    M  ON   M    6 = FREEZING RAIN OR DRIZZLE
                        GRTST DEPTH:  M  ON   M    7 = DUSTSTORM OR SANDSTORM:
                                                       VSBY 1/2 MILE OR LESS
                                                   8 = SMOKE OR HAZE
[NO. OF DAYS WITH]      [WEATHER - DAYS WITH]      9 = BLOWING SNOW
                                                   X = TORNADO
MAX 32 OR BELOW:   0    0.01 INCH OR MORE:  16
MAX 90 OR ABOVE:   0    0.10 INCH OR MORE:  13
MIN 32 OR BELOW:   0    0.50 INCH OR MORE:   3
MIN  0 OR BELOW:   0    1.00 INCH OR MORE:   0

[HDD (BASE 65) ]
TOTAL THIS MO.   319    CLEAR  (SCALE 0-3)   3
DPTR FM NORMAL   -69    PTCLDY (SCALE 4-7)  13
TOTAL FM JUL 1  3526    CLOUDY (SCALE 8-10)  8
DPTR FM NORMAL  -574

[CDD (BASE 65) ]
TOTAL THIS MO.     0
DPTR FM NORMAL     0    [PRESSURE DATA]
TOTAL FM JAN 1     0    HIGHEST SLP  0.00 ON 21
DPTR FM NORMAL     0    LOWEST  SLP  0.00 ON 21

[REMARKS]
