000
CXUS53 KDMX 170920
CF6OTM
PRELIMINARY LOCAL CLIMATOLOGICAL DATA (WS FORM: F-6)

                                          STATION:   OTTUMWA IA
                                          MONTH:     NOVEMBER
                                          YEAR:      2017
                                          LATITUDE:   41  6 N
                                          LONGITUDE:  92 27 W

  TEMPERATURE IN F:       :PCPN:    SNOW:  WIND      :SUNSHINE: SKY     :PK WND
================================================================================
1   2   3   4   5  6A  6B    7    8   9   10  11  12  13   14  15   16   17  18
                                     12Z  AVG MX 2MIN
DY MAX MIN AVG DEP HDD CDD  WTR  SNW DPTH SPD SPD DIR MIN PSBL S-S WX    SPD DR
================================================================================

 1  47  34  41  -5  24   0 0.00  0.0    0 10.1 22 160   M    M   9 18     27 150
 2  53  35  44  -2  21   0 0.00  0.0    0  8.1 17 350   M    M   8 12     20 350
 3  51  29  40  -6  25   0    T    M    0 11.0 18 100   M    M   2 18     24  90
 4  53  43  48   3  17   0    T    M    0  5.4 17 100   M    M  10 18     21  90
 5  55  27  41  -4  24   0    T    M    0  9.6 23 330   M    M   8 18     27 330
 6  40  23  32 -12  33   0 0.00  0.0    0  8.2 14  40   M    M   5        19  50
 7  45  23  34 -10  31   0 0.00  0.0    0  8.1 16 360   M    M   4        20  20
 8  49  19  34  -9  31   0 0.00  0.0    0  5.9 12 210   M    M   0 1      16 210
 9  42  19  31 -12  34   0 0.00    M    0 13.8 26 330   M    M   1        33 320
10  34  18  26 -16  39   0 0.00  0.0    0 11.4 18 140   M    M   4        24 150
11  46  34  40  -2  25   0 0.09    M    0  8.0 16 160   M    M  10 1       M  M
12  43  29  36  -5  29   0 0.29    M    0  5.5 12 320   M    M   9 128    14 330
13  46  27  37  -4  28   0 0.00  0.0    0  6.4 15 180   M    M   7 12     17 170
14  50  41  46   6  19   0 0.01  0.0    0 11.8 20 170   M    M  10 1      23 170
15  55  28  42   2  23   0 0.11  0.0    0 15.6 28 290   M    M   3 1      36 300
16  38  20  29 -10  36   0 0.00  0.0    0  9.1 16 140   M    M   0        21 140
================================================================================
SM  747  449       439   0  0.50     0.0 148.0          M       90
================================================================================
AV 46.7 28.1                               9.3 FASTST   M    M   6    MAX(MPH)
                                 MISC ---->  # 28 290               # 36  300
================================================================================
NOTES:
# LAST OF SEVERAL OCCURRENCES

COLUMN 17 PEAK WIND IN M.P.H.

PRELIMINARY LOCAL CLIMATOLOGICAL DATA (WS FORM: F-6) , PAGE 2

                                          STATION:  OTTUMWA IA
                                          MONTH:    NOVEMBER
                                          YEAR:     2017
                                          LATITUDE:   41  6 N
                                          LONGITUDE:  92 27 W

[TEMPERATURE DATA]      [PRECIPITATION DATA]       SYMBOLS USED IN COLUMN 16

AVERAGE MONTHLY: 37.4   TOTAL FOR MONTH:   0.50    1 = FOG OR MIST
DPTR FM NORMAL:  -5.6   DPTR FM NORMAL:   -0.88    2 = FOG REDUCING VISIBILITY
HIGHEST:    55 ON 15, 5 GRTST 24HR  0.29 ON 12-12      TO 1/4 MILE OR LESS
LOWEST:     18 ON 10                               3 = THUNDER
                        SNOW, ICE PELLETS, HAIL    4 = ICE PELLETS
                        TOTAL MONTH:   0.0 INCH    5 = HAIL
                        GRTST 24HR     0.0         6 = FREEZING RAIN OR DRIZZLE
                        GRTST DEPTH:   0           7 = DUSTSTORM OR SANDSTORM:
                                                       VSBY 1/2 MILE OR LESS
                                                   8 = SMOKE OR HAZE
[NO. OF DAYS WITH]      [WEATHER - DAYS WITH]      9 = BLOWING SNOW
                                                   X = TORNADO
MAX 32 OR BELOW:   0    0.01 INCH OR MORE:   4
MAX 90 OR ABOVE:   0    0.10 INCH OR MORE:   2
MIN 32 OR BELOW:  11    0.50 INCH OR MORE:   0
MIN  0 OR BELOW:   0    1.00 INCH OR MORE:   0

[HDD (BASE 65) ]
TOTAL THIS MO.   439    CLEAR  (SCALE 0-3)   4
DPTR FM NORMAL    86    PTCLDY (SCALE 4-7)   7
TOTAL FM JUL 1   789    CLOUDY (SCALE 8-10)  5
DPTR FM NORMAL   -88

[CDD (BASE 65) ]
TOTAL THIS MO.     0
DPTR FM NORMAL     0    [PRESSURE DATA]
TOTAL FM JAN 1  1120    HIGHEST SLP M ON M
DPTR FM NORMAL   182    LOWEST  SLP 29.63 ON  1

[REMARKS]
