000
CXAK56 PAOT 311201
CF6OTZ

PRELIMINARY LOCAL CLIMATOLOGICAL DATA (WS FORM: F-6)

                                          STATION:   KOTZEBUE
                                          MONTH:     10
                                          YEAR:      2014
                                          LATITUDE:   66 53 N
                                          LONGITUDE: 162 36 W

  TEMPERATURE IN F:       :PCPN:    SNOW:  WIND      :SUNSHINE: SKY     :PK WND
================================================================================
1   2   3   4   5  6A  6B    7     8   9   10  11  12  13   14  15   16  17  18
                                      12Z  AVG MX 2MIN
DY MAX MIN AVG DEP HDD CDD  WTR   SNW DPTH SPD SPD DIR MIN PSBL S-S WX   SPD DR
================================================================================

 1  45  41  43   9  22   0  0.02  0.0   0 10.6 16  230   M    M   M 1     19 240
 2  41  34  38   5  27   0  0.00  0.0   0 18.4 30  350   M    M   M       33 350
 3  38  30  34   1  31   0  0.00  0.0   0 20.8 29  350   M    M   M       35 360
 4  35  26  31  -1  34   0  0.00  0.0   0 17.7 29  360   M    M   M       34 360
 5  33  24  29  -2  36   0  0.00  0.0   0 15.3 24  360   M    M   M       27 350
 6  33  26  30  -1  35   0  0.00  0.0   0  9.4 15  350   M    M   M       18  10
 7  34  24  29  -1  36   0  0.00  0.0   0  5.3 12   20   M    M   M       13  20
 8  36  23  30   0  35   0     T    T   0 10.0 20  360   M    M   M       24 360
 9  32  21  27  -2  38   0  0.00  0.0   0 12.9 21   10   M    M   M       25  30
10  29  23  26  -2  39   0  0.00  0.0   0 18.0 28   20   M    M   M       35  20
11  30  21  26  -2  39   0  0.00  0.0   0 10.6 17   10   M    M   M       21  10
12  30  26  28   1  37   0     T    T   T  7.0 12   10   M    M   M 1     14 360
13  32  25  29   3  36   0     T    T   T  2.5  9  360   M    M   M 1     11  10
14  29  22  26   0  39   0  0.00  0.0   T  5.2  9   10   M    M   M       11  10
15  29  16  23  -2  42   0  0.00  0.0   T  5.4 12   10   M    M   M       13  10
16  28  18  23  -1  42   0  0.00  0.0   T  5.4 12   30   M    M   M       14  20
17  29  15  22  -2  43   0  0.00  0.0   T  5.0  9   20   M    M   M       11 360
18  33  26  30   7  35   0  0.00  0.0   T  5.6 12   10   M    M   M       13  10
19  29  25  27   5  38   0  0.00  0.0   T  6.1 12   20   M    M   M       13  20
20  32  26  29   7  36   0  0.00  0.0   T  5.3 16   70   M    M   M       19  70
21  31  21  26   5  39   0  0.00  0.0   0  5.2 20   90   M    M   M       22  80
22  26  18  22   2  43   0  0.00  0.0   0  3.4  9   80   M    M   M       10  80
23  25  14  20   0  45   0  0.05  0.5   1 19.0 28  110   M    M   M 1     31 110
24  29  18  24   5  41   0  0.02  0.2   2 14.1 24  120   M    M   M 1     29 120
25  35  28  32  13  33   0  0.23  2.3   3 14.9 30  100   M    M   M 1     36 100
26  33  28  31  13  34   0  0.02  0.1   4 23.3 41  100   M    M   M 1     48 100
27  31  27  29  12  36   0  0.08  0.5   4 21.9 35  130   M    M   M 1     41 130
28  29  20  25   8  40   0  0.01    T   4 10.5 20  360   M    M   M 1     23 360
29  24  16  20   4  45   0  0.00  0.0   4 18.4 24  350   M    M   M       27 350
30  17   9  13  -3  52   0  0.00  0.0   4  8.8 17  350   M    M   M       20 350
================================================================================
SM  937  691      1128   0  0.43 3.6    336.0           M        M
================================================================================
AV 31.2 23.0                             11.2 FASTST  PSBL  %   M    MAX(MPH)
                                 MISC ---->     41  100                 48 100
================================================================================
NOTES:
# LAST OF SEVERAL OCCURRENCES

COLUMN 17 PEAK WIND IN M.P.H.

PRELIMINARY LOCAL CLIMATOLOGICAL DATA (WS FORM: F-6) , PAGE 2

                                          STATION:   KOTZEBUE
                                          MONTH:     10
                                          YEAR:      2014
                                          LATITUDE:  66 53 N
                                          LONGITUDE: 162 36 W

[TEMPERATURE DATA]      [PRECIPITATION DATA]       SYMBOLS USED IN COLUMN 16

AVERAGE MONTHLY:27.1   TOTAL FOR MONTH: 0.43       1 = FOG
DPTR FM NORMAL:  2.4   DPTR FM NORMAL: -0.56       2 = FOG REDUCING VISIBILITY
HIGHEST:    45 ON  1    GRTST 24HR   0.23 ON 25        TO 1/4 MILE OR LESS
LOWEST:      9 ON 30                               3 = THUNDER
                        SNOW, ICE PELLETS, HAIL    4 = ICE PELLETS
                        TOTAL MONTH: 3.6 INCHES  5 = HAIL
                        GRTST 24HR   2.3 ON 25     6 = GLAZE OR RIME
                        GRTST DEPTH:    4 ON 30    7 = BLOWING DUST OR SAND:
                                                       VSBY 1/2 MILE OR LESS
                                                   8 = SMOKE OR HAZE
[NO. OF DAYS WITH]      [WEATHER - DAYS WITH]      9 = BLOWING SNOW
                                                   X = TORNADO
MAX 32 OR BELOW:  19    0.01 INCH OR MORE:   7
MAX 70 OR ABOVE:   0    0.10 INCH OR MORE:   1
MIN 32 OR BELOW:  28    0.50 INCH OR MORE:   0
MIN  0 OR BELOW:   0    1.00 INCH OR MORE:   0

[HDD (BASE 65) ]
TOTAL THIS MO.  1128    CLEAR  (SCALE 0-3)   M
DPTR FM NORMAL   -86    PTCLDY (SCALE 4-7)   M
SEASONAL TOTAL  2259    CLOUDY (SCALE 8-10)  M
DPTR FM NORMAL  -373

[CDD (BASE 65) ]
TOTAL THIS MO.     0
DPTR FM NORMAL     0    [PRESSURE DATA]
SEASONAL TOTAL    19    HIGHEST SLP     M
DPTR FM NORMAL    19    LOWEST  SLP     M

[REMARKS]
