000
CXUS55 KPAH 290627
CF6OWB
PRELIMINARY LOCAL CLIMATOLOGICAL DATA (WS FORM: F-6)

                                          STATION:   OWENSBORO KY
                                          MONTH:     MAY
                                          YEAR:      2017
                                          LATITUDE:   37 45 N
                                          LONGITUDE:  87 10 W

  TEMPERATURE IN F:       :PCPN:    SNOW:  WIND      :SUNSHINE: SKY     :PK WND
================================================================================
1   2   3   4   5  6A  6B    7    8   9   10  11  12  13   14  15   16   17  18
                                     12Z  AVG MX 2MIN
DY MAX MIN AVG DEP HDD CDD  WTR  SNW DPTH SPD SPD DIR MIN PSBL S-S WX    SPD DR
================================================================================

 1  61  52  57  -7   8   0 0.08  0.0    0 16.7 32 230   M    M   9        38 240
 2  73  50  62  -3   3   0 0.00  0.0    0 13.1 30 270   M    M   2        36 270
 3  65  50  58  -7   7   0 0.13  0.0    0  9.2 21  50   M    M   6 3      26 100
 4  65  50  58  -7   7   0 0.52  0.0    0 10.1 28  30   M    M  10 1      37  30
 5  63  47  55 -11  10   0 1.30    M    0 13.5 30 330   M    M   6 1      35 330
 6  64  43  54 -12  11   0 0.03  0.0    0  4.9 15 330   M    M   5        18 350
 7  71  42  57  -9   8   0 0.00  0.0    0  5.8 20 310   M    M   1        23 290
 8  75  48  62  -4   3   0 0.00  0.0    0  5.7 14 150   M    M   2 8      18 130
 9  85  61  73   7   0   8 0.00  0.0    0 10.4 22 230   M    M   1        28 240
10  85  62  74   7   0   9 0.00  0.0    0  8.4 17 220   M    M   1        21 210
11  81  63  72   5   0   7    T  0.0    0  9.2 21 320   M    M   5 3      25 310
12  64  54  59  -8   6   0 0.55  0.0    0  4.9  9  30   M    M   9 1       M  M
13  77  53  65  -2   0   0 0.00  0.0    0  4.7 14 340   M    M   0 1      18  30
14  83  56  70   2   0   5 0.00  0.0    0  5.0 15 230   M    M   0        18 230
15  85  45  65  -3   0   0 0.00  0.0    0  4.1 13 210   M    M   0        15 220
16  87  63  75   7   0  10 0.00  0.0    0 10.1 21 220   M    M   0        25 210
17  86  68  77   9   0  12 0.00  0.0    0 14.5 30 170   M    M   1        37 220
18  87  71  79  10   0  14 0.02  0.0    0 12.2 23 220   M    M   6 8      28 220
19  88  68  78   9   0  13 0.00  0.0    0  8.8 28 220   M    M   4 3      33 220
20  86  67  77   8   0  12 0.65  0.0    0  9.9 22 270   M    M   5 138    26 220
21  79  61  70   1   0   5    T  0.0    0  9.3 17 280   M    M   6 8      22 260
22  73  53  63  -7   2   0 0.00  0.0    0  4.1 13 140   M    M   0 8      16  10
23  79  57  68  -2   0   3 0.00  0.0    0  2.9  7 300   M    M   4 8       9 270
24  65  58  62  -8   3   0 1.28  0.0    0  8.9 21 300   M    M  10 1      24 300
25  74  58  66  -4   0   1    T  0.0    M 10.7 21 280   M    M   7 1      26 260
26  85  55  70  -1   0   5 0.00  0.0    0 10.1 22 170   M    M   4        26 180
27  87  66  77   6   0  12 0.02  0.0    0  7.8 25 260   M    M   5 3      29 280
28  78  64  71   0   0   6 0.13  0.0    0 10.9 24 160   M    M   4 3      28 160
================================================================================
SM 2151 1585        68 122  4.71     0.0 245.9          M      113
================================================================================
AV 76.8 56.6                               8.8 FASTST   M    M   4    MAX(MPH)
                                 MISC ---->  # 32 230               # 38  240
================================================================================
NOTES:
# LAST OF SEVERAL OCCURRENCES

COLUMN 17 PEAK WIND IN M.P.H.

PRELIMINARY LOCAL CLIMATOLOGICAL DATA (WS FORM: F-6) , PAGE 2

                                          STATION:  OWENSBORO KY
                                          MONTH:    MAY
                                          YEAR:     2017
                                          LATITUDE:   37 45 N
                                          LONGITUDE:  87 10 W

[TEMPERATURE DATA]      [PRECIPITATION DATA]       SYMBOLS USED IN COLUMN 16

AVERAGE MONTHLY: 66.7   TOTAL FOR MONTH:   4.71    1 = FOG OR MIST
DPTR FM NORMAL:  -1.1   DPTR FM NORMAL:   -0.62    2 = FOG REDUCING VISIBILITY
HIGHEST:    88 ON 19    GRTST 24HR  1.30 ON  5- 5      TO 1/4 MILE OR LESS
LOWEST:     42 ON  7                               3 = THUNDER
                        SNOW, ICE PELLETS, HAIL    4 = ICE PELLETS
                        TOTAL MONTH:   0.0 INCH    5 = HAIL
                        GRTST 24HR     0.0         6 = FREEZING RAIN OR DRIZZLE
                        GRTST DEPTH:   0           7 = DUSTSTORM OR SANDSTORM:
                                                       VSBY 1/2 MILE OR LESS
                                                   8 = SMOKE OR HAZE
[NO. OF DAYS WITH]      [WEATHER - DAYS WITH]      9 = BLOWING SNOW
                                                   X = TORNADO
MAX 32 OR BELOW:   0    0.01 INCH OR MORE:  11
MAX 90 OR ABOVE:   0    0.10 INCH OR MORE:   7
MIN 32 OR BELOW:   0    0.50 INCH OR MORE:   5
MIN  0 OR BELOW:   0    1.00 INCH OR MORE:   2

[HDD (BASE 65) ]
TOTAL THIS MO.    68    CLEAR  (SCALE 0-3)  11
DPTR FM NORMAL    19    PTCLDY (SCALE 4-7)  13
TOTAL FM JUL 1  3215    CLOUDY (SCALE 8-10)  4
DPTR FM NORMAL  -652

[CDD (BASE 65) ]
TOTAL THIS MO.   122
DPTR FM NORMAL    -6    [PRESSURE DATA]
TOTAL FM JAN 1   203    HIGHEST SLP M ON M
DPTR FM NORMAL    24    LOWEST  SLP 29.49 ON 24

[REMARKS]
