587
CXUS56 KLKN 301009
CF6P68
PRELIMINARY LOCAL CLIMATOLOGICAL DATA (WS FORM: F-6)

                                          STATION:   EUREKA AIRPORT NV
                                          MONTH:     APRIL
                                          YEAR:      2017
                                          LATITUDE:   39 30 N
                                          LONGITUDE: 115 58 W

  TEMPERATURE IN F:       :PCPN:    SNOW:  WIND      :SUNSHINE: SKY     :PK WND
================================================================================
1   2   3   4   5  6A  6B    7    8   9   10  11  12  13   14  15   16   17  18
                                     12Z  AVG MX 2MIN
DY MAX MIN AVG DEP HDD CDD  WTR  SNW DPTH SPD SPD DIR MIN PSBL S-S WX    SPD DR
================================================================================

 1  58  27  43   3  22   0 0.00    M    M  5.7 15  10   M    M   M        20 360
 2  57  27  42   2  23   0 0.01    M    M  7.3 18 350   M    M   M        24 360
 3  49  21  35  -5  30   0 0.11    M    M  7.4 20 340   M    M   M        25 340
 4  53  19  36  -5  29   0 0.00    M    M  4.1 12  50   M    M   M        14  40
 5  66  31  49   8  16   0 0.00    M    M  8.5 23 180   M    M   M        30 180
 6  69  47  58  17   7   0 0.00    M    M 14.5 29 200   M    M   M        37 180
 7  63  33  48   7  17   0 0.76    M    M 13.8 33 190   M    M   M        43 190
 8  49  27  38  -3  27   0 0.07    M    M  7.5 25 330   M    M   M        32 280
 9  48  21  35  -7  30   0 0.00    M    M  3.5 12 250   M    M   M        15 210
10  58  26  42   0  23   0 0.00    M    M  5.5 17 280   M    M   M        23 270
11  58  29  44   2  21   0 0.00    M    M  6.6 29 200   M    M   M        36 200
12  71  29  50   8  15   0 0.00    M    M 14.0 31 180   M    M   M        39 160
13  62  27  45   2  20   0 0.40    M    M  9.5 29 200   M    M   M        36 200
14  48  19  34  -9  31   0 0.00    M    M  4.5 14  20   M    M   M        16  30
15  58  24  41  -2  24   0 0.00    M    M  3.2  9  40   M    M   M        13  50
16  70  35  53  10  12   0 0.00    M    M  8.2 25 180   M    M   M        34 190
17  63  35  49   5  16   0 0.02    M    M  5.8 24 170   M    M   M        30 190
18  53  31  42  -2  23   0 0.46    M    M  4.0 23 300   M    M   M        29 300
19  59  27  43  -1  22   0 0.00    M    M  4.5 17 170   M    M   M        21 170
20  53  32  43  -1  22   0 0.00    M    M 10.0 23 320   M    M   M        30 300
21  55  24  40  -5  25   0 0.00    M    M  6.1 15  10   M    M   M        21 360
22  68  27  48   3  17   0 0.00    M    M 10.7 24 150   M    M   M        31 150
23  63  32  48   3  17   0 0.00    M    M  7.2 23 260   M    M   M        29 260
24  54  35  45  -1  20   0 0.00    M    M 13.3 30 280   M    M   M        40 330
25  51  33  42  -4  23   0 0.04    M    M  8.3 23 310   M    M   M        27 320
26  58  38  48   2  17   0 0.18    M    M 10.7 33 290   M    M   M        43 290
27  52  31  42  -4  23   0 0.00    M    M 10.4 26 310   M    M   M        37 320
28  45  24  35 -12  30   0 0.05    M    M 11.0 30 320   M    M   M        37 360
29  56  19  38  -9  27   0 0.00    M    M  6.4 16 350   M    M   M        51  30
================================================================================
SM 1667  830       629   0  2.10    M    232.2          M        M
================================================================================
AV 57.5 28.6                               8.0 FASTST   M    M   1    MAX(MPH)
                                 MISC ---->  # 33 190               # 51   30
================================================================================
NOTES:
# LAST OF SEVERAL OCCURRENCES

COLUMN 17 PEAK WIND IN M.P.H.

PRELIMINARY LOCAL CLIMATOLOGICAL DATA (WS FORM: F-6) , PAGE 2

                                          STATION:  EUREKA AIRPORT NV
                                          MONTH:    APRIL
                                          YEAR:     2017
                                          LATITUDE:   39 30 N
                                          LONGITUDE: 115 58 W

[TEMPERATURE DATA]      [PRECIPITATION DATA]       SYMBOLS USED IN COLUMN 16

AVERAGE MONTHLY: 43.1   TOTAL FOR MONTH:   2.10    1 = FOG OR MIST
DPTR FM NORMAL:  -0.2   DPTR FM NORMAL:    1.16    2 = FOG REDUCING VISIBILITY
HIGHEST:    71 ON 12    GRTST 24HR  0.76 ON  7- 7      TO 1/4 MILE OR LESS
LOWEST:     19 ON 29,14                            3 = THUNDER
                        SNOW, ICE PELLETS, HAIL    4 = ICE PELLETS
                        TOTAL MONTH:    M          5 = HAIL
                        GRTST 24HR    M  ON   M    6 = FREEZING RAIN OR DRIZZLE
                        GRTST DEPTH:  M  ON   M    7 = DUSTSTORM OR SANDSTORM:
                                                       VSBY 1/2 MILE OR LESS
                                                   8 = SMOKE OR HAZE
[NO. OF DAYS WITH]      [WEATHER - DAYS WITH]      9 = BLOWING SNOW
                                                   X = TORNADO
MAX 32 OR BELOW:   0    0.01 INCH OR MORE:  10
MAX 90 OR ABOVE:   0    0.10 INCH OR MORE:   5
MIN 32 OR BELOW:  22    0.50 INCH OR MORE:   1
MIN  0 OR BELOW:   0    1.00 INCH OR MORE:   0

[HDD (BASE 65) ]
TOTAL THIS MO.   629    CLEAR  (SCALE 0-3)   0
DPTR FM NORMAL    -2    PTCLDY (SCALE 4-7)   0
TOTAL FM JUL 1  6174    CLOUDY (SCALE 8-10)  0
DPTR FM NORMAL  -613

[CDD (BASE 65) ]
TOTAL THIS MO.     0
DPTR FM NORMAL     0    [PRESSURE DATA]
TOTAL FM JAN 1     0    HIGHEST SLP M ON M
DPTR FM NORMAL     0    LOWEST  SLP 29.59 ON 13

[REMARKS]
