000
CXUS53 KPAH 170636
CF6PAH
PRELIMINARY LOCAL CLIMATOLOGICAL DATA (WS FORM: F-6)

                                          STATION:   PADUCAH KY
                                          MONTH:     FEBRUARY
                                          YEAR:      2018
                                          LATITUDE:   37  4 N
                                          LONGITUDE:  88 46 W

  TEMPERATURE IN F:       :PCPN:    SNOW:  WIND      :SUNSHINE: SKY     :PK WND
================================================================================
1   2   3   4   5  6A  6B    7    8   9   10  11  12  13   14  15   16   17  18
                                     12Z  AVG MX 2MIN
DY MAX MIN AVG DEP HDD CDD  WTR  SNW DPTH SPD SPD DIR MIN PSBL S-S WX    SPD DR
================================================================================

 1  47  22  35  -1  30   0 0.06    T    0  8.1 21 360   M    M   5 1      28 360
 2  30  15  23 -13  42   0 0.00  0.0    0  4.3 14 340   M    M   0        20 340
 3  43  22  33  -3  32   0 0.08    T    0  6.0 13 160   M    M   7 148    18 190
 4  47  20  34  -2  31   0 0.04  0.1    0 11.4 23 360   M    M  10 12     29  10
 5  35  13  24 -13  41   0    T    T    T  6.4 15 150   M    M   5        20 360
 6  36  31  34  -3  31   0 0.57  0.0    0  8.5 15  90   M    M  10 16     21  90
 7  33  22  28  -9  37   0 0.07  0.0    0  7.8 22 350   M    M   6 168    30 350
 8  43  19  31  -6  34   0 0.00  0.0    0  2.9 10 170   M    M   1 18     14 180
 9  59  30  45   7  20   0 0.01  0.0    0  4.8 18 220   M    M   3        28 200
10  51  34  43   5  22   0 0.19  0.0    0  7.9 17  30   M    M  10 18     22  20
11  34  27  31  -7  34   0 0.14    T    0  8.4 18 350   M    M  10 1468   25 350
12  40  21  31  -7  34   0 0.00  0.0    0 10.5 20  30   M    M   1        25  30
13  50  28  39   0  26   0 0.00  0.0    0  4.6 12 210   M    M   5        19 220
14  63  48  56  17   9   0 0.22  0.0    0  8.9 15 210   M    M  10 18     25 220
15  72  63  68  29   0   3 0.02  0.0    0 18.1 30 220   M    M   8 13     53 220
16  69  39  54  15  11   0 0.26  0.0    0 12.0 32 350   M    M   9 18     44 350
================================================================================
SM  752  454       434   3  1.66     0.1 130.6          M      100
================================================================================
AV 47.0 28.4                               8.2 FASTST   M    M   6    MAX(MPH)
                                 MISC ---->  # 32 350               # 53  220
================================================================================
NOTES:
# LAST OF SEVERAL OCCURRENCES

COLUMN 17 PEAK WIND IN M.P.H.

PRELIMINARY LOCAL CLIMATOLOGICAL DATA (WS FORM: F-6) , PAGE 2

                                          STATION:  PADUCAH KY
                                          MONTH:    FEBRUARY
                                          YEAR:     2018
                                          LATITUDE:   37  4 N
                                          LONGITUDE:  88 46 W

[TEMPERATURE DATA]      [PRECIPITATION DATA]       SYMBOLS USED IN COLUMN 16

AVERAGE MONTHLY: 37.7   TOTAL FOR MONTH:   1.66    1 = FOG OR MIST
DPTR FM NORMAL:   0.2   DPTR FM NORMAL:   -0.59    2 = FOG REDUCING VISIBILITY
HIGHEST:    72 ON 15    GRTST 24HR  0.57 ON  6- 6      TO 1/4 MILE OR LESS
LOWEST:     13 ON  5                               3 = THUNDER
                        SNOW, ICE PELLETS, HAIL    4 = ICE PELLETS
                        TOTAL MONTH:   0.1 INCH    5 = HAIL
                        GRTST 24HR   0.1 ON  4- 4  6 = FREEZING RAIN OR DRIZZLE
                        GRTST DEPTH:   T           7 = DUSTSTORM OR SANDSTORM:
                                                       VSBY 1/2 MILE OR LESS
                                                   8 = SMOKE OR HAZE
[NO. OF DAYS WITH]      [WEATHER - DAYS WITH]      9 = BLOWING SNOW
                                                   X = TORNADO
MAX 32 OR BELOW:   1    0.01 INCH OR MORE:  11
MAX 90 OR ABOVE:   0    0.10 INCH OR MORE:   5
MIN 32 OR BELOW:  12    0.50 INCH OR MORE:   1
MIN  0 OR BELOW:   0    1.00 INCH OR MORE:   0

[HDD (BASE 65) ]
TOTAL THIS MO.   434    CLEAR  (SCALE 0-3)   3
DPTR FM NORMAL    -6    PTCLDY (SCALE 4-7)   7
TOTAL FM JUL 1  3008    CLOUDY (SCALE 8-10)  6
DPTR FM NORMAL    -5

[CDD (BASE 65) ]
TOTAL THIS MO.     3
DPTR FM NORMAL     3    [PRESSURE DATA]
TOTAL FM JAN 1     3    HIGHEST SLP M ON M
DPTR FM NORMAL     3    LOWEST  SLP 29.77 ON 15

[REMARKS]
