000
CXUS54 KLZK 311430
CF6PBF
PRELIMINARY LOCAL CLIMATOLOGICAL DATA (WS FORM: F-6)

                                          STATION:   Pine Bluff
                                          MONTH:     JANUARY
                                          YEAR:      2015
                                          LATITUDE:   34 10 N
                                          LONGITUDE:  91 56 W

  TEMPERATURE IN F:       :PCPN:    SNOW:  WIND      :SUNSHINE: SKY     :PK WND
================================================================================
1   2   3   4   5  6A  6B    7    8   9   10  11  12  13   14  15   16   17  18
                                     12Z  AVG MX 2MIN
DY MAX MIN AVG DEP HDD CDD  WTR  SNW DPTH SPD SPD DIR MIN PSBL S-S WX    SPD DR
================================================================================

 1  37  34  36  -6  29   0 0.60  0.0    0  3.1 10  40   M    M  10 1      13  30
 2  46  36  41  -1  24   0 0.17  0.0    0  6.4 12 110   M    M  10 1      14 110
 3  55  43  49   7  16   0 2.08  0.0    0  8.7 25 310   M    M  10 13     30 300
 4  43  27  35  -7  30   0 0.00  0.0    0 10.5 22 290   M    M   4        27 280
 5  36  23  30 -12  35   0 0.00  0.0    0  7.5 20  10   M    M   0        22  20
 6  50  25  38  -4  27   0 0.00  0.0    0  4.3 15  20   M    M   0        18  30
 7  36  18  27 -15  38   0 0.00  0.0    0 14.0 29  10   M    M   2        34 340
 8  33  11  22 -20  43   0 0.00  0.0    0  7.5 15 190   M    M   0        20 190
 9  39  22  31 -11  34   0 0.00  0.0    0  7.2 21  20   M    M   0        26  10
10  35  19  27 -15  38   0 0.00  0.0    0  6.6 12 120   M    M   4        14 100
11  40  31  36  -6  29   0 0.30  0.0    0  3.6 10 310   M    M  10 1      13 310
12  42  35  39  -3  26   0 0.11  0.0    0 11.4 23  20   M    M  10 1      27  20
13  35  23  29 -13  36   0 0.00  0.0    0 11.8 22  20   M    M   8        27 360
14  36  22  29 -13  36   0 0.00  0.0    0  5.4 12  10   M    M   4        15  10
15  48  29  39  -3  26   0 0.01    T    0  2.4  8  60   M    M   5 4      14  90
16  57  26  42   0  23   0 0.00  0.0    0  3.5 10 190   M    M   0 1      13 180
17  63  33  48   6  17   0 0.00  0.0    0  8.3 21 210   M    M   1        25 210
18  66  33  50   8  15   0 0.00  0.0    0  7.0 16 210   M    M   0        20 200
19  68  39  54  12  11   0 0.00  0.0    0  7.3 17 240   M    M   0        22 220
20  62  35  49   7  16   0 0.00  0.0    0  5.7 17  20   M    M   0        22  10
21  59  30  45   3  20   0 0.00  0.0    0  2.2 10  70   M    M   0 8      13  60
22  48  39  44   2  21   0 0.28  0.0    0 11.7 22  30   M    M  10 18     31  30
23  42  34  38  -4  27   0 0.06    T    0 10.4 22  10   M    M   8 4      27  10
24  60  29  45   2  20   0 0.00  0.0    0  7.0 15 260   M    M   0        19 280
25  63  38  51   8  14   0 0.00  0.0    0 14.6 29 290   M    M   5        40 290
26  57  32  45   2  20   0 0.00  0.0    0  6.2 18 330   M    M   2        26 310
27  62  35  49   6  16   0 0.00  0.0    0  5.7 17  10   M    M   0        22  10
28  64  35  50   7  15   0 0.00  0.0    0  9.2 21 200   M    M   0        25 200
29  66  38  52   9  13   0 0.00  0.0    0 13.2 23 360   M    M   0        33 360
30  49  34  42  -1  23   0 0.00  0.0    0  8.1 15  10   M    M   0        19  20
================================================================================
SM 1497  908       738   0  3.61    T    230.5          M      103
================================================================================
AV 49.9 30.3                               7.7 FASTST   M    M   3    MAX(MPH)
                                 MISC ---->  # 29  10               # 40  290
================================================================================
NOTES:
# LAST OF SEVERAL OCCURRENCES

COLUMN 17 PEAK WIND IN M.P.H.

PRELIMINARY LOCAL CLIMATOLOGICAL DATA (WS FORM: F-6) , PAGE 2

                                          STATION:  Pine Bluff
                                          MONTH:    JANUARY
                                          YEAR:     2015
                                          LATITUDE:   34 10 N
                                          LONGITUDE:  91 56 W

[TEMPERATURE DATA]      [PRECIPITATION DATA]       SYMBOLS USED IN COLUMN 16

AVERAGE MONTHLY: 40.1   TOTAL FOR MONTH:   3.61    1 = FOG OR MIST
DPTR FM NORMAL:  -2.1   DPTR FM NORMAL:   -0.01    2 = FOG REDUCING VISIBILITY
HIGHEST:    68 ON 19    GRTST 24HR  2.09 ON  2- 3      TO 1/4 MILE OR LESS
LOWEST:     11 ON  8                               3 = THUNDER
                        SNOW, ICE PELLETS, HAIL    4 = ICE PELLETS
                        TOTAL MONTH:    T          5 = HAIL
                        GRTST 24HR    T  ON 23-23  6 = FREEZING RAIN OR DRIZZLE
                        GRTST DEPTH:   0           7 = DUSTSTORM OR SANDSTORM:
                                                       VSBY 1/2 MILE OR LESS
                                                   8 = SMOKE OR HAZE
[NO. OF DAYS WITH]      [WEATHER - DAYS WITH]      9 = BLOWING SNOW
                                                   X = TORNADO
MAX 32 OR BELOW:   0    0.01 INCH OR MORE:   8
MAX 90 OR ABOVE:   0    0.10 INCH OR MORE:   6
MIN 32 OR BELOW:  15    0.50 INCH OR MORE:   2
MIN  0 OR BELOW:   0    1.00 INCH OR MORE:   1

[HDD (BASE 65) ]
TOTAL THIS MO.   738    CLEAR  (SCALE 0-3)  17
DPTR FM NORMAL    55    PTCLDY (SCALE 4-7)   7
TOTAL FM JUL 1  1941    CLOUDY (SCALE 8-10)  6
DPTR FM NORMAL   105

[CDD (BASE 65) ]
TOTAL THIS MO.     0
DPTR FM NORMAL     0    [PRESSURE DATA]
TOTAL FM JAN 1     0    HIGHEST SLP M ON M
DPTR FM NORMAL     0    LOWEST  SLP 29.67 ON 25

[REMARKS]
ALL SNOWFALL DATA IS FROM THE PINE BLUFF WATER PLANT SITE
