881
CXUS51 KBTV 200700
CF6PBG
PRELIMINARY LOCAL CLIMATOLOGICAL DATA (WS FORM: F-6)

                                          STATION:   PLATTSBURGH NY
                                          MONTH:     FEBRUARY
                                          YEAR:      2018
                                          LATITUDE:   44 39 N
                                          LONGITUDE:  73 28 W

  TEMPERATURE IN F:       :PCPN:    SNOW:  WIND      :SUNSHINE: SKY     :PK WND
================================================================================
1   2   3   4   5  6A  6B    7    8   9   10  11  12  13   14  15   16   17  18
                                     12Z  AVG MX 2MIN
DY MAX MIN AVG DEP HDD CDD  WTR  SNW DPTH SPD SPD DIR MIN PSBL S-S WX    SPD DR
================================================================================

 1  38  27  33  16  32   0 0.03    M    0  9.6 21 160   M    M   8 1      28 160
 2  31   1  16  -1  49   0    T    M    0 11.7 24 350   M    M   4 1      32 350
 3  23  -5   9  -8  56   0    T    M    0  5.2 15 160   M    M   6 8      20 170
 4  34  22  28  10  37   0    T    M    0 10.1 20 160   M    M  10 1      29 150
 5  31  14  23   5  42   0    T    M    0  5.5 20 330   M    M   3 1      26 310
 6  30  15  23   5  42   0    T    M    0  4.9 15 160   M    M   9 1      18 140
 7  21   8  15  -3  50   0 0.48    M    0  2.6 14 360   M    M   7 128    15  10
 8  24   0  12  -7  53   0    T    M    0  2.9 10 100   M    M   4        14 210
 9  24   2  13  -6  52   0    T    M    0  5.8 17 150   M    M   7 1      22 140
10  31  21  26   7  39   0 0.13    M    0  3.9 17  10   M    M  10 18     21  10
11  36  22  29   9  36   0 0.02    M    0  4.2 14 360   M    M  10 168    17 150
12  39  19  29   9  36   0    T    M    0  8.8 18 320   M    M   5 1      25 330
13  25   0  13  -7  52   0    T    M    0  5.5 17 150   M    M   1        22 150
14  43  15  29   9  36   0 0.00  0.0    0  6.2 20 140   M    M   6        24 140
15  56  23  40  19  25   0 0.00    M    0  4.0 17 210   M    M   5        27 250
16  43  22  33  12  32   0 0.01    M    0  7.2 22 320   M    M   8 18     29 320
17  34  10  22   0  43   0    T    M    0  8.7 18 150   M    M   2        27 150
18  40  24  32  10  33   0    T    M    0  2.8 12 300   M    M   9 18     16 300
19  43  20  32  10  33   0 0.03    M    0 10.5 26 160   M    M   4 1      35 140
================================================================================
SM  646  260       778   0  0.70     0.0 120.1          M      118
================================================================================
AV 34.0 13.7                               6.3 FASTST   M    M   6    MAX(MPH)
                                 MISC ---->  # 26 160               # 35  140
================================================================================
NOTES:
# LAST OF SEVERAL OCCURRENCES

COLUMN 17 PEAK WIND IN M.P.H.

PRELIMINARY LOCAL CLIMATOLOGICAL DATA (WS FORM: F-6) , PAGE 2

                                          STATION:  PLATTSBURGH NY
                                          MONTH:    FEBRUARY
                                          YEAR:     2018
                                          LATITUDE:   44 39 N
                                          LONGITUDE:  73 28 W

[TEMPERATURE DATA]      [PRECIPITATION DATA]       SYMBOLS USED IN COLUMN 16

AVERAGE MONTHLY: 23.8   TOTAL FOR MONTH:   0.70    1 = FOG OR MIST
DPTR FM NORMAL:   4.5   DPTR FM NORMAL:       M    2 = FOG REDUCING VISIBILITY
HIGHEST:    56 ON 15    GRTST 24HR  0.48 ON  7- 7      TO 1/4 MILE OR LESS
LOWEST:     -5 ON  3                               3 = THUNDER
                        SNOW, ICE PELLETS, HAIL    4 = ICE PELLETS
                        TOTAL MONTH:   0.0 INCH    5 = HAIL
                        GRTST 24HR     0.0         6 = FREEZING RAIN OR DRIZZLE
                        GRTST DEPTH:   0           7 = DUSTSTORM OR SANDSTORM:
                                                       VSBY 1/2 MILE OR LESS
                                                   8 = SMOKE OR HAZE
[NO. OF DAYS WITH]      [WEATHER - DAYS WITH]      9 = BLOWING SNOW
                                                   X = TORNADO
MAX 32 OR BELOW:   9    0.01 INCH OR MORE:   6
MAX 90 OR ABOVE:   0    0.10 INCH OR MORE:   2
MIN 32 OR BELOW:  19    0.50 INCH OR MORE:   0
MIN  0 OR BELOW:   3    1.00 INCH OR MORE:   0

[HDD (BASE 65) ]
TOTAL THIS MO.   778    CLEAR  (SCALE 0-3)   2
DPTR FM NORMAL   -88    PTCLDY (SCALE 4-7)  12
TOTAL FM JUL 1  5019    CLOUDY (SCALE 8-10)  5
DPTR FM NORMAL  -223

[CDD (BASE 65) ]
TOTAL THIS MO.     0
DPTR FM NORMAL     0    [PRESSURE DATA]
TOTAL FM JAN 1     0    HIGHEST SLP M ON M
DPTR FM NORMAL     0    LOWEST  SLP 29.56 ON 16

[REMARKS]
