000
CXUS52 KMFL 291000
CF6PBI
PRELIMINARY LOCAL CLIMATOLOGICAL DATA (WS FORM: F-6)

                                          STATION:   WEST PALM BEACH
                                          MONTH:     APRIL
                                          YEAR:      2016
                                          LATITUDE:   26 40 N
                                          LONGITUDE:  80  7 W

  TEMPERATURE IN F:       :PCPN:    SNOW:  WIND      :SUNSHINE: SKY     :PK WND
================================================================================
1   2   3   4   5  6A  6B    7    8   9   10  11  12  13   14  15   16   17  18
                                     12Z  AVG MX 2MIN
DY MAX MIN AVG DEP HDD CDD  WTR  SNW DPTH SPD SPD DIR MIN PSBL S-S WX    SPD DR
================================================================================

 1  86  76  81   9   0  16 0.00  0.0    0 12.8 22 140   M    M   4        26 140
 2  90  77  84  12   0  19    T  0.0    0 11.5 20 240   M    M   6        27 200
 3  78  67  73   1   0   8    T  0.0    0 11.1 20 350   M    M   8        27 360
 4  81  66  74   2   0   9 0.01  0.0    0  6.1 16  30   M    M   6        24  20
 5  81  63  72   0   0   7 0.00  0.0    0  7.1 14  50   M    M   2        21 220
 6  80  69  75   3   0  10 0.00  0.0    0 15.5 23  80   M    M   5        25  70
 7  87  68  78   5   0  13    T  0.0    0  8.1 18 240   M    M   5        24 270
 8  84  61  73   0   0   8 0.00  0.0    0  7.9 16 300   M    M   4        21 270
 9  79  61  70  -3   0   5 0.00  0.0    0 10.3 18 350   M    M   3        28  20
10  79  58  69  -4   0   4 0.00  0.0    0 11.8 21  90   M    M   6        26  90
11  80  72  76   3   0  11 0.00  0.0    0 13.7 21  70   M    M   5        26  90
12  82  70  76   3   0  11 0.00  0.0    0  8.1 16 110   M    M   5        20  90
13  83  66  75   2   0  10 0.00  0.0    0  5.4 13 100   M    M   4        18 120
14  86  68  77   3   0  12 0.00  0.0    0  7.2 17 130   M    M   5        21 130
15  85  70  78   4   0  13 0.55  0.0    0  6.6 26 100   M    M   6 13     30 100
16  81  67  74   0   0   9 0.01  0.0    0 12.3 24  70   M    M   6        30  80
17  79  71  75   1   0  10    T  0.0    0 14.5 23  40   M    M   7        29  50
18  80  71  76   2   0  11 0.00  0.0    0 12.6 23  50   M    M   5        28  40
19  80  62  71  -3   0   6 0.00  0.0    0  9.1 17  80   M    M   4        23  40
20  80  70  75   1   0  10 0.00  0.0    0 11.5 23  90   M    M   7        29 100
21  84  74  79   5   0  14 0.00  0.0    0 17.7 24 110   M    M   5        33 120
22  84  75  80   5   0  15 0.00  0.0    0 14.0 24 140   M    M   6        33 130
23  89  73  81   6   0  16 0.00  0.0    0 10.0 21 290   M    M   6        27 310
24  85  68  77   2   0  12 0.00  0.0    0 10.8 20  50   M    M   4        26  50
25  83  75  79   4   0  14 0.00  0.0    0 11.3 18 100   M    M   5        26  90
26  82  68  75   0   0  10 0.89  0.0    0  9.5 20 120   M    M   5 1      27 120
27  82  67  75   0   0  10    T  0.0    0  7.8 16 130   M    M   3        21 110
28  86  69  78   2   0  13    T  0.0    0  7.1 15 110   M    M   3        19 100
================================================================================
SM 2316 1922         0 306  1.46     0.0 291.4          M      140
================================================================================
AV 82.7 68.6                              10.4 FASTST   M    M   5    MAX(MPH)
                                 MISC ---->  # 26 100               # 33  120
================================================================================
NOTES:
# LAST OF SEVERAL OCCURRENCES

COLUMN 17 PEAK WIND IN M.P.H.

PRELIMINARY LOCAL CLIMATOLOGICAL DATA (WS FORM: F-6) , PAGE 2

                                          STATION:  WEST PALM BEACH
                                          MONTH:    APRIL
                                          YEAR:     2016
                                          LATITUDE:   26 40 N
                                          LONGITUDE:  80  7 W

[TEMPERATURE DATA]      [PRECIPITATION DATA]       SYMBOLS USED IN COLUMN 16

AVERAGE MONTHLY: 75.7   TOTAL FOR MONTH:   1.46    1 = FOG OR MIST
DPTR FM NORMAL:   2.1   DPTR FM NORMAL:   -2.02    2 = FOG REDUCING VISIBILITY
HIGHEST:    90 ON  2    GRTST 24HR  0.89 ON 26-26      TO 1/4 MILE OR LESS
LOWEST:     58 ON 10                               3 = THUNDER
                        SNOW, ICE PELLETS, HAIL    4 = ICE PELLETS
                        TOTAL MONTH:   0.0 INCH    5 = HAIL
                        GRTST 24HR     0.0         6 = FREEZING RAIN OR DRIZZLE
                        GRTST DEPTH:   0           7 = DUSTSTORM OR SANDSTORM:
                                                       VSBY 1/2 MILE OR LESS
                                                   8 = SMOKE OR HAZE
[NO. OF DAYS WITH]      [WEATHER - DAYS WITH]      9 = BLOWING SNOW
                                                   X = TORNADO
MAX 32 OR BELOW:   0    0.01 INCH OR MORE:   4
MAX 90 OR ABOVE:   1    0.10 INCH OR MORE:   2
MIN 32 OR BELOW:   0    0.50 INCH OR MORE:   2
MIN  0 OR BELOW:   0    1.00 INCH OR MORE:   0

[HDD (BASE 65) ]
TOTAL THIS MO.     0    CLEAR  (SCALE 0-3)   3
DPTR FM NORMAL     0    PTCLDY (SCALE 4-7)  25
TOTAL FM JUL 1   135    CLOUDY (SCALE 8-10)  0
DPTR FM NORMAL   -94

[CDD (BASE 65) ]
TOTAL THIS MO.   306
DPTR FM NORMAL    62    [PRESSURE DATA]
TOTAL FM JAN 1   823    HIGHEST SLP M ON M
DPTR FM NORMAL   151    LOWEST  SLP 29.87 ON M

[REMARKS]
