000
CXUS52 KMFL 301000
CF6PBI
PRELIMINARY LOCAL CLIMATOLOGICAL DATA (WS FORM: F-6)

                                          STATION:   WEST PALM BEACH
                                          MONTH:     APRIL
                                          YEAR:      2017
                                          LATITUDE:   26 40 N
                                          LONGITUDE:  80  7 W

  TEMPERATURE IN F:       :PCPN:    SNOW:  WIND      :SUNSHINE: SKY     :PK WND
================================================================================
1   2   3   4   5  6A  6B    7    8   9   10  11  12  13   14  15   16   17  18
                                     12Z  AVG MX 2MIN
DY MAX MIN AVG DEP HDD CDD  WTR  SNW DPTH SPD SPD DIR MIN PSBL S-S WX    SPD DR
================================================================================

 1  83  65  74   2   0   9 0.00  0.0    0  6.5 14 100   M    M   6        27 100
 2  85  67  76   4   0  11 0.00  0.0    0  9.4 21 120   M    M   7 1      26 120
 3  86  76  81   9   0  16 0.00  0.0    0 15.0 24 150   M    M   3        30 140
 4  86  73  80   8   0  15 0.00  0.0    0 12.1 25 140   M    M   4        29 140
 5  87  67  77   5   0  12 0.00  0.0    0  9.8 22 140   M    M   5        27 130
 6  89  65  77   5   0  12 0.00  0.0    0 13.1 24 250   M    M   5        33 250
 7  77  59  68  -5   0   3 0.00  0.0    0 12.2 21 310   M    M   2        29 250
 8  78  53  66  -7   0   1 0.00  0.0    0  7.1 15 110   M    M   5        20  80
 9  80  62  71  -2   0   6    T  0.0    0 10.4 20  90   M    M   6        28  70
10  81  71  76   3   0  11 0.00  0.0    0 14.3 21  90   M    M   5        26  90
11  81  68  75   2   0  10    T  0.0    0 12.7 21  90   M    M   4        27 100
12  82  70  76   3   0  11 0.01  0.0    0 15.0 23  80   M    M   7        29  70
13  80  72  76   3   0  11 0.00  0.0    0 13.5 18  60   M    M   7        24  80
14  82  72  77   3   0  12 0.00  0.0    0 14.5 22  70   M    M   5        28  70
15  82  73  78   4   0  13 0.00  0.0    0 18.4 26  90   M    M   6        34  80
16  83  72  78   4   0  13    T  0.0    0 15.7 21  90   M    M   6        27 110
17  82  72  77   3   0  12    T  0.0    0 13.1 17 110   M    M   6        22 110
18  82  74  78   4   0  13 0.00  0.0    0 12.8 20 110   M    M   7        24 100
19  81  72  77   3   0  12 0.10  0.0    0 14.3 22 110   M    M   7        26 110
20  82  71  77   3   0  12 0.00  0.0    0 14.2 22 100   M    M   5        27  90
21  82  73  78   4   0  13 0.00  0.0    0 14.9 21 120   M    M   5        27 130
22  84  74  79   4   0  14 0.00  0.0    0 15.0 22 140   M    M   7        28 140
23  77  66  72  -3   0   7 3.50  0.0    0  8.8 28 330   M    M   8 13     30 330
24  86  67  77   2   0  12 0.00  0.0    0 11.5 28 270   M    M   3 12     36 270
25  82  61  72  -3   0   7 0.00  0.0    0  8.7 20 270   M    M   4        26 270
26  81  62  72  -3   0   7 0.00  0.0    0  9.0 18 130   M    M   3        22 110
27  88  76  82   7   0  17 0.00  0.0    0 12.1 21 140   M    M   5        25 150
28  86  77  82   6   0  17 0.00  0.0    0 15.1 22 120   M    M   5        26 110
29  85  77  81   5   0  16 0.00  0.0    0 17.9 23 120   M    M   6        29 130
================================================================================
SM 2400 2007         0 325  3.61     0.0 367.1          M      154
================================================================================
AV 82.8 69.2                              12.7 FASTST   M    M   5    MAX(MPH)
                                 MISC ---->  # 28 330               # 36  270
================================================================================
NOTES:
# LAST OF SEVERAL OCCURRENCES

COLUMN 17 PEAK WIND IN M.P.H.

PRELIMINARY LOCAL CLIMATOLOGICAL DATA (WS FORM: F-6) , PAGE 2

                                          STATION:  WEST PALM BEACH
                                          MONTH:    APRIL
                                          YEAR:     2017
                                          LATITUDE:   26 40 N
                                          LONGITUDE:  80  7 W

[TEMPERATURE DATA]      [PRECIPITATION DATA]       SYMBOLS USED IN COLUMN 16

AVERAGE MONTHLY: 76.0   TOTAL FOR MONTH:   3.61    1 = FOG OR MIST
DPTR FM NORMAL:   2.3   DPTR FM NORMAL:    0.04    2 = FOG REDUCING VISIBILITY
HIGHEST:    89 ON  6    GRTST 24HR  3.50 ON 23-23      TO 1/4 MILE OR LESS
LOWEST:     53 ON  8                               3 = THUNDER
                        SNOW, ICE PELLETS, HAIL    4 = ICE PELLETS
                        TOTAL MONTH:   0.0 INCH    5 = HAIL
                        GRTST 24HR     0.0         6 = FREEZING RAIN OR DRIZZLE
                        GRTST DEPTH:   0           7 = DUSTSTORM OR SANDSTORM:
                                                       VSBY 1/2 MILE OR LESS
                                                   8 = SMOKE OR HAZE
[NO. OF DAYS WITH]      [WEATHER - DAYS WITH]      9 = BLOWING SNOW
                                                   X = TORNADO
MAX 32 OR BELOW:   0    0.01 INCH OR MORE:   3
MAX 90 OR ABOVE:   0    0.10 INCH OR MORE:   2
MIN 32 OR BELOW:   0    0.50 INCH OR MORE:   1
MIN  0 OR BELOW:   0    1.00 INCH OR MORE:   1

[HDD (BASE 65) ]
TOTAL THIS MO.     0    CLEAR  (SCALE 0-3)   1
DPTR FM NORMAL     0    PTCLDY (SCALE 4-7)  27
TOTAL FM JUL 1    68    CLOUDY (SCALE 8-10)  1
DPTR FM NORMAL  -161

[CDD (BASE 65) ]
TOTAL THIS MO.   325
DPTR FM NORMAL    70    [PRESSURE DATA]
TOTAL FM JAN 1   859    HIGHEST SLP M ON M
DPTR FM NORMAL   176    LOWEST  SLP 29.73 ON 24

[REMARKS]
