000
CXUS56 KPDT 181832
CF6PDT
PRELIMINARY LOCAL CLIMATOLOGICAL DATA (WS FORM: F-6)

                                          STATION:   PENDLETON OR
                                          MONTH:     FEBRUARY
                                          YEAR:      2018
                                          LATITUDE:   45 40 N
                                          LONGITUDE: 118 51 W

  TEMPERATURE IN F:       :PCPN:    SNOW:  WIND      :SUNSHINE: SKY     :PK WND
================================================================================
1   2   3   4   5  6A  6B    7    8   9   10  11  12  13   14  15   16   17  18
                                     12Z  AVG MX 2MIN
DY MAX MIN AVG DEP HDD CDD  WTR  SNW DPTH SPD SPD DIR MIN PSBL S-S WX    SPD DR
================================================================================

 1  49  34  42   5  23   0 0.10  0.0    0  4.9 18 290   M    M   9        21 290
 2  60  40  50  13  15   0 0.15  0.0    0  9.6 25 260   M    M   5 12     32 250
 3  57  49  53  16  12   0 0.01  0.0    0 11.5 32 270   M    M   6        41 270
 4  60  47  54  17  11   0    T  0.0    0 17.2 30 270   M    M   5        40 270
 5  56  44  50  13  15   0 0.00  0.0    0 20.4 35 260   M    M   2        42 260
 6  55  42  49  12  16   0 0.00  0.0    0 11.7 24 270   M    M   6 8      31 270
 7  62  42  52  14  13   0 0.00  0.0    0  6.6 16 270   M    M   1        19 270
 8  64  44  54  16  11   0 0.00  0.0    0 13.4 36 270   M    M   1        42 270
 9  48  33  41   3  24   0 0.00  0.0    0  6.7 13 300   M    M   7        16 290
10  43  24  34  -4  31   0    T    T    0  5.9 13 150   M    M   3        13 170
11  42  29  36  -2  29   0 0.00  0.0    0  5.8 14 360   M    M   5        17 330
12  34  18  26 -12  39   0 0.00  0.0    0  7.8 14 350   M    M   1        18 330
13  48  16  32  -6  33   0 0.00  0.0    0  4.4 10 220   M    M   0        13 230
14  44  32  38   0  27   0 0.20  1.8    0 10.5 22 280   M    M  10 1      28 290
15  47  31  39   1  26   0    T    T    0 11.0 20 240   M    M   6        25 270
16  52  32  42   4  23   0 0.03  0.0    0 14.1 29 250   M    M   6        37 250
17  56  39  48   9  17   0 0.04  0.0    0 15.0 48 270   M    M   8 8      57 270
================================================================================
SM  877  596       365   0  0.53     1.8 176.5          M       81
================================================================================
AV 51.6 35.1                              10.4 FASTST   M    M   5    MAX(MPH)
                                 MISC ---->  # 48 270               # 57  270
================================================================================
NOTES:
# LAST OF SEVERAL OCCURRENCES

COLUMN 17 PEAK WIND IN M.P.H.

PRELIMINARY LOCAL CLIMATOLOGICAL DATA (WS FORM: F-6) , PAGE 2

                                          STATION:  PENDLETON OR
                                          MONTH:    FEBRUARY
                                          YEAR:     2018
                                          LATITUDE:   45 40 N
                                          LONGITUDE: 118 51 W

[TEMPERATURE DATA]      [PRECIPITATION DATA]       SYMBOLS USED IN COLUMN 16

AVERAGE MONTHLY: 43.3   TOTAL FOR MONTH:   0.53    1 = FOG OR MIST
DPTR FM NORMAL:   5.6   DPTR FM NORMAL:   -0.12    2 = FOG REDUCING VISIBILITY
HIGHEST:    64 ON  8    GRTST 24HR  0.20 ON 14-14      TO 1/4 MILE OR LESS
LOWEST:     16 ON 13                               3 = THUNDER
                        SNOW, ICE PELLETS, HAIL    4 = ICE PELLETS
                        TOTAL MONTH:   1.8 INCHES  5 = HAIL
                        GRTST 24HR   1.8 ON 14-14  6 = FREEZING RAIN OR DRIZZLE
                        GRTST DEPTH:   0           7 = DUSTSTORM OR SANDSTORM:
                                                       VSBY 1/2 MILE OR LESS
                                                   8 = SMOKE OR HAZE
[NO. OF DAYS WITH]      [WEATHER - DAYS WITH]      9 = BLOWING SNOW
                                                   X = TORNADO
MAX 32 OR BELOW:   0    0.01 INCH OR MORE:   6
MAX 90 OR ABOVE:   0    0.10 INCH OR MORE:   3
MIN 32 OR BELOW:   7    0.50 INCH OR MORE:   0
MIN  0 OR BELOW:   0    1.00 INCH OR MORE:   0

[HDD (BASE 65) ]
TOTAL THIS MO.   365    CLEAR  (SCALE 0-3)   6
DPTR FM NORMAL  -100    PTCLDY (SCALE 4-7)   9
TOTAL FM JUL 1  3392    CLOUDY (SCALE 8-10)  2
DPTR FM NORMAL  -231

[CDD (BASE 65) ]
TOTAL THIS MO.     0
DPTR FM NORMAL     0    [PRESSURE DATA]
TOTAL FM JAN 1     0    HIGHEST SLP M ON M
DPTR FM NORMAL     0    LOWEST  SLP 29.49 ON 17

[REMARKS]
