000
CXUS54 KMAF 291100
CF6PEQ
PRELIMINARY LOCAL CLIMATOLOGICAL DATA (WS FORM: F-6)

                                          STATION:   Pecos Municipal Airport
                                          MONTH:     AUGUST
                                          YEAR:      2014
                                          LATITUDE:   31 22 N
                                          LONGITUDE: 103 31 W

  TEMPERATURE IN F:       :PCPN:    SNOW:  WIND      :SUNSHINE: SKY     :PK WND
================================================================================
1   2   3   4   5  6A  6B    7    8   9   10  11  12  13   14  15   16   17  18
                                     12Z  AVG MX 2MIN
DY MAX MIN AVG DEP HDD CDD  WTR  SNW DPTH SPD SPD DIR MIN PSBL S-S WX    SPD DR
================================================================================

 1  86  67  77   M   0  12 0.01  0.0    0  8.4 13  90   M    M   4        21  80
 2  89  71  80   M   0  15 0.00  0.0    0  7.3 14  90   M    M   7        20  60
 3  93  65  79   M   0  14 0.00  0.0    0  5.1 13 100   M    M   2        25  40
 4  95  65  80   M   0  15 0.00  0.0    0  7.0 14 100   M    M   1        18 100
 5  98  67  83   M   0  18 0.00  0.0    0  7.1 14  90   M    M   0        18  70
 6 101  68  85   M   0  20 0.00  0.0    0  5.3 14 130   M    M   0 8      18 120
 7 104  72  88   M   0  23 0.00  0.0    0  7.6 17 120   M    M   0 8      21  80
 8 100  71  86   M   0  21 0.00  0.0    0  7.9 16 320   M    M   0        22 310
 9 101  70  86   M   0  21 0.00  0.0    0  6.4 15 260   M    M   0        23 210
10  97  67  82   M   0  17 0.00  0.0    0  9.5 20  90   M    M   0 3      25 100
11  91  74  83   M   0  18 0.00  0.0    0  9.8 17  70   M    M   0        23  30
12  94  72  83   M   0  18 0.00  0.0    0  5.9 17 130   M    M   0 3      25 130
13  97  67  82   M   0  17 0.00  0.0    0  9.4 17 120   M    M   0        25  90
14  99  69  84   M   0  19 0.00  0.0    0  7.1 13 110   M    M   0         M  M
15 100  68  84   M   0  19 0.06  0.0    0  5.9 15 230   M    M   1        25 270
16  99  72  86   M   0  21 0.00  0.0    0  8.2 18 100   M    M   0 3      22 100
17  98  68  83   M   0  18 0.00  0.0    0  6.4 31  30   M    M   0 3      38  30
18  94  63  79   M   0  14 0.00  0.0    0  4.2 10 130   M    M   0 3       M  M
19  99  67  83   M   0  18 0.00  0.0    0  6.1 18 170   M    M   0        22 170
20  97  75  86   M   0  21 0.00  0.0    0  7.7 23 160   M    M   0 3      28 160
21  99  71  85   M   0  20 0.00  0.0    0  6.4 17 130   M    M   0 3      27 270
22  99  71  85   M   0  20 0.01  0.0    0  4.6 22 260   M    M   0 3      29 260
23  95  70  83   M   0  18 0.01  0.0    0  3.5  9 220   M    M   1 3      10 280
24  99  67  83   M   0  18 0.00  0.0    0  5.2 15 130   M    M   0         M  M
25 100  69  85   M   0  20 0.01  0.0    0  5.9 22 330   M    M   0        36 330
26  99  71  85   M   0  20 0.00  0.0    0  5.8 14 110   M    M   0        20 100
27  99  68  84   M   0  19 0.00  0.0    0  5.2 12 270   M    M   0         M  M
28 100  70  85   M   0  20 0.10  0.0    0  5.8 17 130   M    M   0 3      22 130
================================================================================
SM 2722 1935         0 514  0.20     0.0 184.7          M       16
================================================================================
AV 97.2 69.1                               6.6 FASTST   M    M   1    MAX(MPH)
                                 MISC ---->    31   M               # 38   30
================================================================================
NOTES:
# LAST OF SEVERAL OCCURRENCES

COLUMN 17 PEAK WIND IN M.P.H.

PRELIMINARY LOCAL CLIMATOLOGICAL DATA (WS FORM: F-6) , PAGE 2

                                          STATION:  Pecos Municipal Airport
                                          MONTH:    AUGUST
                                          YEAR:     2014
                                          LATITUDE:   31 22 N
                                          LONGITUDE: 103 31 W

[TEMPERATURE DATA]      [PRECIPITATION DATA]       SYMBOLS USED IN COLUMN 16

AVERAGE MONTHLY: 83.2   TOTAL FOR MONTH:   0.20    1 = FOG OR MIST
DPTR FM NORMAL:     M   DPTR FM NORMAL:       M    2 = FOG REDUCING VISIBILITY
HIGHEST:   104 ON  7    GRTST 24HR  0.10 ON 28-28      TO 1/4 MILE OR LESS
LOWEST:     63 ON 18                               3 = THUNDER
                        SNOW, ICE PELLETS, HAIL    4 = ICE PELLETS
                        TOTAL MONTH:   0.0 INCH    5 = HAIL
                        GRTST 24HR     0.0         6 = FREEZING RAIN OR DRIZZLE
                        GRTST DEPTH:   0           7 = DUSTSTORM OR SANDSTORM:
                                                       VSBY 1/2 MILE OR LESS
                                                   8 = SMOKE OR HAZE
[NO. OF DAYS WITH]      [WEATHER - DAYS WITH]      9 = BLOWING SNOW
                                                   X = TORNADO
MAX 32 OR BELOW:   0    0.01 INCH OR MORE:   6
MAX 90 OR ABOVE:  26    0.10 INCH OR MORE:   1
MIN 32 OR BELOW:   0    0.50 INCH OR MORE:   0
MIN  0 OR BELOW:   0    1.00 INCH OR MORE:   0

[HDD (BASE 65) ]
TOTAL THIS MO.     0    CLEAR  (SCALE 0-3)  26
DPTR FM NORMAL     M    PTCLDY (SCALE 4-7)   2
TOTAL FM JUL 1     0    CLOUDY (SCALE 8-10)  0
DPTR FM NORMAL     M

[CDD (BASE 65) ]
TOTAL THIS MO.   514
DPTR FM NORMAL     M    [PRESSURE DATA]
TOTAL FM JAN 1  2113    HIGHEST SLP M ON M
DPTR FM NORMAL     M    LOWEST  SLP M ON M

[REMARKS]
