000
CXUS54 KEWX 250910
CF6PEZ
PRELIMINARY LOCAL CLIMATOLOGICAL DATA (WS FORM: F-6)

                                          STATION:   PLEASANTON MUNICIPAL AIRPORT
                                          MONTH:     FEBRUARY
                                          YEAR:      2017
                                          LATITUDE:   28 57 N
                                          LONGITUDE:  98 31 W

  TEMPERATURE IN F:       :PCPN:    SNOW:  WIND      :SUNSHINE: SKY     :PK WND
================================================================================
1   2   3   4   5  6A  6B    7    8   9   10  11  12  13   14  15   16   17  18
                                     12Z  AVG MX 2MIN
DY MAX MIN AVG DEP HDD CDD  WTR  SNW DPTH SPD SPD DIR MIN PSBL S-S WX    SPD DR
================================================================================

 1  85  44  65   M   0   0 0.00    M    M  1.6  7 210   M    M   2 12      M  M
 2  63  54  59   M   6   0 0.00    M    M  8.1 13  30   M    M  10 12     18  30
 3  56  48  52   M  13   0 0.04    M    M  9.0 14  30   M    M  10        20  30
 4  55  48  52   M  13   0 0.00    M    M  3.4  6  20   M    M  10 12      M  M
 5  72  53  63   M   2   0 0.01    M    M  1.7 10 140   M    M  10 1      20 140
 6  83  67  75   M   0  10 0.00    M    M  6.5 10 170   M    M   8 1      18 140
 7  87  55  71   M   0   6 0.00    M    M  2.5  8 280   M    M   5 1       M  M
 8  92  51  72   M   0   7 0.00    M    M  6.2 14 290   M    M   0 1      20 290
 9  73  48  61   M   4   0 0.00    M    M  7.1 14  40   M    M   0        20  40
10  81  49  65   M   0   0 0.00    M    M  3.4  9 180   M    M   6 1      17 180
11  90  63  77   M   0  12 0.00    M    M  5.0 10 160   M    M   4 1       9 210
12  87  66  77   M   0  12 0.00    M    M  7.1 14  80   M    M   7        21  30
13  83  64  74   M   0   9 0.00    M    M 11.2 21 130   M    M   9        28 130
14  69  51  60   M   5   0 0.43    M    M 10.7 20 330   M    M   5 3      32 330
15  66  41  54   M  11   0 0.00    M    M  7.3 14 310   M    M   1        21 310
16  70  36  53   M  12   0 0.00    M    M  2.6  8 140   M    M   0         M  M
17  80  48  64   M   1   0 0.00    M    M  4.2 10 190   M    M   0        17 190
18  89  56  73   M   0   8 0.00    M    M  4.9 13 140   M    M   4 12     23 130
19  83  60  72   M   0   7 0.99    M    M  9.2 15 280   M    M   8 13     27 280
20  76  58  67   M   0   2 0.46    M    M  4.5 14 280   M    M   5 13     18 280
21  85  50  68   M   0   3 0.00    M    M  7.4 15 270   M    M   0        21 300
22  90  46  68   M   0   3 0.00    M    M  2.8  8 240   M    M   0         M  M
23  94  46  70   M   0   5 0.00    M    M  5.6 13 120   M    M   0 8      20 150
24  86  54  70   M   0   5 0.00    M    M  6.7 17 320   M    M   2 12     24 320
================================================================================
SM 1895 1256        67  89  1.93    M    138.7          M      106
================================================================================
AV 79.0 52.3                               5.8 FASTST   M    M   4    MAX(MPH)
                                 MISC ---->    21   M                 32    M
================================================================================
NOTES:
# LAST OF SEVERAL OCCURRENCES

COLUMN 17 PEAK WIND IN M.P.H.

PRELIMINARY LOCAL CLIMATOLOGICAL DATA (WS FORM: F-6) , PAGE 2

                                          STATION:  PLEASANTON MUNICIPAL AIRPORT
                                          MONTH:    FEBRUARY
                                          YEAR:     2017
                                          LATITUDE:   28 57 N
                                          LONGITUDE:  98 31 W

[TEMPERATURE DATA]      [PRECIPITATION DATA]       SYMBOLS USED IN COLUMN 16

AVERAGE MONTHLY: 65.7   TOTAL FOR MONTH:   1.93    1 = FOG OR MIST
DPTR FM NORMAL:     M   DPTR FM NORMAL:       M    2 = FOG REDUCING VISIBILITY
HIGHEST:    94 ON 23    GRTST 24HR  0.99 ON 19-19      TO 1/4 MILE OR LESS
LOWEST:     36 ON 16                               3 = THUNDER
                        SNOW, ICE PELLETS, HAIL    4 = ICE PELLETS
                        TOTAL MONTH:    M          5 = HAIL
                        GRTST 24HR    M  ON   M    6 = FREEZING RAIN OR DRIZZLE
                        GRTST DEPTH:  M  ON   M    7 = DUSTSTORM OR SANDSTORM:
                                                       VSBY 1/2 MILE OR LESS
                                                   8 = SMOKE OR HAZE
[NO. OF DAYS WITH]      [WEATHER - DAYS WITH]      9 = BLOWING SNOW
                                                   X = TORNADO
MAX 32 OR BELOW:   0    0.01 INCH OR MORE:   5
MAX 90 OR ABOVE:   4    0.10 INCH OR MORE:   3
MIN 32 OR BELOW:   0    0.50 INCH OR MORE:   1
MIN  0 OR BELOW:   0    1.00 INCH OR MORE:   0

[HDD (BASE 65) ]
TOTAL THIS MO.    67    CLEAR  (SCALE 0-3)  10
DPTR FM NORMAL     M    PTCLDY (SCALE 4-7)   8
TOTAL FM JUL 1   621    CLOUDY (SCALE 8-10)  6
DPTR FM NORMAL     M

[CDD (BASE 65) ]
TOTAL THIS MO.    89
DPTR FM NORMAL     M    [PRESSURE DATA]
TOTAL FM JAN 1   140    HIGHEST SLP M ON M
DPTR FM NORMAL     M    LOWEST  SLP M ON M

[REMARKS]
