828
CXUS55 KPIH 201200
CF6PIH

PRELIMINARY LOCAL CLIMATOLOGICAL DATA (WS FORM: F-6)

                                          STATION:   POCATELLO ID
                                          MONTH:     FEBRUARY
                                          YEAR:      2018
                                          LATITUDE:   42 55 N
                                          LONGITUDE: 112 36 W

  TEMPERATURE IN F:       :PCPN:    SNOW:  WIND      :SUNSHINE: SKY     :PK WND
================================================================================
1   2   3   4   5  6A  6B    7    8   9   10  11  12  13   14  15   16   17  18
                                     12Z  AVG MX 2MIN
DY MAX MIN AVG DEP HDD CDD  WTR  SNW DPTH SPD SPD DIR MIN PSBL S-S WX    SPD DR
================================================================================

 1  43  30  37  12  28   0 0.00  0.0    0  9.2 16 240   M    M   8        19 240
 2  56  37  47  21  18   0    T  0.0    0 20.0 33 240   M    M   7        42 240
 3  54  40  47  21  18   0 0.00  0.0    0 21.3 37 250   M    M   3        44 250
 4  53  41  47  21  18   0 0.00  0.0    0 22.9 38 240   M    M   5        44 250
 5  52  34  43  17  22   0 0.00  0.0    0 19.0 32 240   M    M   4        37 240
 6  46  31  39  13  26   0 0.00  0.0    0 17.1 26 240   M    M   5        32 230
 7  53  34  44  18  21   0 0.00  0.0    0 16.5 29 250   M    M   3        35 240
 8  57  40  49  23  16   0 0.00  0.0    0 18.3 29 240   M    M   1        37 240
 9  53  28  41  14  24   0 0.00  0.0    0 20.1 37 230   M    M   2        47 230
10  42  22  32   5  33   0    T    T    0  9.6 25 240   M    M   5        30 250
11  40  23  32   5  33   0 0.00  0.0    0 12.3 31 180   M    M   2        37 180
12  31  23  27   0  38   0 0.08  1.2    0  9.3 23  30   M    M  10 1      31  30
13  37  23  30   2  35   0 0.00  0.0    1  5.4 14 210   M    M   5 1      16 220
14  46  21  34   6  31   0 0.02  0.5    T 15.3 26 250   M    M   5 1      33 220
15  38  25  32   4  33   0 0.08  0.8    1 18.8 30 260   M    M   8 1      36 240
16  34  23  29   1  36   0    T    T    1 15.5 32 230   M    M   5        38 220
17  52  26  39  10  26   0    T  0.0    T 17.3 37 270   M    M   5        44 250
18  44  27  36   7  29   0 0.20  0.4    0 21.5 37 250   M    M   7 1      44 250
19  27  16  22  -7  43   0 0.16  3.3    0  8.5 21 220   M    M   6 1      25 220
================================================================================
SM  858  544       528   0  0.54     6.2 297.9          M       96
================================================================================
AV 45.2 28.6                              15.7 FASTST   M    M   5    MAX(MPH)
                                 MISC ---->  # 38 240               # 47  230
================================================================================
NOTES:
# LAST OF SEVERAL OCCURRENCES
SNOWFALL/DEPTH ALWAYS AUGMENTED BY WFO POCATELLO

COLUMN 17 PEAK WIND IN M.P.H.

PRELIMINARY LOCAL CLIMATOLOGICAL DATA (WS FORM: F-6) , PAGE 2

                                          STATION:  POCATELLO ID
                                          MONTH:    FEBRUARY
                                          YEAR:     2018
                                          LATITUDE:   42 55 N
                                          LONGITUDE: 112 36 W

[TEMPERATURE DATA]      [PRECIPITATION DATA]       SYMBOLS USED IN COLUMN 16

AVERAGE MONTHLY: 36.9   TOTAL FOR MONTH:   0.54    1 = FOG OR MIST
DPTR FM NORMAL:   9.8   DPTR FM NORMAL:   -0.08    2 = FOG REDUCING VISIBILITY
HIGHEST:    57 ON  8    GRTST 24HR  0.20 ON 18-18      TO 1/4 MILE OR LESS
LOWEST:     16 ON 19                               3 = THUNDER
                        SNOW, ICE PELLETS, HAIL    4 = ICE PELLETS
                        TOTAL MONTH:   6.2 INCHES  5 = HAIL
                        GRTST 24HR   3.3 ON 19-19  6 = FREEZING RAIN OR DRIZZLE
                        GRTST DEPTH:   1 ON 16,15  7 = DUSTSTORM OR SANDSTORM:
                                                       VSBY 1/2 MILE OR LESS
                                                   8 = SMOKE OR HAZE
[NO. OF DAYS WITH]      [WEATHER - DAYS WITH]      9 = BLOWING SNOW
                                                   X = TORNADO
MAX 32 OR BELOW:   2    0.01 INCH OR MORE:   5
MAX 90 OR ABOVE:   0    0.10 INCH OR MORE:   2
MIN 32 OR BELOW:  13    0.50 INCH OR MORE:   0
MIN  0 OR BELOW:   0    1.00 INCH OR MORE:   0

[HDD (BASE 65) ]
TOTAL THIS MO.   528    CLEAR  (SCALE 0-3)   5
DPTR FM NORMAL  -194    PTCLDY (SCALE 4-7)  13
TOTAL FM JUL 1  4319    CLOUDY (SCALE 8-10)  1
DPTR FM NORMAL  -650

[CDD (BASE 65) ]
TOTAL THIS MO.     0
DPTR FM NORMAL     0    [PRESSURE DATA]
TOTAL FM JAN 1     0    HIGHEST SLP M ON M
DPTR FM NORMAL     0    LOWEST  SLP 29.51 ON 18

[REMARKS]
