000
CXUS54 KBRO 240900
CF6PIL
PRELIMINARY LOCAL CLIMATOLOGICAL DATA (WS FORM: F-6)

                                          STATION:   BAYVIEW
                                          MONTH:     FEBRUARY
                                          YEAR:      2018
                                          LATITUDE:   26 10 N
                                          LONGITUDE:  97 20 W

  TEMPERATURE IN F:       :PCPN:    SNOW:  WIND      :SUNSHINE: SKY     :PK WND
================================================================================
1   2   3   4   5  6A  6B    7    8   9   10  11  12  13   14  15   16   17  18
                                     12Z  AVG MX 2MIN
DY MAX MIN AVG DEP HDD CDD  WTR  SNW DPTH SPD SPD DIR MIN PSBL S-S WX    SPD DR
================================================================================

 1  82  60  71   9   0   6 0.00  0.0    0 10.5 25 180   M    M   1 12     35 180
 2  65  58  62   0   3   0    T  0.0    0 13.8 24 350   M    M  10 128    30 350
 3  71  56  64   2   1   0 0.00  0.0    0  7.9 16 160   M    M   7 18     19 190
 4  89  65  77  15   0  12 0.00  0.0    0  9.0 21 210   M    M   1 12     26 210
 5  78  66  72  10   0   7 0.03  0.0    0  7.2 20 150   M    M   8 123    23 140
 6  83  69  76  14   0  11 0.00  0.0    0 16.2 30 150   M    M   7 18     37 140
 7  73  45  59  -3   6   0 0.34  0.0    0 14.2 28 350   M    M  10 123    37 360
 8  54  45  50 -13  15   0 0.03  0.0    0 13.9 22 320   M    M   8 18     26 320
 9  63  52  58  -5   7   0 0.08  0.0    0  6.7 14 340   M    M  10 128    16 340
10  80  61  71   8   0   6    T  0.0    0 10.6 25 160   M    M   8 12     32 160
11  74  42  58  -5   7   0    T  0.0    0 15.8 32 360   M    M  10 18     41  10
12  51  41  46 -17  19   0    T  0.0    0 13.5 20 340   M    M  10 18     24 330
13  58  50  54  -9  11   0 0.03  0.0    0 11.9 23  60   M    M  10 12     28  80
14  74  55  65   2   0   0 0.01  0.0    0  5.9 14 140   M    M   9 128    18 140
15  83  67  75  12   0  10 0.00  0.0    0 16.7 29 160   M    M   5 18     36 160
16  83  69  76  13   0  11 0.00  0.0    0 14.4 24 170   M    M   6 18     31 150
17  84  70  77  13   0  12 0.00  0.0    0 14.7 25 160   M    M   6 18     35 160
18  82  69  76  12   0  11 0.00  0.0    0 17.0 30 150   M    M   6 128    40 150
19  84  70  77  13   0  12 0.00  0.0    0 21.4 33 160   M    M   9 18     44 160
20  83  71  77  13   0  12 0.01  0.0    0 18.5 30 170   M    M   7 18     39 170
21  84  70  77  13   0  12    T  0.0    0 13.6 26 160   M    M   9 18     33 140
22  72  52  62  -2   3   0 0.01  0.0    0  9.6 16 320   M    M  10 18     20 310
23  84  58  71   7   0   6 0.00  0.0    0 15.8 28 140   M    M   6 128    34 150
================================================================================
SM 1734 1361        72 128  0.54     0.0 298.9          M      173
================================================================================
AV 75.4 59.2                              13.0 FASTST   M    M   8    MAX(MPH)
                                 MISC ---->  # 33 160               # 44  160
================================================================================
NOTES:
# LAST OF SEVERAL OCCURRENCES

COLUMN 17 PEAK WIND IN M.P.H.

PRELIMINARY LOCAL CLIMATOLOGICAL DATA (WS FORM: F-6) , PAGE 2

                                          STATION:  BAYVIEW
                                          MONTH:    FEBRUARY
                                          YEAR:     2018
                                          LATITUDE:   26 10 N
                                          LONGITUDE:  97 20 W

[TEMPERATURE DATA]      [PRECIPITATION DATA]       SYMBOLS USED IN COLUMN 16

AVERAGE MONTHLY: 67.3   TOTAL FOR MONTH:   0.54    1 = FOG OR MIST
DPTR FM NORMAL:   4.3   DPTR FM NORMAL:   -0.71    2 = FOG REDUCING VISIBILITY
HIGHEST:    89 ON  4    GRTST 24HR  0.34 ON  7- 7      TO 1/4 MILE OR LESS
LOWEST:     41 ON 12                               3 = THUNDER
                        SNOW, ICE PELLETS, HAIL    4 = ICE PELLETS
                        TOTAL MONTH:   0.0 INCH    5 = HAIL
                        GRTST 24HR     0.0         6 = FREEZING RAIN OR DRIZZLE
                        GRTST DEPTH:   0           7 = DUSTSTORM OR SANDSTORM:
                                                       VSBY 1/2 MILE OR LESS
                                                   8 = SMOKE OR HAZE
[NO. OF DAYS WITH]      [WEATHER - DAYS WITH]      9 = BLOWING SNOW
                                                   X = TORNADO
MAX 32 OR BELOW:   0    0.01 INCH OR MORE:   8
MAX 90 OR ABOVE:   0    0.10 INCH OR MORE:   1
MIN 32 OR BELOW:   0    0.50 INCH OR MORE:   0
MIN  0 OR BELOW:   0    1.00 INCH OR MORE:   0

[HDD (BASE 65) ]
TOTAL THIS MO.    72    CLEAR  (SCALE 0-3)   2
DPTR FM NORMAL   -33    PTCLDY (SCALE 4-7)  11
TOTAL FM JUL 1   585    CLOUDY (SCALE 8-10) 10
DPTR FM NORMAL   101

[CDD (BASE 65) ]
TOTAL THIS MO.   128
DPTR FM NORMAL    68    [PRESSURE DATA]
TOTAL FM JAN 1   150    HIGHEST SLP 30.35 ON  2
DPTR FM NORMAL    41    LOWEST  SLP 29.77 ON 10

[REMARKS]
