000
CXUS55 KABR 281400
CF6PIR
PRELIMINARY LOCAL CLIMATOLOGICAL DATA (WS FORM: F-6)

                                          STATION:   PIERRE SD
                                          MONTH:     MARCH
                                          YEAR:      2017
                                          LATITUDE:   44 22 N
                                          LONGITUDE: 100 17 W

  TEMPERATURE IN F:       :PCPN:    SNOW:  WIND      :SUNSHINE: SKY     :PK WND
================================================================================
1   2   3   4   5  6A  6B    7    8   9   10  11  12  13   14  15   16   17  18
                                     12Z  AVG MX 2MIN
DY MAX MIN AVG DEP HDD CDD  WTR  SNW DPTH SPD SPD DIR MIN PSBL S-S WX    SPD DR
================================================================================

 1  33  15  24  -5  41   0 0.02  0.3    1 10.2 28 330   M    M   6 1      32 330
 2  32  13  23  -6  42   0 0.00  0.0    1  6.0 13 140   M    M   4 1      19 350
 3  53  22  38   8  27   0 0.00  0.0    0  9.5 21 150   M    M   2        27 140
 4  73  26  50  20  15   0 0.00  0.0    0 12.5 28 180   M    M   0        32 170
 5  73  32  53  23  12   0 0.00  0.0    0  8.9 16 130   M    M   0        24 140
 6  54  33  44  13  21   0 0.00  0.0    0 21.8 41 310   M    M   3        51 310
 7  48  27  38   7  27   0    T  0.0    0 25.5 47 300   M    M   2 8      56 300
 8  42  23  33   2  32   0    T    T    0 12.6 22 320   M    M   3        27 320
 9  27  14  21 -11  44   0    T    T    T 12.4 18  60   M    M   9 1      22  50
10  14   7  11 -21  54   0 0.02  0.5    T 14.8 22 100   M    M  10 18     26 120
11  19  13  16 -16  49   0 0.03  0.6    T 11.3 18 110   M    M  10 18     29 180
12  24  13  19 -14  46   0 0.12  1.9    2 18.4 30 110   M    M  10 1      35 110
13  17   0   9 -24  56   0 0.04  0.7    3  9.9 21 120   M    M   5 1      23 130
14  26  14  20 -14  45   0    T    T    3 16.0 21 130   M    M   8 1      25 130
15  46  24  35   1  30   0 0.00  0.0    3 13.3 18 120   M    M   3 18     23 140
16  57  34  46  12  19   0 0.00  0.0    1  7.3 17 330   M    M   0        21 310
17  51  26  39   4  26   0 0.00  0.0    0 16.6 33 310   M    M   0        40 320
18  60  21  41   6  24   0 0.00  0.0    0 13.5 28 150   M    M   1        32 140
19  72  35  54  18  11   0 0.00  0.0    0 12.7 25  30   M    M   0        31  30
20  58  34  46  10  19   0 0.00  0.0    0  8.1 17  40   M    M   4        22  50
21  42  29  36   0  29   0 0.05    T    T 10.9 22  50   M    M  10 1      25  50
22  56  27  42   5  23   0 0.05  0.5    T 21.3 36 150   M    M   5 1      42 150
23  64  40  52  15  13   0 0.00  0.0    0 11.7 21 350   M    M   2        25 350
24  59  29  44   6  21   0 0.00  0.0    0  9.3 17  90   M    M   3        23  90
25  56  26  41   3  24   0 0.00  0.0    0 13.1 21 120   M    M   3 12     27 130
26  47  37  42   4  23   0 0.01  0.0    0  6.2 17 140   M    M   9 1      20 130
27  61  34  48   9  17   0 0.00  0.0    0  5.3 14 120   M    M   5 12     18 150
================================================================================
SM 1264  648       790   0  0.34     4.5 339.1          M      117
================================================================================
AV 46.8 24.0                              12.6 FASTST   M    M   4    MAX(MPH)
                                 MISC ---->  # 47 300               # 56  300
================================================================================
NOTES:
# LAST OF SEVERAL OCCURRENCES

COLUMN 17 PEAK WIND IN M.P.H.

PRELIMINARY LOCAL CLIMATOLOGICAL DATA (WS FORM: F-6) , PAGE 2

                                          STATION:  PIERRE SD
                                          MONTH:    MARCH
                                          YEAR:     2017
                                          LATITUDE:   44 22 N
                                          LONGITUDE: 100 17 W

[TEMPERATURE DATA]      [PRECIPITATION DATA]       SYMBOLS USED IN COLUMN 16

AVERAGE MONTHLY: 35.4   TOTAL FOR MONTH:   0.34    1 = FOG OR MIST
DPTR FM NORMAL:   1.7   DPTR FM NORMAL:   -0.67    2 = FOG REDUCING VISIBILITY
HIGHEST:    73 ON  5, 4 GRTST 24HR  0.12 ON 12-12      TO 1/4 MILE OR LESS
LOWEST:      0 ON 13                               3 = THUNDER
                        SNOW, ICE PELLETS, HAIL    4 = ICE PELLETS
                        TOTAL MONTH:   4.5 INCHES  5 = HAIL
                        GRTST 24HR   1.9 ON   M    6 = FREEZING RAIN OR DRIZZLE
                        GRTST DEPTH:   3 ON 15,14  7 = DUSTSTORM OR SANDSTORM:
                                                       VSBY 1/2 MILE OR LESS
                                                   8 = SMOKE OR HAZE
[NO. OF DAYS WITH]      [WEATHER - DAYS WITH]      9 = BLOWING SNOW
                                                   X = TORNADO
MAX 32 OR BELOW:   7    0.01 INCH OR MORE:   8
MAX 90 OR ABOVE:   0    0.10 INCH OR MORE:   1
MIN 32 OR BELOW:  20    0.50 INCH OR MORE:   0
MIN  0 OR BELOW:   1    1.00 INCH OR MORE:   0

[HDD (BASE 65) ]
TOTAL THIS MO.   790    CLEAR  (SCALE 0-3)  14
DPTR FM NORMAL   -56    PTCLDY (SCALE 4-7)   6
TOTAL FM JUL 1  5946    CLOUDY (SCALE 8-10)  7
DPTR FM NORMAL  -398

[CDD (BASE 65) ]
TOTAL THIS MO.     0
DPTR FM NORMAL     0    [PRESSURE DATA]
TOTAL FM JAN 1     0    HIGHEST SLP M ON M
DPTR FM NORMAL     0    LOWEST  SLP 29.02 ON  6

[REMARKS]
