000
CXUS53 KAPX 300631
CF6PLN
PRELIMINARY LOCAL CLIMATOLOGICAL DATA (WS FORM: F-6)

                                          STATION:   PELLSTON
                                          MONTH:     APRIL
                                          YEAR:      2016
                                          LATITUDE:   45 34 N
                                          LONGITUDE:  84 48 W

  TEMPERATURE IN F:       :PCPN:    SNOW:  WIND      :SUNSHINE: SKY     :PK WND
================================================================================
1   2   3   4   5  6A  6B    7    8   9   10  11  12  13   14  15   16   17  18
                                     12Z  AVG MX 2MIN
DY MAX MIN AVG DEP HDD CDD  WTR  SNW DPTH SPD SPD DIR MIN PSBL S-S WX    SPD DR
================================================================================

 1  44  20  32  -1  33   0 0.10    M    M 11.5 29 320   M    M   7 1      37 320
 2  29  14  22 -12  43   0 0.02    M    M 11.4 29 320   M    M   7 128    39 320
 3  24  15  20 -14  45   0 0.33    M    M  7.2 20 320   M    M   9 128    25 320
 4  26   7  17 -18  48   0    T    M    M  8.9 16 320   M    M   6 18     20 350
 5  35  -4  16 -19  49   0    T    M    M  2.2 14 190   M    M   1        18 250
 6  35  29  32  -4  33   0 0.29    M    M  9.2 18  60   M    M  10 1      25  40
 7  32  19  26 -10  39   0 0.01    M    M 14.4 23 350   M    M   8 1      31 330
 8  30   4  17 -20  48   0 0.00    M    M  9.0 18 350   M    M   3        23 350
 9  27  12  20 -17  45   0 0.00    M    M  7.3 17 340   M    M   2        22 330
10  33  17  25 -13  40   0 0.06    M    M  9.9 20 140   M    M   9 168    25 140
11  38  32  35  -3  30   0    T    M    M 12.5 23 300   M    M   9 1      33 300
12  35  22  29 -10  36   0    T    M    M 11.6 23 320   M    M   6 1      29 320
13  47  19  33  -6  32   0 0.00    M    M  2.8 14  20   M    M   6        16  30
14  58  24  41   1  24   0 0.00    M    M  4.3 13 180   M    M   3        20 220
15  62  30  46   6  19   0 0.00    M    M  6.9 18  70   M    M   0        22  70
16  72  27  50  10  15   0 0.00    M    M  3.7 18 360   M    M   0        21 360
17  77  30  54  13  11   0 0.00    M    M  4.0 16 280   M    M   0        27 270
18  72  37  55  14  10   0 0.00    M    M  6.9 18 310   M    M   5        23 280
19  63  29  46   4  19   0 0.00    M    M  4.5 13  80   M    M   2        17  80
20  65  26  46   4  19   0    T    M    M  4.5 17 150   M    M   3        24 140
21  57  47  52  10  13   0 0.24    M    M  4.5 12 280   M    M  10 1      15 280
22  54  33  44   1  21   0 0.00    M    M  8.3 15  20   M    M   7 1      21  10
23  51  24  38  -5  27   0 0.00    M    M  4.9 15  60   M    M   5        18 100
24  43  36  40  -4  25   0 0.05    M    M  6.7 13  70   M    M   9        16 100
25  39  34  37  -7  28   0 0.98    M    M 15.0 26 100   M    M  10 1      38 100
26  51  29  40  -4  25   0 0.11    M    M  9.2 21  60   M    M   5 1      28  60
27  53  22  38  -7  27   0 0.00    M    M  5.4 14  20   M    M   0        19  20
28  51  29  40  -5  25   0 0.00    M    M  8.7 22 100   M    M   0        28  90
29  57  28  43  -3  22   0 0.00    M    M  4.0 16  70   M    M   0        22  70
================================================================================
SM 1360  691       851   0  2.19    M    219.4          M      142
================================================================================
AV 46.9 23.8                               7.6 FASTST   M    M   5    MAX(MPH)
                                 MISC ---->  # 29 320               # 39  320
================================================================================
NOTES:
# LAST OF SEVERAL OCCURRENCES

COLUMN 17 PEAK WIND IN M.P.H.

PRELIMINARY LOCAL CLIMATOLOGICAL DATA (WS FORM: F-6) , PAGE 2

                                          STATION:  PELLSTON
                                          MONTH:    APRIL
                                          YEAR:     2016
                                          LATITUDE:   45 34 N
                                          LONGITUDE:  84 48 W

[TEMPERATURE DATA]      [PRECIPITATION DATA]       SYMBOLS USED IN COLUMN 16

AVERAGE MONTHLY: 35.4   TOTAL FOR MONTH:   2.19    1 = FOG OR MIST
DPTR FM NORMAL:  -4.4   DPTR FM NORMAL:   -0.07    2 = FOG REDUCING VISIBILITY
HIGHEST:    77 ON 17    GRTST 24HR  1.04 ON 25-26      TO 1/4 MILE OR LESS
LOWEST:     -4 ON  5                               3 = THUNDER
                        SNOW, ICE PELLETS, HAIL    4 = ICE PELLETS
                        TOTAL MONTH:    M          5 = HAIL
                        GRTST 24HR    M  ON   M    6 = FREEZING RAIN OR DRIZZLE
                        GRTST DEPTH:  M  ON   M    7 = DUSTSTORM OR SANDSTORM:
                                                       VSBY 1/2 MILE OR LESS
                                                   8 = SMOKE OR HAZE
[NO. OF DAYS WITH]      [WEATHER - DAYS WITH]      9 = BLOWING SNOW
                                                   X = TORNADO
MAX 32 OR BELOW:   6    0.01 INCH OR MORE:  10
MAX 90 OR ABOVE:   0    0.10 INCH OR MORE:   6
MIN 32 OR BELOW:  24    0.50 INCH OR MORE:   1
MIN  0 OR BELOW:   1    1.00 INCH OR MORE:   0

[HDD (BASE 65) ]
TOTAL THIS MO.   851    CLEAR  (SCALE 0-3)  12
DPTR FM NORMAL   118    PTCLDY (SCALE 4-7)  10
TOTAL FM JUL 1  6961    CLOUDY (SCALE 8-10)  7
DPTR FM NORMAL -1079

[CDD (BASE 65) ]
TOTAL THIS MO.     0
DPTR FM NORMAL     0    [PRESSURE DATA]
TOTAL FM JAN 1     0    HIGHEST SLP M ON M
DPTR FM NORMAL     0    LOWEST  SLP 29.44 ON  7

[REMARKS]
