000
CXUS53 KAPX 290631
CF6PLN
PRELIMINARY LOCAL CLIMATOLOGICAL DATA (WS FORM: F-6)

                                          STATION:   PELLSTON
                                          MONTH:     SEPTEMBER
                                          YEAR:      2016
                                          LATITUDE:   45 34 N
                                          LONGITUDE:  84 48 W

  TEMPERATURE IN F:       :PCPN:    SNOW:  WIND      :SUNSHINE: SKY     :PK WND
================================================================================
1   2   3   4   5  6A  6B    7    8   9   10  11  12  13   14  15   16   17  18
                                     12Z  AVG MX 2MIN
DY MAX MIN AVG DEP HDD CDD  WTR  SNW DPTH SPD SPD DIR MIN PSBL S-S WX    SPD DR
================================================================================

 1  72  48  60  -1   5   0 0.00    M    M  7.4 17  20   M    M   2        22  20
 2  75  43  59  -2   6   0 0.00    M    M  2.9 12  90   M    M   0 1      14  90
 3  78  40  59  -1   6   0 0.00    M    M  2.2 13  40   M    M   0 1      16  10
 4  79  45  62   2   3   0 0.00    M    M  3.2 14  40   M    M   0 1      17 200
 5  86  49  68   8   0   3 0.00    M    M  5.5 17 230   M    M   1 1      25 240
 6  88  69  79  19   0  14 0.76    M    M  5.8 24  10   M    M   5 13     31  10
 7  79  69  74  15   0   9 0.16    M    M  3.3 10  60   M    M   8 1      13 150
 8  78  57  68   9   0   3 0.22    M    M  7.4 17 240   M    M   7 1      27 240
 9  78  49  64   5   1   0 0.00    M    M  2.1  9 140   M    M   0 1      12 210
10  76  57  67   9   0   2 0.44    M    M  9.1 29 310   M    M   6 1      38 310
11  71  44  58   0   7   0 0.00    M    M  5.4 17 260   M    M   1        25 270
12  79  53  66   8   0   1 0.00    M    M  7.1 18 220   M    M   0 1      27 240
13  69  54  62   5   3   0 0.25    M    M  7.8 18 220   M    M   7 13     30 250
14  68  44  56  -1   9   0 0.00    M    M  3.0 12 360   M    M   2 1      16  50
15  72  37  55  -1  10   0 0.00    M    M  2.1  8 280   M    M   1 12     11 310
16  77  45  61   5   4   0 0.01    M    M  6.1 17 160   M    M   2 1      23 180
17  77  62  70  14   0   5 0.08    M    M  6.8 18 250   M    M   5 1      25 220
18  73  48  61   6   4   0    T    M    M  3.7 16 280   M    M   4 1      21 240
19  80  47  64   9   1   0 0.11    M    M  7.0 23 270   M    M   2 1      30 270
20  76  50  63   9   2   0 0.00    M    M  6.9 16 250   M    M   0 1      21 310
21  75  54  65  11   0   0 0.00    M    M  2.0  6 250   M    M   1         M  M
22  72  58  65  11   0   0 0.07    M    M  3.6 12  50   M    M  10 1      14  40
23  66  41  54   1  11   0 0.02    M    M  6.6 16  80   M    M   5 1      20  60
24  65  38  52  -1  13   0 0.00    M    M  2.4 13 130   M    M   0 1      19 130
25  72  37  55   3  10   0 0.60    M    M  6.4 17 140   M    M   3 1      22 110
26  60  52  56   4   9   0 0.77    M    M  8.5 20 230   M    M   9 1      28 260
27  57  49  53   1  12   0 0.60    M    M  5.3 15 250   M    M  10 1      21 240
28  67  44  56   5   9   0 0.00    M    M  4.0 14  60   M    M   4 1      18  30
================================================================================
SM 2065 1383       125  37  4.09    M    143.6          M       95
================================================================================
AV 73.8 49.4                               5.1 FASTST   M    M   3    MAX(MPH)
                                 MISC ---->  # 29 310               # 38  310
================================================================================
NOTES:
# LAST OF SEVERAL OCCURRENCES

COLUMN 17 PEAK WIND IN M.P.H.

PRELIMINARY LOCAL CLIMATOLOGICAL DATA (WS FORM: F-6) , PAGE 2

                                          STATION:  PELLSTON
                                          MONTH:    SEPTEMBER
                                          YEAR:     2016
                                          LATITUDE:   45 34 N
                                          LONGITUDE:  84 48 W

[TEMPERATURE DATA]      [PRECIPITATION DATA]       SYMBOLS USED IN COLUMN 16

AVERAGE MONTHLY: 61.6   TOTAL FOR MONTH:   4.09    1 = FOG OR MIST
DPTR FM NORMAL:   5.1   DPTR FM NORMAL:    0.76    2 = FOG REDUCING VISIBILITY
HIGHEST:    88 ON  6    GRTST 24HR  1.21 ON 25-26      TO 1/4 MILE OR LESS
LOWEST:     37 ON 25,15                            3 = THUNDER
                        SNOW, ICE PELLETS, HAIL    4 = ICE PELLETS
                        TOTAL MONTH:    M          5 = HAIL
                        GRTST 24HR    M  ON   M    6 = FREEZING RAIN OR DRIZZLE
                        GRTST DEPTH:  M  ON   M    7 = DUSTSTORM OR SANDSTORM:
                                                       VSBY 1/2 MILE OR LESS
                                                   8 = SMOKE OR HAZE
[NO. OF DAYS WITH]      [WEATHER - DAYS WITH]      9 = BLOWING SNOW
                                                   X = TORNADO
MAX 32 OR BELOW:   0    0.01 INCH OR MORE:  13
MAX 90 OR ABOVE:   0    0.10 INCH OR MORE:   9
MIN 32 OR BELOW:   0    0.50 INCH OR MORE:   4
MIN  0 OR BELOW:   0    1.00 INCH OR MORE:   0

[HDD (BASE 65) ]
TOTAL THIS MO.   125    CLEAR  (SCALE 0-3)  16
DPTR FM NORMAL  -129    PTCLDY (SCALE 4-7)   9
TOTAL FM JUL 1   186    CLOUDY (SCALE 8-10)  3
DPTR FM NORMAL  -234

[CDD (BASE 65) ]
TOTAL THIS MO.    37
DPTR FM NORMAL    21    [PRESSURE DATA]
TOTAL FM JAN 1   352    HIGHEST SLP M ON M
DPTR FM NORMAL   135    LOWEST  SLP 29.60 ON M

[REMARKS]
