000
CXUS55 KPAH 260632
CF6POF
PRELIMINARY LOCAL CLIMATOLOGICAL DATA (WS FORM: F-6)

                                          STATION:   POPLAR BLUFF MO
                                          MONTH:     MAY
                                          YEAR:      2015
                                          LATITUDE:   36 46 N
                                          LONGITUDE:  90 19 W

  TEMPERATURE IN F:       :PCPN:    SNOW:  WIND      :SUNSHINE: SKY     :PK WND
================================================================================
1   2   3   4   5  6A  6B    7    8   9   10  11  12  13   14  15   16   17  18
                                     12Z  AVG MX 2MIN
DY MAX MIN AVG DEP HDD CDD  WTR  SNW DPTH SPD SPD DIR MIN PSBL S-S WX    SPD DR
================================================================================

 1  70  41  56  -7   9   0 0.00  0.0    0  4.0 12  50   M    M   0        26  90
 2  76  43  60  -4   5   0 0.00  0.0    0  2.7 12 220   M    M   1        16 220
 3  81  54  68   4   0   3 0.00  0.0    0  6.1 18 190   M    M   2 8      26 190
 4  85  58  72   8   0   7 0.00  0.0    0  7.1 21 220   M    M   0        29 240
 5  84  56  70   6   0   5 0.00  0.0    0  4.7 15 190   M    M   3        26 210
 6  85  54  70   5   0   5 0.00  0.0    0  7.4 18 160   M    M   0 18     25 160
 7  86  57  72   7   0   7    T  0.0    0  6.1 17 190   M    M   1        24 210
 8  78  65  72   7   0   7    T  0.0    0  7.3 24 180   M    M   3        30 190
 9  78  64  71   5   0   6 0.11  0.0    0  6.9 22 220   M    M   5 13     28 220
10  81  65  73   7   0   8 0.24  0.0    0  7.8 22 270   M    M   1 13     32 270
11  75  59  67   1   0   2 2.09  0.0    0  7.6 16 230   M    M   5 13     23 270
12  72  51  62  -4   3   0 0.00  0.0    0  4.4 16 340   M    M   0        21 310
13  74  47  61  -6   4   0 0.00  0.0    0  5.7 15  60   M    M   0        19 100
14  75  59  67   0   0   2 0.03  0.0    0  4.7 13 160   M    M   4        18 220
15  83  60  72   5   0   7 0.48  0.0    0  4.6 23 200   M    M   3 138    34 200
16  76  68  72   4   0   7 0.48  0.0    0  7.8 17 150   M    M   8 13     22 140
17  80  66  73   5   0   8 0.88  0.0    0  9.5 26 190   M    M   7 13     36 190
18  81  69  75   7   0  10 0.00  0.0    0  6.3 14 200   M    M   5 13     20 180
19  75  59  67  -1   0   2 0.00  0.0    0  8.8 17  10   M    M   1        21  10
20  60  50  55 -14  10   0 0.88  0.0    0  8.8 15  10   M    M   8 1      19  10
21  61  48  55 -14  10   0 0.00  0.0    0  8.6 18 350   M    M   7 1      26 360
22  71  44  58 -11   7   0 0.00  0.0    0  2.2  9 210   M    M   0 1      13 210
23  78  58  68  -2   0   3 0.00  0.0    0  4.2 13 140   M    M   5        16 140
24  84  66  75   5   0  10 0.16  0.0    0 11.5 25 250   M    M   7 13     34 230
25  80  68  74   4   0   9 0.37  0.0    0 10.1 18 170   M    M   7 1      24 190
================================================================================
SM 1929 1429        48 108  5.72     0.0 164.9          M       83
================================================================================
AV 77.2 57.2                               6.6 FASTST   M    M   3    MAX(MPH)
                                 MISC ---->  # 26 190               # 36  190
================================================================================
NOTES:
# LAST OF SEVERAL OCCURRENCES

COLUMN 17 PEAK WIND IN M.P.H.

PRELIMINARY LOCAL CLIMATOLOGICAL DATA (WS FORM: F-6) , PAGE 2

                                          STATION:  POPLAR BLUFF MO
                                          MONTH:    MAY
                                          YEAR:     2015
                                          LATITUDE:   36 46 N
                                          LONGITUDE:  90 19 W

[TEMPERATURE DATA]      [PRECIPITATION DATA]       SYMBOLS USED IN COLUMN 16

AVERAGE MONTHLY: 67.2   TOTAL FOR MONTH:   5.72    1 = FOG OR MIST
DPTR FM NORMAL:   0.4   DPTR FM NORMAL:    2.23    2 = FOG REDUCING VISIBILITY
HIGHEST:    86 ON  7    GRTST 24HR  2.18 ON 10-11      TO 1/4 MILE OR LESS
LOWEST:     41 ON  1                               3 = THUNDER
                        SNOW, ICE PELLETS, HAIL    4 = ICE PELLETS
                        TOTAL MONTH:   0.0 INCH    5 = HAIL
                        GRTST 24HR     0.0         6 = FREEZING RAIN OR DRIZZLE
                        GRTST DEPTH:   0           7 = DUSTSTORM OR SANDSTORM:
                                                       VSBY 1/2 MILE OR LESS
                                                   8 = SMOKE OR HAZE
[NO. OF DAYS WITH]      [WEATHER - DAYS WITH]      9 = BLOWING SNOW
                                                   X = TORNADO
MAX 32 OR BELOW:   0    0.01 INCH OR MORE:  10
MAX 90 OR ABOVE:   0    0.10 INCH OR MORE:   9
MIN 32 OR BELOW:   0    0.50 INCH OR MORE:   3
MIN  0 OR BELOW:   0    1.00 INCH OR MORE:   1

[HDD (BASE 65) ]
TOTAL THIS MO.    48    CLEAR  (SCALE 0-3)  13
DPTR FM NORMAL     0    PTCLDY (SCALE 4-7)  11
TOTAL FM JUL 1  4359    CLOUDY (SCALE 8-10)  1
DPTR FM NORMAL   289

[CDD (BASE 65) ]
TOTAL THIS MO.   108
DPTR FM NORMAL    15    [PRESSURE DATA]
TOTAL FM JAN 1   133    HIGHEST SLP M ON M
DPTR FM NORMAL    10    LOWEST  SLP 29.92 ON 11

[REMARKS]
