000
CXUS55 KALY 280800
CF6POU
PRELIMINARY LOCAL CLIMATOLOGICAL DATA (WS FORM: F-6)

                                          STATION:   POUGHKEEPSIE NY
                                          MONTH:     JANUARY
                                          YEAR:      2015
                                          LATITUDE:   41 37 N
                                          LONGITUDE:  73 53 W

  TEMPERATURE IN F:       :PCPN:    SNOW:  WIND      :SUNSHINE: SKY     :PK WND
================================================================================
1   2   3   4   5  6A  6B    7    8   9   10  11  12  13   14  15   16   17  18
                                     12Z  AVG MX 2MIN
DY MAX MIN AVG DEP HDD CDD  WTR  SNW DPTH SPD SPD DIR MIN PSBL S-S WX    SPD DR
================================================================================

 1  37  16  27   1  38   0 0.00    M    M  6.9 18 240   M    M   0        26 240
 2  42  24  33   7  32   0 0.00    M    M  8.0 18 280   M    M   6        23 280
 3  35  23  29   3  36   0 0.57    M    M  0.9 10 130   M    M   5 126    13 120
 4  51  34  43  17  22   0 0.18    M    M  3.5 21 250   M    M   9 12     26 270
 5  48  18  33   7  32   0    T    M    M 13.8 28 270   M    M   4        39 280
 6  21  12  17  -9  48   0    T    M    M  5.1 14 250   M    M   5 18     18 250
 7  24   9  17  -9  48   0    T    M    M 12.0 26 290   M    M   4 8      39 300
 8  22   6  14 -12  51   0 0.00    M    M  8.1 18 260   M    M   0        22 240
 9  31  17  24  -1  41   0 0.06    M    M 10.4 25 260   M    M   6 18     33 260
10  23  14  19  -6  46   0 0.00    M    M  9.9 18 260   M    M   0        26 270
11  31   9  20  -5  45   0 0.00    M    M  2.6 10 230   M    M   8        12 220
12  36  29  33   8  32   0 0.52    M    M  2.4 13 340   M    M  10 146    17  10
13  35   7  21  -4  44   0 0.00    M    M 11.3 22  20   M    M   2        31  10
14  24   4  14 -11  51   0 0.00    M    M  2.2  9  20   M    M   5        10  10
15  33  20  27   2  38   0 0.00    M    M  1.5  8 330   M    M   5        11 330
16  40  18  29   4  36   0 0.00    M    M 11.8 28 300   M    M   3        39 290
17  26   6  16  -9  49   0 0.00    M    M  2.1  8  30   M    M   0        12 120
18  35  19  27   2  38   0 1.08    M    M  0.5  7 270   M    M   8 16     10 160
19  42  32  37  12  28   0 0.00    M    M  9.8 20 280   M    M   8 1      27 280
20  36  23  30   5  35   0 0.00    M    M  7.5 17 290   M    M   3        23 310
21  30  13  22  -3  43   0    T    M    M  2.7 10  20   M    M   2        13  20
22  37  17  27   2  38   0 0.02    M    M  1.1  8 350   M    M   5 18     11 340
23  37  12  25   0  40   0 0.00    M    M  2.8 13 230   M    M   0 18     14 230
24  35  25  30   5  35   0 0.34    M    M  3.4 12 290   M    M  10 128    15 280
25  38  20  29   3  36   0 0.00    M    M  9.4 21 290   M    M   3        27 270
26  20  16  18  -8  47   0    T    M    M 10.4 17 360   M    M  10 8      24  20
27  23  15  19  -7  46   0 0.01    M    M 12.9 21  10   M    M   9 8      28 360
================================================================================
SM  892  458      1075   0  2.78    M    173.0          M      130
================================================================================
AV 33.0 17.0                               6.4 FASTST   M    M   5    MAX(MPH)
                                 MISC ---->  # 28 270               # 39  280
================================================================================
NOTES:
# LAST OF SEVERAL OCCURRENCES

COLUMN 17 PEAK WIND IN M.P.H.

PRELIMINARY LOCAL CLIMATOLOGICAL DATA (WS FORM: F-6) , PAGE 2

                                          STATION:  POUGHKEEPSIE NY
                                          MONTH:    JANUARY
                                          YEAR:     2015
                                          LATITUDE:   41 37 N
                                          LONGITUDE:  73 53 W

[TEMPERATURE DATA]      [PRECIPITATION DATA]       SYMBOLS USED IN COLUMN 16

AVERAGE MONTHLY: 25.0   TOTAL FOR MONTH:   2.78    1 = FOG OR MIST
DPTR FM NORMAL:  -0.4   DPTR FM NORMAL:    0.09    2 = FOG REDUCING VISIBILITY
HIGHEST:    51 ON  4    GRTST 24HR  1.08 ON 18-18      TO 1/4 MILE OR LESS
LOWEST:      4 ON 14                               3 = THUNDER
                        SNOW, ICE PELLETS, HAIL    4 = ICE PELLETS
                        TOTAL MONTH:    M          5 = HAIL
                        GRTST 24HR    M  ON   M    6 = FREEZING RAIN OR DRIZZLE
                        GRTST DEPTH:  M  ON   M    7 = DUSTSTORM OR SANDSTORM:
                                                       VSBY 1/2 MILE OR LESS
                                                   8 = SMOKE OR HAZE
[NO. OF DAYS WITH]      [WEATHER - DAYS WITH]      9 = BLOWING SNOW
                                                   X = TORNADO
MAX 32 OR BELOW:  11    0.01 INCH OR MORE:   8
MAX 90 OR ABOVE:   0    0.10 INCH OR MORE:   5
MIN 32 OR BELOW:  26    0.50 INCH OR MORE:   3
MIN  0 OR BELOW:   0    1.00 INCH OR MORE:   1

[HDD (BASE 65) ]
TOTAL THIS MO.  1075    CLEAR  (SCALE 0-3)   9
DPTR FM NORMAL     6    PTCLDY (SCALE 4-7)  12
TOTAL FM JUL 1  3126    CLOUDY (SCALE 8-10)  6
DPTR FM NORMAL  -272

[CDD (BASE 65) ]
TOTAL THIS MO.     0
DPTR FM NORMAL     0    [PRESSURE DATA]
TOTAL FM JAN 1     0    HIGHEST SLP M ON M
DPTR FM NORMAL     0    LOWEST  SLP 29.32 ON 24

[REMARKS]
