000
CXUS56 KFGZ 300900
CF6PRC
PRELIMINARY LOCAL CLIMATOLOGICAL DATA (WS FORM: F-6)

                                          STATION:   PRESCOTT AZ AIRPORT
                                          MONTH:     JUNE
                                          YEAR:      2015
                                          LATITUDE:   34 39 N
                                          LONGITUDE: 112 26 W

  TEMPERATURE IN F:       :PCPN:    SNOW:  WIND      :SUNSHINE: SKY     :PK WND
================================================================================
1   2   3   4   5  6A  6B    7    8   9   10  11  12  13   14  15   16   17  18
                                     12Z  AVG MX 2MIN
DY MAX MIN AVG DEP HDD CDD  WTR  SNW DPTH SPD SPD DIR MIN PSBL S-S WX    SPD DR
================================================================================

 1  87  54  71   5   0   6 0.00    M    M  9.3 22 240   M    M   0        29 240
 2  84  53  69   2   0   4 0.00    M    M 10.5 22 230   M    M   0        29 230
 3  81  49  65  -2   0   0 0.00    M    M 10.5 23 210   M    M   0 38     32 220
 4  83  46  65  -2   0   0 0.00    M    M 11.8 25 150   M    M   0        32 170
 5  76  57  67  -1   0   2 0.00    M    M 13.3 30 140   M    M   6        38 130
 6  77  53  65  -3   0   0 0.00    M    M 12.1 28 150   M    M   1        36 140
 7  85  46  66  -2   0   1 0.00    M    M  6.9 18  70   M    M   0        25  70
 8  90  51  71   3   0   6 0.00    M    M  4.5 13 300   M    M   2        17 210
 9  78  62  70   1   0   5    T    M    M  5.4 18 140   M    M   8        22 120
10  80  60  70   1   0   5 0.01    M    M  8.8 25 220   M    M   7 1      31 220
11  84  56  70   1   0   5 0.00    M    M  6.2 17 250   M    M   2        22 270
12  86  55  71   1   0   6 0.00    M    M  5.3 14 270   M    M   4        18 310
13  87  60  74   4   0   9    T    M    M  8.6 25 350   M    M   3        35 360
14  91  56  74   4   0   9 0.01    M    M  5.7 20 330   M    M   2        24 320
15  94  59  77   6   0  12 0.00    M    M  6.6 18 260   M    M   2        23 160
16  94  61  78   7   0  13 0.00    M    M  9.5 25 250   M    M   0        32 260
17  96  63  80   9   0  15 0.00    M    M  8.9 20 250   M    M   0        29 250
18  95  64  80   9   0  15 0.00    M    M  9.8 23 240   M    M   0        33 240
19  97  58  78   6   0  13 0.00    M    M  8.0 16 240   M    M   0        21 240
20  98  58  78   6   0  13 0.00    M    M  6.7 18 220   M    M   0        26 240
21  94  66  80   8   0  15 0.00    M    M  8.0 18 270   M    M   0        25 220
22  96  63  80   7   0  15 0.00    M    M  8.3 16 240   M    M   0        25 240
23  96  65  81   8   0  16 0.00    M    M  7.6 18 250   M    M   0        22 250
24  97  62  80   7   0  15 0.00    M    M  7.1 18 250   M    M   0        24 260
25  99  63  81   8   0  16 0.00    M    M  7.5 21 260   M    M   0        25 310
26  98  64  81   7   0  16 0.00    M    M  7.0 20 230   M    M   0        26 260
27  98  70  84  10   0  19 0.00    M    M  8.0 24 130   M    M   0        34 120
28  96  65  81   7   0  16 0.22    M    M  6.3 23 240   M    M   1 3      28 230
29  95  63  79   5   0  14 1.93    M    M  8.0 51 150   M    M   3 13     65 150
================================================================================
SM 2612 1702         0 281  2.17    M    236.2          M       41
================================================================================
AV 90.1 58.7                               8.1 FASTST   M    M   1    MAX(MPH)
                                 MISC ---->  # 51 150               # 65  150
================================================================================
NOTES:
# LAST OF SEVERAL OCCURRENCES

COLUMN 17 PEAK WIND IN M.P.H.

PRELIMINARY LOCAL CLIMATOLOGICAL DATA (WS FORM: F-6) , PAGE 2

                                          STATION:  PRESCOTT AZ AIRPORT
                                          MONTH:    JUNE
                                          YEAR:     2015
                                          LATITUDE:   34 39 N
                                          LONGITUDE: 112 26 W

[TEMPERATURE DATA]      [PRECIPITATION DATA]       SYMBOLS USED IN COLUMN 16

AVERAGE MONTHLY: 74.4   TOTAL FOR MONTH:   2.17    1 = FOG OR MIST
DPTR FM NORMAL:   3.9   DPTR FM NORMAL:    1.80    2 = FOG REDUCING VISIBILITY
HIGHEST:    99 ON 25    GRTST 24HR  1.93 ON 29-29      TO 1/4 MILE OR LESS
LOWEST:     46 ON  7, 4                            3 = THUNDER
                        SNOW, ICE PELLETS, HAIL    4 = ICE PELLETS
                        TOTAL MONTH:    M          5 = HAIL
                        GRTST 24HR    M  ON   M    6 = FREEZING RAIN OR DRIZZLE
                        GRTST DEPTH:  M  ON   M    7 = DUSTSTORM OR SANDSTORM:
                                                       VSBY 1/2 MILE OR LESS
                                                   8 = SMOKE OR HAZE
[NO. OF DAYS WITH]      [WEATHER - DAYS WITH]      9 = BLOWING SNOW
                                                   X = TORNADO
MAX 32 OR BELOW:   0    0.01 INCH OR MORE:   4
MAX 90 OR ABOVE:  17    0.10 INCH OR MORE:   2
MIN 32 OR BELOW:   0    0.50 INCH OR MORE:   1
MIN  0 OR BELOW:   0    1.00 INCH OR MORE:   1

[HDD (BASE 65) ]
TOTAL THIS MO.     0    CLEAR  (SCALE 0-3)  25
DPTR FM NORMAL   -16    PTCLDY (SCALE 4-7)   4
TOTAL FM JUL 1  3478    CLOUDY (SCALE 8-10)  0
DPTR FM NORMAL  -801

[CDD (BASE 65) ]
TOTAL THIS MO.   281
DPTR FM NORMAL   106    [PRESSURE DATA]
TOTAL FM JAN 1   301    HIGHEST SLP M ON M
DPTR FM NORMAL    84    LOWEST  SLP 29.78 ON M

[REMARKS]
