000
CXUS56 KFGZ 260900
CF6PRC
PRELIMINARY LOCAL CLIMATOLOGICAL DATA (WS FORM: F-6)

                                          STATION:   PRESCOTT AZ AIRPORT
                                          MONTH:     AUGUST
                                          YEAR:      2016
                                          LATITUDE:   34 39 N
                                          LONGITUDE: 112 26 W

  TEMPERATURE IN F:       :PCPN:    SNOW:  WIND      :SUNSHINE: SKY     :PK WND
================================================================================
1   2   3   4   5  6A  6B    7    8   9   10  11  12  13   14  15   16   17  18
                                     12Z  AVG MX 2MIN
DY MAX MIN AVG DEP HDD CDD  WTR  SNW DPTH SPD SPD DIR MIN PSBL S-S WX    SPD DR
================================================================================

 1  88  64  76   1   0  11 0.49    M    M  5.9 23 170   M    M   5 3      27 170
 2  80  63  72  -3   0   7 0.43    M    M  7.0 17 190   M    M   5 13     22 170
 3  78  66  72  -3   0   7 0.09  0.0    0  4.5 23  40   M    M   5 13     28  40
 4  82  63  73  -2   0   8 0.02  0.0    0  4.4 23 300   M    M   3 3      27 300
 5  82  62  72  -3   0   7 0.72  0.0    0  7.5 31 310   M    M   5 138    39 310
 6  86  59  73  -1   0   8 0.05  0.0    0  4.1 24 150   M    M   3 3      30 160
 7  89  62  76   2   0  11 0.00    M    M  6.4 18 140   M    M   2 3      23 140
 8  91  63  77   3   0  12 0.00    M    M  9.1 22 250   M    M   2        27 230
 9  85  67  76   2   0  11    T    M    M  9.1 26 200   M    M   3 3      36 210
10  84  62  73  -1   0   8 0.86    M    M  7.6 32 220   M    M   4 13     38 210
11  84  61  73  -1   0   8 0.47    M    M  5.2 16 240   M    M   4 13     19 250
12  88  62  75   1   0  10 0.00    M    M  5.3 16 310   M    M   2        21 300
13  93  60  77   3   0  12 0.00    M    M  5.3 12  10   M    M   1        14 160
14  93  62  78   4   0  13 0.00    M    M  5.8 16 230   M    M   1        22 240
15  91  65  78   4   0  13 0.01    M    M  6.0 20  20   M    M   2        25  10
16  91  63  77   3   0  12    T    M    M  8.0 23 150   M    M   3        29 140
17  89  60  75   1   0  10 0.17    M    M  8.3 29 170   M    M   4 13     51  10
18  86  60  73   0   0   8 0.17    M    M  6.0 21 270   M    M   3 3      26 290
19  85  59  72  -1   0   7    T    M    M  6.2 24 320   M    M   3        28 320
20  85  61  73   0   0   8 0.10    M    M  6.6 29  40   M    M   2 3      37  40
21  79  60  70  -3   0   5    T    M    M  5.4 15 250   M    M   4 3      18 310
22  76  57  67  -6   0   2 0.67    M    M  4.8 25 190   M    M   3 13     34 190
23  74  57  66  -7   0   1 0.16    M    M  6.2 22  30   M    M   7 13     27  20
24  83  55  69  -4   0   4    T    M    M  6.7 20 260   M    M   2 3      25 250
25  81  55  68  -5   0   3 0.45    M    M  5.7 21 170   M    M   3 138    37 220
================================================================================
SM 2123 1528         0 206  4.86     0.0 157.1          M       81
================================================================================
AV 84.9 61.1                               6.3 FASTST   M    M   3    MAX(MPH)
                                 MISC ---->  # 32 220               # 51   10
================================================================================
NOTES:
# LAST OF SEVERAL OCCURRENCES

COLUMN 17 PEAK WIND IN M.P.H.

PRELIMINARY LOCAL CLIMATOLOGICAL DATA (WS FORM: F-6) , PAGE 2

                                          STATION:  PRESCOTT AZ AIRPORT
                                          MONTH:    AUGUST
                                          YEAR:     2016
                                          LATITUDE:   34 39 N
                                          LONGITUDE: 112 26 W

[TEMPERATURE DATA]      [PRECIPITATION DATA]       SYMBOLS USED IN COLUMN 16

AVERAGE MONTHLY: 73.0   TOTAL FOR MONTH:   4.86    1 = FOG OR MIST
DPTR FM NORMAL:  -0.9   DPTR FM NORMAL:    2.69    2 = FOG REDUCING VISIBILITY
HIGHEST:    93 ON 14,13 GRTST 24HR  1.33 ON 10-11      TO 1/4 MILE OR LESS
LOWEST:     55 ON 25,24                            3 = THUNDER
                        SNOW, ICE PELLETS, HAIL    4 = ICE PELLETS
                        TOTAL MONTH:   0.0 INCH    5 = HAIL
                        GRTST 24HR     0.0         6 = FREEZING RAIN OR DRIZZLE
                        GRTST DEPTH:   0           7 = DUSTSTORM OR SANDSTORM:
                                                       VSBY 1/2 MILE OR LESS
                                                   8 = SMOKE OR HAZE
[NO. OF DAYS WITH]      [WEATHER - DAYS WITH]      9 = BLOWING SNOW
                                                   X = TORNADO
MAX 32 OR BELOW:   0    0.01 INCH OR MORE:  15
MAX 90 OR ABOVE:   5    0.10 INCH OR MORE:  11
MIN 32 OR BELOW:   0    0.50 INCH OR MORE:   3
MIN  0 OR BELOW:   0    1.00 INCH OR MORE:   0

[HDD (BASE 65) ]
TOTAL THIS MO.     0    CLEAR  (SCALE 0-3)  15
DPTR FM NORMAL     0    PTCLDY (SCALE 4-7)  10
TOTAL FM JUL 1     0    CLOUDY (SCALE 8-10)  0
DPTR FM NORMAL     0

[CDD (BASE 65) ]
TOTAL THIS MO.   206
DPTR FM NORMAL   -17    [PRESSURE DATA]
TOTAL FM JAN 1   986    HIGHEST SLP M ON M
DPTR FM NORMAL   208    LOWEST  SLP 29.83 ON  8

[REMARKS]
