000
CXUS56 KFGZ 260900
CF6PRC
PRELIMINARY LOCAL CLIMATOLOGICAL DATA (WS FORM: F-6)

                                          STATION:   PRESCOTT AZ AIRPORT
                                          MONTH:     APRIL
                                          YEAR:      2017
                                          LATITUDE:   34 39 N
                                          LONGITUDE: 112 26 W

  TEMPERATURE IN F:       :PCPN:    SNOW:  WIND      :SUNSHINE: SKY     :PK WND
================================================================================
1   2   3   4   5  6A  6B    7    8   9   10  11  12  13   14  15   16   17  18
                                     12Z  AVG MX 2MIN
DY MAX MIN AVG DEP HDD CDD  WTR  SNW DPTH SPD SPD DIR MIN PSBL S-S WX    SPD DR
================================================================================

 1  57  34  46  -3  19   0 0.00    M    M  4.2 15  10   M    M   6 12     19  10
 2  66  34  50   1  15   0 0.00    M    M  9.5 21 240   M    M   1        27 240
 3  65  37  51   1  14   0 0.11    M    M 11.9 40 330   M    M   2 18     54 330
 4  58  32  45  -5  20   0 0.00    M    M  9.2 21 330   M    M   0        27 320
 5  68  32  50   0  15   0 0.00    M    M  4.3 10 190   M    M   0        16 220
 6  75  36  56   6   9   0 0.00    M    M  7.3 21 140   M    M   0        26 120
 7  71  46  59   9   6   0 0.00    M    M  9.5 23 230   M    M   0        29 230
 8  67  46  57   6   8   0    T    M    M 14.1 31 230   M    M   1        38 240
 9  63  36  50  -1  15   0 0.00    M    M  7.2 15 240   M    M   0        18 240
10  69  31  50  -1  15   0 0.00    M    M  5.4 14 150   M    M   0        19 160
11  71  35  53   2  12   0 0.00    M    M  6.3 18 230   M    M   0        25 230
12  76  38  57   5   8   0 0.00  0.0    0  7.0 17 240   M    M   0        22 190
13  74  44  59   7   6   0 0.00    M    M 10.4 25 210   M    M   0        32 220
14  72  41  57   5   8   0 0.00    M    M  9.9 22 230   M    M   0        30 210
15  73  36  55   3  10   0 0.00    M    M  5.3 12 250   M    M   0        17 160
16  76  40  58   5   7   0 0.00    M    M  5.8 16 240   M    M   0        21 330
17  75  43  59   6   6   0 0.00    M    M  9.2 21 240   M    M   0        27 230
18  76  43  60   7   5   0 0.00    M    M  9.5 23 240   M    M   0        30 260
19  74  47  61   8   4   0 0.00    M    M  6.6 15 240   M    M   0        21 250
20  75  42  59   5   6   0 0.00    M    M  9.5 24 240   M    M   0        33 230
21  77  42  60   6   5   0 0.00  0.0    0  7.8 16 330   M    M   0        23 340
22  80  42  61   7   4   0 0.00  0.0    0  5.6 13 240   M    M   0        17 320
23  78  44  61   6   4   0 0.00    M    0 10.6 26 230   M    M   0        34 230
24  72  46  59   4   6   0 0.00    M    0  9.2 25 230   M    M   0        32 210
25  70  45  58   3   7   0 0.00    M    M 11.6 31 300   M    M   1        39 310
================================================================================
SM 1778  992       234   0  0.11     0.0 206.9          M       11
================================================================================
AV 71.1 39.7                               8.3 FASTST   M    M   0    MAX(MPH)
                                 MISC ---->  # 40 330               # 54  330
================================================================================
NOTES:
# LAST OF SEVERAL OCCURRENCES

COLUMN 17 PEAK WIND IN M.P.H.

PRELIMINARY LOCAL CLIMATOLOGICAL DATA (WS FORM: F-6) , PAGE 2

                                          STATION:  PRESCOTT AZ AIRPORT
                                          MONTH:    APRIL
                                          YEAR:     2017
                                          LATITUDE:   34 39 N
                                          LONGITUDE: 112 26 W

[TEMPERATURE DATA]      [PRECIPITATION DATA]       SYMBOLS USED IN COLUMN 16

AVERAGE MONTHLY: 55.4   TOTAL FOR MONTH:   0.11    1 = FOG OR MIST
DPTR FM NORMAL:   3.4   DPTR FM NORMAL:   -0.33    2 = FOG REDUCING VISIBILITY
HIGHEST:    80 ON 22    GRTST 24HR  0.13 ON 31- 1      TO 1/4 MILE OR LESS
LOWEST:     31 ON 10                               3 = THUNDER
                        SNOW, ICE PELLETS, HAIL    4 = ICE PELLETS
                        TOTAL MONTH:   0.0 INCH    5 = HAIL
                        GRTST 24HR     0.0         6 = FREEZING RAIN OR DRIZZLE
                        GRTST DEPTH:   0           7 = DUSTSTORM OR SANDSTORM:
                                                       VSBY 1/2 MILE OR LESS
                                                   8 = SMOKE OR HAZE
[NO. OF DAYS WITH]      [WEATHER - DAYS WITH]      9 = BLOWING SNOW
                                                   X = TORNADO
MAX 32 OR BELOW:   0    0.01 INCH OR MORE:   1
MAX 90 OR ABOVE:   0    0.10 INCH OR MORE:   1
MIN 32 OR BELOW:   3    0.50 INCH OR MORE:   0
MIN  0 OR BELOW:   0    1.00 INCH OR MORE:   0

[HDD (BASE 65) ]
TOTAL THIS MO.   234    CLEAR  (SCALE 0-3)  24
DPTR FM NORMAL   -92    PTCLDY (SCALE 4-7)   1
TOTAL FM JUL 1  3336    CLOUDY (SCALE 8-10)  0
DPTR FM NORMAL  -737

[CDD (BASE 65) ]
TOTAL THIS MO.     0
DPTR FM NORMAL     0    [PRESSURE DATA]
TOTAL FM JAN 1     0    HIGHEST SLP M ON M
DPTR FM NORMAL     0    LOWEST  SLP 29.48 ON 25

[REMARKS]
