000
CXUS54 KFWD 300730
CF6PRX
PRELIMINARY LOCAL CLIMATOLOGICAL DATA (WS FORM: F-6)

                                          STATION:   PARIS
                                          MONTH:     SEPTEMBER
                                          YEAR:      2014
                                          LATITUDE:   33 37 N
                                          LONGITUDE:  95 27 W

  TEMPERATURE IN F:       :PCPN:    SNOW:  WIND      :SUNSHINE: SKY     :PK WND
================================================================================
1   2   3   4   5  6A  6B    7    8   9   10  11  12  13   14  15   16   17  18
                                     12Z  AVG MX 2MIN
DY MAX MIN AVG DEP HDD CDD  WTR  SNW DPTH SPD SPD DIR MIN PSBL S-S WX    SPD DR
================================================================================

 1  93  73  83   1   0  18 0.00  0.0    0 11.3 18 190   M    M   3        24 170
 2  90  73  82   0   0  17 0.00  0.0    0  8.8 16 130   M    M   2        25  60
 3  93  72  83   2   0  18 0.00  0.0    0  8.5 13 210   M    M   3        21 210
 4  97  73  85   4   0  20 0.00  0.0    0  8.3 13 250   M    M   1        20 190
 5  95  72  84   3   0  19 0.00  0.0    0  6.1 13 130   M    M   0         M  M
 6  93  72  83   3   0  18 0.02  0.0    0  5.8 16  40   M    M   2 3      22  20
 7  75  66  71  -9   0   6 1.98  0.0    0  5.7 13  40   M    M   6 3       M  M
 8  91  70  81   1   0  16 0.00  0.0    0  4.5  8 130   M    M   4         M  M
 9  95  72  84   5   0  19 0.00  0.0    0  9.6 15 180   M    M   0        21 180
10  95  75  85   6   0  20 0.00  0.0    0 12.3 20 200   M    M   1        27 220
11  81  73  77  -1   0  12 3.11  0.0    0  6.4 10 100   M    M   8 3       M  M
12  73  61  67 -11   0   2 3.37  0.0    0 11.9 17 360   M    M   9 3      22 100
13  66  57  62 -16   3   0 0.00  0.0    0  8.4 14  10   M    M  10        20  20
14  79  59  69  -8   0   4 0.00  0.0    0  4.4 10 100   M    M   3         M  M
15  82  66  74  -3   0   9 0.00  0.0    0  5.5  9 130   M    M   1         M  M
16  88  72  80   3   0  15 0.00  0.0    0  4.4  7 100   M    M   3         M  M
17  90  70  80   4   0  15 0.00  0.0    0  4.2  9 120   M    M   0         M  M
18  88  70  79   3   0  14 0.04  0.0    0  6.8 22  20   M    M   2        33  20
19  82  70  76   1   0  11 0.00  0.0    0  7.2 10 110   M    M   5         M  M
20  90  70  80   5   0  15 0.00  0.0    0  6.7  9 120   M    M   1         M  M
21  90  70  80   5   0  15 0.00  0.0    0  4.5 10  20   M    M   1         M  M
22  81  61  71  -3   0   6 0.00  0.0    0  7.9 17  80   M    M   1        18  80
23  79  55  67  -7   0   2 0.00  0.0    0  7.0 12 120   M    M   0         M  M
24  82  54  68  -5   0   3 0.00  0.0    0  6.6  9 100   M    M   0         M  M
25  82  59  71  -2   0   6 0.00  0.0    0  7.6 10  80   M    M   1         M  M
26  84  59  72  -1   0   7 0.00  0.0    0  6.3 10  70   M    M   2         M  M
27  82  63  73   1   0   8 0.00  0.0    0  7.8 13 150   M    M   1         M  M
28  84  64  74   2   0   9 0.00  0.0    0  6.7 12  80   M    M   0         M  M
29  84  64  74   2   0   9 0.00  0.0    0  6.9 13  70   M    M   2         M  M
================================================================================
SM 2484 1935         3 333  8.52     0.0 208.1          M       72
================================================================================
AV 85.7 66.7                               7.2 FASTST   M    M   2    MAX(MPH)
                                 MISC ---->    22   M                 33    M
================================================================================
NOTES:
# LAST OF SEVERAL OCCURRENCES

COLUMN 17 PEAK WIND IN M.P.H.

PRELIMINARY LOCAL CLIMATOLOGICAL DATA (WS FORM: F-6) , PAGE 2

                                          STATION:  PARIS
                                          MONTH:    SEPTEMBER
                                          YEAR:     2014
                                          LATITUDE:   33 37 N
                                          LONGITUDE:  95 27 W

[TEMPERATURE DATA]      [PRECIPITATION DATA]       SYMBOLS USED IN COLUMN 16

AVERAGE MONTHLY: 76.2   TOTAL FOR MONTH:   8.52    1 = FOG OR MIST
DPTR FM NORMAL:  -0.7   DPTR FM NORMAL:    4.81    2 = FOG REDUCING VISIBILITY
HIGHEST:    97 ON  4    GRTST 24HR  3.37 ON 12-12      TO 1/4 MILE OR LESS
LOWEST:     54 ON 24                               3 = THUNDER
                        SNOW, ICE PELLETS, HAIL    4 = ICE PELLETS
                        TOTAL MONTH:   0.0 INCH    5 = HAIL
                        GRTST 24HR     0.0         6 = FREEZING RAIN OR DRIZZLE
                        GRTST DEPTH:   0           7 = DUSTSTORM OR SANDSTORM:
                                                       VSBY 1/2 MILE OR LESS
                                                   8 = SMOKE OR HAZE
[NO. OF DAYS WITH]      [WEATHER - DAYS WITH]      9 = BLOWING SNOW
                                                   X = TORNADO
MAX 32 OR BELOW:   0    0.01 INCH OR MORE:   5
MAX 90 OR ABOVE:  12    0.10 INCH OR MORE:   3
MIN 32 OR BELOW:   0    0.50 INCH OR MORE:   3
MIN  0 OR BELOW:   0    1.00 INCH OR MORE:   3

[HDD (BASE 65) ]
TOTAL THIS MO.     3    CLEAR  (SCALE 0-3)  22
DPTR FM NORMAL    -6    PTCLDY (SCALE 4-7)   5
TOTAL FM JUL 1     3    CLOUDY (SCALE 8-10)  2
DPTR FM NORMAL    -6

[CDD (BASE 65) ]
TOTAL THIS MO.   333
DPTR FM NORMAL   -20    [PRESSURE DATA]
TOTAL FM JAN 1  1952    HIGHEST SLP M ON M
DPTR FM NORMAL  -440    LOWEST  SLP M ON M

[REMARKS]
