000
CXUS55 KALY 270800
CF6PSF
PRELIMINARY LOCAL CLIMATOLOGICAL DATA (WS FORM: F-6)

                                          STATION:   PITTSFIELD MA
                                          MONTH:     AUGUST
                                          YEAR:      2014
                                          LATITUDE:   42 25 N
                                          LONGITUDE:  73 18 W

  TEMPERATURE IN F:       :PCPN:    SNOW:  WIND      :SUNSHINE: SKY     :PK WND
================================================================================
1   2   3   4   5  6A  6B    7    8   9   10  11  12  13   14  15   16   17  18
                                     12Z  AVG MX 2MIN
DY MAX MIN AVG DEP HDD CDD  WTR  SNW DPTH SPD SPD DIR MIN PSBL S-S WX    SPD DR
================================================================================

 1  79  55  67  -1   0   2 0.02    M    M  2.9 15 170   M    M   5 128    21 170
 2  75  58  67  -1   0   2 0.00    M    M  2.8 14 140   M    M   4 1      17 140
 3  77  55  66  -2   0   1 0.00    M    M  1.9 10 110   M    M   5 12     15 110
 4  78  60  69   1   0   4    T    M    M  4.0 14 270   M    M   5 1      16 280
 5  81  58  70   2   0   5 0.69    M    M  2.6 17 340   M    M   6 123    22 340
 6  75  56  66  -2   0   1 0.03    M    M  4.7 16 300   M    M   6 1      21 300
 7  72  51  62  -6   3   0 0.08    M    M  3.7 17 260   M    M   3 13     23 280
 8  75  51  63  -5   2   0 0.00    M    M  4.3 13 330   M    M   2 1      17 290
 9  79  51  65  -2   0   0 0.00    M    M  3.8 16 300   M    M   4 12     20 300
10  79  52  66  -1   0   1 0.00    M    M  1.7 10 290   M    M   1 1      15 360
11  81  53  67   0   0   2 0.00    M    M  3.1 12 230   M    M   2 1      17 240
12  73  56  65  -2   0   0 0.02    M    M  7.2 21 140   M    M   4 1      31 140
13  68  60  64  -3   1   0 0.42    M    M  9.5 21 140   M    M   9 18     27 120
14  68  53  61  -6   4   0 0.01    M    M  7.9 20 260   M    M   7        24 260
15  62  47  55 -12  10   0    T    M    M  5.4 16 270   M    M   8        23 280
16  69  47  58  -9   7   0    T    M    M  4.9 13 250   M    M   2        19 230
17  72  55  64  -3   1   0    T    M    M  6.4 18 300   M    M   5        26 280
18  70  50  60  -7   5   0 0.00    M    M  6.3 18 280   M    M   4 1      22 280
19  75  45  60  -6   5   0 0.00    M    M  1.4 10 250   M    M   1 12     13 250
20  79  50  65  -1   0   0 0.01    M    M  2.4 12 160   M    M   5        15 180
21  72  62  67   1   0   2 1.00    M    M  3.4 10 120   M    M   8 13     15 110
22  66  61  64  -2   1   0 0.05    M    M  3.5 10 110   M    M  10 1      15 110
23  70  53  62  -4   3   0 0.00    M    M  3.0  9  50   M    M   8 12     13  40
24  78  52  65  -1   0   0 0.00    M    M  2.1 13 360   M    M   5 12     18  10
25  82  51  67   1   0   2 0.00    M    M  2.4 10 280   M    M   2 12     14 310
26  81  54  68   3   0   3 0.00    M    M  4.2 12 260   M    M   2 12     15 250
================================================================================
SM 1936 1396        42  25  2.33    M    105.5          M      123
================================================================================
AV 74.5 53.7                               4.1 FASTST   M    M   5    MAX(MPH)
                                 MISC ---->  # 21 140               # 31  140
================================================================================
NOTES:
# LAST OF SEVERAL OCCURRENCES

COLUMN 17 PEAK WIND IN M.P.H.

PRELIMINARY LOCAL CLIMATOLOGICAL DATA (WS FORM: F-6) , PAGE 2

                                          STATION:  PITTSFIELD MA
                                          MONTH:    AUGUST
                                          YEAR:     2014
                                          LATITUDE:   42 25 N
                                          LONGITUDE:  73 18 W

[TEMPERATURE DATA]      [PRECIPITATION DATA]       SYMBOLS USED IN COLUMN 16

AVERAGE MONTHLY: 64.1   TOTAL FOR MONTH:   2.33    1 = FOG OR MIST
DPTR FM NORMAL:  -2.9   DPTR FM NORMAL:   -1.17    2 = FOG REDUCING VISIBILITY
HIGHEST:    82 ON 25    GRTST 24HR  1.00 ON 21-21      TO 1/4 MILE OR LESS
LOWEST:     45 ON 19                               3 = THUNDER
                        SNOW, ICE PELLETS, HAIL    4 = ICE PELLETS
                        TOTAL MONTH:    M          5 = HAIL
                        GRTST 24HR    M  ON   M    6 = FREEZING RAIN OR DRIZZLE
                        GRTST DEPTH:  M  ON   M    7 = DUSTSTORM OR SANDSTORM:
                                                       VSBY 1/2 MILE OR LESS
                                                   8 = SMOKE OR HAZE
[NO. OF DAYS WITH]      [WEATHER - DAYS WITH]      9 = BLOWING SNOW
                                                   X = TORNADO
MAX 32 OR BELOW:   0    0.01 INCH OR MORE:  10
MAX 90 OR ABOVE:   0    0.10 INCH OR MORE:   3
MIN 32 OR BELOW:   0    0.50 INCH OR MORE:   2
MIN  0 OR BELOW:   0    1.00 INCH OR MORE:   1

[HDD (BASE 65) ]
TOTAL THIS MO.    42    CLEAR  (SCALE 0-3)   8
DPTR FM NORMAL    11    PTCLDY (SCALE 4-7)  14
TOTAL FM JUL 1    60    CLOUDY (SCALE 8-10)  4
DPTR FM NORMAL    -2

[CDD (BASE 65) ]
TOTAL THIS MO.    25
DPTR FM NORMAL   -61    [PRESSURE DATA]
TOTAL FM JAN 1   188    HIGHEST SLP M ON M
DPTR FM NORMAL   -75    LOWEST  SLP 29.68 ON 13

[REMARKS]
