000
CXUS54 KFWD 190730
CF6PSN
PRELIMINARY LOCAL CLIMATOLOGICAL DATA (WS FORM: F-6)

                                          STATION:   PALESTINE
                                          MONTH:     APRIL
                                          YEAR:      2014
                                          LATITUDE:   31 46 N
                                          LONGITUDE:  95 42 W

  TEMPERATURE IN F:       :PCPN:    SNOW:  WIND      :SUNSHINE: SKY     :PK WND
================================================================================
1   2   3   4   5  6A  6B    7    8   9   10  11  12  13   14  15   16   17  18
                                     12Z  AVG MX 2MIN
DY MAX MIN AVG DEP HDD CDD  WTR  SNW DPTH SPD SPD DIR MIN PSBL S-S WX    SPD DR
================================================================================

 1  80  63  72  12   0   7 0.00  0.0    0  8.4 14 160   M    M   7 18     21 140
 2  80  68  74  13   0   9 0.00  0.0    0  9.4 13 130   M    M  10 8      23 150
 3  82  71  77  16   0  12 0.00  0.0    0 10.7 17 160   M    M   8 8      29 150
 4  73  52  63   2   2   0 0.01  0.0    0 11.1 18 340   M    M   2 1      31 330
 5  63  51  57  -4   8   0 0.00  0.0    0  7.9 14  90   M    M   4        16  50
 6  55  48  52 -10  13   0 0.55  0.0    0  7.9 12  40   M    M  10 1      17  80
 7  61  48  55  -7  10   0 0.00  0.0    0  4.7 10 190   M    M   8         M  M
 8  69  46  58  -4   7   0 0.00  0.0    0  8.6 22 300   M    M   1 1      32 310
 9  77  40  59  -3   6   0 0.00  0.0    0  4.9 13 170   M    M   0         9 140
10  83  58  71   8   0   6 0.00  0.0    0 11.7 18 160   M    M   0        28 160
11  82  62  72   9   0   7 0.00  0.0    0 10.1 15 150   M    M   3 8      22 170
12  82  64  73  10   0   8 0.00  0.0    0 10.9 18 180   M    M   6 8      24 180
13  75  66  71   8   0   6 0.00  0.0    0  9.1 14 160   M    M   8 8      24 150
14  71  41  56  -8   9   0 0.20  0.0    0 11.8 18 340   M    M   8 18     29 320
15  62  32  47 -17  18   0 0.00  0.0    0  4.5 12 320   M    M   0        16 320
16  67  39  53 -11  12   0 0.00  0.0    0  7.2 13 180   M    M   0 8      21 140
17  72  52  62  -2   3   0 0.00  0.0    0  6.2 13 100   M    M   7        16 100
18  78  54  66   1   0   1 0.00  0.0    0  3.1 10 360   M    M   4 8      17 360
================================================================================
SM 1312  955        88  56  0.76     0.0 148.2          M       86
================================================================================
AV 72.9 53.1                               8.2 FASTST   M    M   5    MAX(MPH)
                                 MISC ---->    22   M                 32    M
================================================================================
NOTES:
# LAST OF SEVERAL OCCURRENCES

COLUMN 17 PEAK WIND IN M.P.H.

PRELIMINARY LOCAL CLIMATOLOGICAL DATA (WS FORM: F-6) , PAGE 2

                                          STATION:  PALESTINE
                                          MONTH:    APRIL
                                          YEAR:     2014
                                          LATITUDE:   31 46 N
                                          LONGITUDE:  95 42 W

[TEMPERATURE DATA]      [PRECIPITATION DATA]       SYMBOLS USED IN COLUMN 16

AVERAGE MONTHLY: 63.0   TOTAL FOR MONTH:   0.76    1 = FOG OR MIST
DPTR FM NORMAL:   0.5   DPTR FM NORMAL:   -1.09    2 = FOG REDUCING VISIBILITY
HIGHEST:    83 ON 10    GRTST 24HR  0.55 ON  6- 6      TO 1/4 MILE OR LESS
LOWEST:     32 ON 15                               3 = THUNDER
                        SNOW, ICE PELLETS, HAIL    4 = ICE PELLETS
                        TOTAL MONTH:   0.0 INCH    5 = HAIL
                        GRTST 24HR     0.0         6 = FREEZING RAIN OR DRIZZLE
                        GRTST DEPTH:   0           7 = DUSTSTORM OR SANDSTORM:
                                                       VSBY 1/2 MILE OR LESS
                                                   8 = SMOKE OR HAZE
[NO. OF DAYS WITH]      [WEATHER - DAYS WITH]      9 = BLOWING SNOW
                                                   X = TORNADO
MAX 32 OR BELOW:   0    0.01 INCH OR MORE:   3
MAX 90 OR ABOVE:   0    0.10 INCH OR MORE:   2
MIN 32 OR BELOW:   1    0.50 INCH OR MORE:   1
MIN  0 OR BELOW:   0    1.00 INCH OR MORE:   0

[HDD (BASE 65) ]
TOTAL THIS MO.    88    CLEAR  (SCALE 0-3)   6
DPTR FM NORMAL     7    PTCLDY (SCALE 4-7)   9
TOTAL FM JUL 1  2346    CLOUDY (SCALE 8-10)  3
DPTR FM NORMAL    10

[CDD (BASE 65) ]
TOTAL THIS MO.    56
DPTR FM NORMAL    20    [PRESSURE DATA]
TOTAL FM JAN 1    84    HIGHEST SLP M ON M
DPTR FM NORMAL    18    LOWEST  SLP M ON M

[REMARKS]
