000
CXUS54 KFWD 300730
CF6PSN
PRELIMINARY LOCAL CLIMATOLOGICAL DATA (WS FORM: F-6)

                                          STATION:   PALESTINE
                                          MONTH:     AUGUST
                                          YEAR:      2015
                                          LATITUDE:   31 46 N
                                          LONGITUDE:  95 42 W

  TEMPERATURE IN F:       :PCPN:    SNOW:  WIND      :SUNSHINE: SKY     :PK WND
================================================================================
1   2   3   4   5  6A  6B    7    8   9   10  11  12  13   14  15   16   17  18
                                     12Z  AVG MX 2MIN
DY MAX MIN AVG DEP HDD CDD  WTR  SNW DPTH SPD SPD DIR MIN PSBL S-S WX    SPD DR
================================================================================

 1  97  72  85   2   0  20 0.00  0.0    0  4.6  9  40   M    M   0         M  M
 2  97  75  86   3   0  21 0.00  0.0    0  3.9 10  80   M    M   0         M  M
 3  98  70  84   1   0  19 0.00  0.0    0  2.4  8  90   M    M   1         M  M
 4  97  73  85   2   0  20 0.00  0.0    0  4.0  9 200   M    M   1         M  M
 5  99  77  88   5   0  23 0.00  0.0    0  6.6 15 200   M    M   2        20 220
 6  99  77  88   5   0  23 0.00  0.0    0  8.1 16 220   M    M   1        22 210
 7 100  76  88   5   0  23 0.00  0.0    0  6.1 12 180   M    M   1         M  M
 8 100  76  88   5   0  23 0.00  0.0    0  5.3 10 200   M    M   1         M  M
 9 101  75  88   5   0  23 0.00  0.0    0  4.1  9 190   M    M   1         M  M
10 104  72  88   5   0  23 0.00  0.0    0  2.0  6 340   M    M   0         M  M
11 105  76  91   8   0  26 0.00  0.0    0  4.0 13 310   M    M   0        17 310
12 102  74  88   5   0  23 0.00  0.0    0  4.2 14 350   M    M   1        17 350
13  98  78  88   5   0  23 0.00  0.0    0  7.3 12  90   M    M   1        18  90
14  97  75  86   3   0  21 0.00  0.0    0  6.8 10 360   M    M   0         M  M
15  96  74  85   2   0  20 0.00  0.0    0  5.3 10  80   M    M   1         M  M
16  96  70  83   0   0  18 0.00  0.0    0  2.9 10  60   M    M   1         M  M
17  95  70  83   0   0  18 0.00  0.0    0  3.1  7  80   M    M   1         M  M
18  96  74  85   2   0  20 0.00  0.0    0  7.1 12 180   M    M   2        21 180
19  96  74  85   3   0  20 0.00  0.0    0  8.8 15 190   M    M   5        20  50
20  78  71  75  -7   0  10 0.23  0.0    0  4.6 10 350   M    M   7 1      16  20
21  85  69  77  -5   0  12 0.68  0.0    0  3.8  8 110   M    M   2 13      M  M
22  96  76  86   4   0  21 0.00  0.0    0  6.2 14 190   M    M   4        17 190
23  97  77  87   5   0  22 0.00  0.0    0  4.9 10 210   M    M   3         M  M
24  98  74  86   4   0  21 0.00  0.0    0  1.6  7 220   M    M   1         M  M
25  90  69  80  -2   0  15 0.15  0.0    0  4.8 15  50   M    M   2         M  M
26  92  68  80  -1   0  15 0.00  0.0    0  3.4  8 100   M    M   1         M  M
27  90  62  76  -5   0  11 0.00  0.0    0  2.3  9  80   M    M   0         M  M
28  93  68  81   0   0  16 0.00  0.0    0  3.9  7 340   M    M   0         M  M
29  92  73  83   2   0  18 0.00  0.0    0  4.9 10 200   M    M   1         M  M
================================================================================
SM 2784 2115         0 568  1.06     0.0 137.0          M       41
================================================================================
AV 96.0 72.9                               4.7 FASTST   M    M   1    MAX(MPH)
                                 MISC ---->    16   M                 22    M
================================================================================
NOTES:
# LAST OF SEVERAL OCCURRENCES

COLUMN 17 PEAK WIND IN M.P.H.

PRELIMINARY LOCAL CLIMATOLOGICAL DATA (WS FORM: F-6) , PAGE 2

                                          STATION:  PALESTINE
                                          MONTH:    AUGUST
                                          YEAR:     2015
                                          LATITUDE:   31 46 N
                                          LONGITUDE:  95 42 W

[TEMPERATURE DATA]      [PRECIPITATION DATA]       SYMBOLS USED IN COLUMN 16

AVERAGE MONTHLY: 84.5   TOTAL FOR MONTH:   1.06    1 = FOG OR MIST
DPTR FM NORMAL:   2.0   DPTR FM NORMAL:   -2.04    2 = FOG REDUCING VISIBILITY
HIGHEST:   105 ON 11    GRTST 24HR  0.68 ON 21-21      TO 1/4 MILE OR LESS
LOWEST:     62 ON 27                               3 = THUNDER
                        SNOW, ICE PELLETS, HAIL    4 = ICE PELLETS
                        TOTAL MONTH:   0.0 INCH    5 = HAIL
                        GRTST 24HR     0.0         6 = FREEZING RAIN OR DRIZZLE
                        GRTST DEPTH:   0           7 = DUSTSTORM OR SANDSTORM:
                                                       VSBY 1/2 MILE OR LESS
                                                   8 = SMOKE OR HAZE
[NO. OF DAYS WITH]      [WEATHER - DAYS WITH]      9 = BLOWING SNOW
                                                   X = TORNADO
MAX 32 OR BELOW:   0    0.01 INCH OR MORE:   3
MAX 90 OR ABOVE:  27    0.10 INCH OR MORE:   3
MIN 32 OR BELOW:   0    0.50 INCH OR MORE:   1
MIN  0 OR BELOW:   0    1.00 INCH OR MORE:   0

[HDD (BASE 65) ]
TOTAL THIS MO.     0    CLEAR  (SCALE 0-3)  25
DPTR FM NORMAL     0    PTCLDY (SCALE 4-7)   4
TOTAL FM JUL 1     0    CLOUDY (SCALE 8-10)  0
DPTR FM NORMAL     0

[CDD (BASE 65) ]
TOTAL THIS MO.   568
DPTR FM NORMAL    61    [PRESSURE DATA]
TOTAL FM JAN 1  2151    HIGHEST SLP M ON M
DPTR FM NORMAL   351    LOWEST  SLP M ON M

[REMARKS]
