000
CXUS56 KSGX 301445
CF6PSP
PRELIMINARY LOCAL CLIMATOLOGICAL DATA (WS FORM: F-6)

                                          STATION:   PALM SPRINGS INTL AIRPORT CA
                                          MONTH:     AUGUST
                                          YEAR:      2014
                                          LATITUDE:   33 49 N
                                          LONGITUDE: 116 30 W

  TEMPERATURE IN F:       :PCPN:    SNOW:  WIND      :SUNSHINE: SKY     :PK WND
================================================================================
1   2   3   4   5  6A  6B    7    8   9   10  11  12  13   14  15   16   17  18
                                     12Z  AVG MX 2MIN
DY MAX MIN AVG DEP HDD CDD  WTR  SNW DPTH SPD SPD DIR MIN PSBL S-S WX    SPD DR
================================================================================

 1 104  87  96   3   0  31 0.00  0.0    0  5.7 16 130   M    M   1        23 140
 2  95  79  87  -6   0  22 0.07  0.0    0  5.0 28 320   M    M   6 18     32 320
 3  94  75  85  -8   0  20 0.81  0.0    0  5.4 33  80   M    M   5 1      41  70
 4  99  77  88  -5   0  23 0.00  0.0    0  6.9 21 320   M    M   1        25 320
 5 105  76  91  -1   0  26 0.00  0.0    0  7.4 22 330   M    M   0        27 310
 6 104  74  89  -3   0  24 0.00  0.0    0  8.7 23 320   M    M   0        31 320
 7 103  72  88  -4   0  23 0.00  0.0    0  5.8 17 320   M    M   0        20 320
 8 103  75  89  -3   0  24 0.00  0.0    0  6.2 16 120   M    M   0        22  80
 9 103  77  90  -2   0  25 0.00  0.0    0  5.9 16 330   M    M   0        18 120
10 107  78  93   1   0  28 0.00  0.0    0  5.9 20 310   M    M   0        26 320
11 106  83  95   3   0  30 0.00  0.0    0  7.3 20 320   M    M   2        23 310
12 100  87  94   2   0  29    T  0.0    0  6.1 20 130   M    M   4        24 130
13 100  83  92   0   0  27 0.00  0.0    0  6.1 14 130   M    M   3        18 110
14 107  79  93   1   0  28 0.00  0.0    0  6.7 23 310   M    M   0        29 310
15 108  78  93   1   0  28 0.00  0.0    0  6.4 20 330   M    M   0        24 310
16 111  81  96   4   0  31 0.00  0.0    0  6.5 22 320   M    M   0        26 320
17 113  82  98   6   0  33 0.00  0.0    0  6.1 21 320   M    M   0        25 320
18  99  84  92   0   0  27    T  0.0    0  9.3 26 110   M    M   6 8      31 110
19 104  80  92   0   0  27 0.00  0.0    0 10.1 29 340   M    M   1        35 350
20  97  77  87  -5   0  22    T  0.0    0  8.7 21 320   M    M   3        26 320
21 101  76  89  -3   0  24    T  0.0    0  6.7 31 130   M    M   3 8      42 130
22  97  74  86  -6   0  21 0.00  0.0    0  6.8 16 320   M    M   0        19 320
23 103  73  88  -4   0  23 0.00  0.0    0  6.7 22 320   M    M   0        29 320
24 104  72  88  -3   0  23 0.00  0.0    0  5.0 23 320   M    M   0        28 320
25 102  78  90  -1   0  25 0.00  0.0    0  6.3 20 330   M    M   2        30 330
26 103  81  92   1   0  27 0.00  0.0    0  6.3 21 330   M    M   1        26 320
27 108  78  93   2   0  28 0.00  0.0    0  6.9 21 320   M    M   0        27 320
28 112  79  96   5   0  31 0.00  0.0    0  6.6 25 310   M    M   0        31 320
29 114  82  98   7   0  33 0.00  0.0    0  5.9 23 330   M    M   0        28 340
================================================================================
SM 3006 2277         0 763  0.88     0.0 193.4          M       38
================================================================================
AV103.7 78.5                               6.7 FASTST   M    M   1    MAX(MPH)
                                 MISC ---->  # 33  80               # 42  130
================================================================================
NOTES:
# LAST OF SEVERAL OCCURRENCES

COLUMN 17 PEAK WIND IN M.P.H.

PRELIMINARY LOCAL CLIMATOLOGICAL DATA (WS FORM: F-6) , PAGE 2

                                          STATION:  PALM SPRINGS INTL AIRPORT CA
                                          MONTH:    AUGUST
                                          YEAR:     2014
                                          LATITUDE:   33 49 N
                                          LONGITUDE: 116 30 W

[TEMPERATURE DATA]      [PRECIPITATION DATA]       SYMBOLS USED IN COLUMN 16

AVERAGE MONTHLY: 91.1   TOTAL FOR MONTH:   0.88    1 = FOG OR MIST
DPTR FM NORMAL:  -0.8   DPTR FM NORMAL:    0.56    2 = FOG REDUCING VISIBILITY
HIGHEST:   114 ON 29    GRTST 24HR  0.85 ON  2- 3      TO 1/4 MILE OR LESS
LOWEST:     72 ON 24, 7                            3 = THUNDER
                        SNOW, ICE PELLETS, HAIL    4 = ICE PELLETS
                        TOTAL MONTH:   0.0 INCH    5 = HAIL
                        GRTST 24HR     0.0         6 = FREEZING RAIN OR DRIZZLE
                        GRTST DEPTH:   0           7 = DUSTSTORM OR SANDSTORM:
                                                       VSBY 1/2 MILE OR LESS
                                                   8 = SMOKE OR HAZE
[NO. OF DAYS WITH]      [WEATHER - DAYS WITH]      9 = BLOWING SNOW
                                                   X = TORNADO
MAX 32 OR BELOW:   0    0.01 INCH OR MORE:   2
MAX 90 OR ABOVE:  29    0.10 INCH OR MORE:   1
MIN 32 OR BELOW:   0    0.50 INCH OR MORE:   1
MIN  0 OR BELOW:   0    1.00 INCH OR MORE:   0

[HDD (BASE 65) ]
TOTAL THIS MO.     0    CLEAR  (SCALE 0-3)  25
DPTR FM NORMAL     0    PTCLDY (SCALE 4-7)   4
TOTAL FM JUL 1     0    CLOUDY (SCALE 8-10)  0
DPTR FM NORMAL     0

[CDD (BASE 65) ]
TOTAL THIS MO.   763
DPTR FM NORMAL   -18    [PRESSURE DATA]
TOTAL FM JAN 1  3535    HIGHEST SLP M ON M
DPTR FM NORMAL   502    LOWEST  SLP 29.77 ON 18

[REMARKS]
