104
CXUS56 KSGX 251445
CF6PSP
PRELIMINARY LOCAL CLIMATOLOGICAL DATA (WS FORM: F-6)

                                          STATION:   PALM SPRINGS INTL AIRPORT CA
                                          MONTH:     JUNE
                                          YEAR:      2017
                                          LATITUDE:   33 49 N
                                          LONGITUDE: 116 30 W

  TEMPERATURE IN F:       :PCPN:    SNOW:  WIND      :SUNSHINE: SKY     :PK WND
================================================================================
1   2   3   4   5  6A  6B    7    8   9   10  11  12  13   14  15   16   17  18
                                     12Z  AVG MX 2MIN
DY MAX MIN AVG DEP HDD CDD  WTR  SNW DPTH SPD SPD DIR MIN PSBL S-S WX    SPD DR
================================================================================

 1  95  68  82  -1   0  17 0.00  0.0    0  6.1 16 330   M    M   0        20 320
 2 102  72  87   4   0  22 0.00  0.0    0  6.9 16 100   M    M   0        24 120
 3 107  76  92   9   0  27 0.00  0.0    0  7.1 23 330   M    M   0        27 330
 4 108  77  93   9   0  28 0.00  0.0    0  6.3 22 320   M    M   0        27 330
 5 108  76  92   8   0  27 0.00  0.0    0  5.3 17 320   M    M   0        21 320
 6 104  77  91   7   0  26 0.00  0.0    0  7.7 18 320   M    M   0        25 320
 7 102  71  87   3   0  22 0.00  0.0    0  6.3 23 330   M    M   0        27 320
 8 102  69  86   1   0  21 0.00  0.0    0  8.7 25 320   M    M   0        36 320
 9 101  69  85   0   0  20 0.00  0.0    0 10.1 26 330   M    M   0        35 330
10  96  70  83  -2   0  18 0.00  0.0    0 10.9 26 320   M    M   0        35 310
11  87  67  77  -8   0  12 0.00  0.0    0 14.7 31 330   M    M   0        40 290
12  90  63  77  -9   0  12 0.00  0.0    0 10.9 24 320   M    M   0        31 310
13  98  63  81  -5   0  16 0.00  0.0    0  3.9 15 300   M    M   0        21 300
14 107  72  90   4   0  25 0.00  0.0    0  6.0 18 320   M    M   0        24 300
15 112  74  93   7   0  28 0.00  0.0    0  6.0 21 320   M    M   0        28 290
16 113  77  95   8   0  30 0.00  0.0    0  5.8 20 320   M    M   0        23 320
17 115  78  97  10   0  32 0.00  0.0    0  6.3 22 320   M    M   0        30 310
18 117  79  98  11   0  33 0.00  0.0    0  5.2 20 320   M    M   0        24 320
19 119  82 101  14   0  36 0.00  0.0    0  5.2 21 330   M    M   0        26 320
20 122  84 103  15   0  38 0.00  0.0    0  6.7 25 330   M    M   0        29 340
21 118  84 101  13   0  36 0.00  0.0    0  8.0 23 340   M    M   0 8      29 300
22 113  83  98  10   0  33 0.00  0.0    0  3.7 15 330   M    M   0        18 320
23 114  81  98  10   0  33 0.00  0.0    0  7.0 15 320   M    M   0        17 120
24 122  86 104  15   0  39 0.00  0.0    0  8.5 28 320   M    M   0        34 310
================================================================================
SM 2572 1798         0 631  0.00     0.0 173.3          M        0
================================================================================
AV107.2 74.9                               7.2 FASTST   M    M   0    MAX(MPH)
                                 MISC ---->  # 31 330               # 40  290
================================================================================
NOTES:
# LAST OF SEVERAL OCCURRENCES

COLUMN 17 PEAK WIND IN M.P.H.

PRELIMINARY LOCAL CLIMATOLOGICAL DATA (WS FORM: F-6) , PAGE 2

                                          STATION:  PALM SPRINGS INTL AIRPORT CA
                                          MONTH:    JUNE
                                          YEAR:     2017
                                          LATITUDE:   33 49 N
                                          LONGITUDE: 116 30 W

[TEMPERATURE DATA]      [PRECIPITATION DATA]       SYMBOLS USED IN COLUMN 16

AVERAGE MONTHLY: 91.0   TOTAL FOR MONTH:   0.00    1 = FOG OR MIST
DPTR FM NORMAL:   5.3   DPTR FM NORMAL:   -0.04    2 = FOG REDUCING VISIBILITY
HIGHEST:   122 ON 24,20 GRTST 24HR  0.00 ON 24-24      TO 1/4 MILE OR LESS
LOWEST:     63 ON 13,12                            3 = THUNDER
                        SNOW, ICE PELLETS, HAIL    4 = ICE PELLETS
                        TOTAL MONTH:   0.0 INCH    5 = HAIL
                        GRTST 24HR     0.0         6 = FREEZING RAIN OR DRIZZLE
                        GRTST DEPTH:   0           7 = DUSTSTORM OR SANDSTORM:
                                                       VSBY 1/2 MILE OR LESS
                                                   8 = SMOKE OR HAZE
[NO. OF DAYS WITH]      [WEATHER - DAYS WITH]      9 = BLOWING SNOW
                                                   X = TORNADO
MAX 32 OR BELOW:   0    0.01 INCH OR MORE:   0
MAX 90 OR ABOVE:  23    0.10 INCH OR MORE:   0
MIN 32 OR BELOW:   0    0.50 INCH OR MORE:   0
MIN  0 OR BELOW:   0    1.00 INCH OR MORE:   0

[HDD (BASE 65) ]
TOTAL THIS MO.     0    CLEAR  (SCALE 0-3)  24
DPTR FM NORMAL     0    PTCLDY (SCALE 4-7)   0
TOTAL FM JUL 1   684    CLOUDY (SCALE 8-10)  0
DPTR FM NORMAL  -190

[CDD (BASE 65) ]
TOTAL THIS MO.   631
DPTR FM NORMAL   132    [PRESSURE DATA]
TOTAL FM JAN 1  1754    HIGHEST SLP M ON M
DPTR FM NORMAL   496    LOWEST  SLP 29.67 ON 21

[REMARKS]
