000
CXUS56 KOTX 290900
CF6PUW
PRELIMINARY LOCAL CLIMATOLOGICAL DATA (WS FORM: F-6)

                                          STATION:   PULLMAN-MOSCOW  AIRPORT
                                          MONTH:     MARCH
                                          YEAR:      2015
                                          LATITUDE:   46 44 N
                                          LONGITUDE: 117  7 W

  TEMPERATURE IN F:       :PCPN:    SNOW:  WIND      :SUNSHINE: SKY     :PK WND
================================================================================
1   2   3   4   5  6A  6B    7    8   9   10  11  12  13   14  15   16   17  18
                                     12Z  AVG MX 2MIN
DY MAX MIN AVG DEP HDD CDD  WTR  SNW DPTH SPD SPD DIR MIN PSBL S-S WX    SPD DR
================================================================================

 1  44  23  34  -4  31   0 0.00    M    M  4.1 14 100   M    M   0        17 100
 2  41  29  35  -3  30   0    T    M    M  5.8 14 320   M    M   8 1      17 330
 3  38  19  29  -9  36   0 0.00    M    M  5.1 15 270   M    M   1        19 300
 4  43  21  32  -6  33   0 0.00    M    M  4.9 15  90   M    M   0        17 100
 5  53  29  41   3  24   0 0.00    M    M  5.8 16  90   M    M   0        18  90
 6  61  28  45   6  20   0 0.00    M    M  4.2 12 160   M    M   0        14 260
 7  57  30  44   5  21   0 0.00    M    M  3.6 10 280   M    M   0        16 270
 8  59  28  44   5  21   0 0.00    M    M  4.0 12 250   M    M   0        14 270
 9  63  35  49  10  16   0 0.00    M    M  6.0 14 250   M    M   0        19 240
10  69  38  54  14  11   0 0.00    M    M  8.3 15 100   M    M   0        19 110
11  57  44  51  11  14   0    T    M    M  3.6 15 210   M    M   7        22 210
12  59  39  49   9  16   0    T    M    M  7.4 22 240   M    M   3        28 240
13  66  39  53  13  12   0 0.00    M    M 11.6 24  90   M    M   0        28 100
14  58  49  54  14  11   0 0.24    M    M  9.0 18 230   M    M   8 1      25 240
15  54  45  50   9  15   0 0.36    M    M  8.9 24 240   M    M   9 1      30 230
16  54  37  46   5  19   0 0.00    M    M  4.4 21 250   M    M   2        27 250
17  47  39  43   2  22   0 0.26    M    M  7.4 20 260   M    M  10 1      26 270
18  52  38  45   4  20   0 0.17    M    M  9.0 20 240   M    M   6 1      25 250
19  57  37  47   6  18   0 0.00    M    M  8.0 17  90   M    M   0        19  90
20  62  41  52  10  13   0 0.00    M    M  7.7 18 100   M    M   1        23  90
21  56  37  47   5  18   0 0.05    M    M 10.6 28 240   M    M   4        35 240
22  56  36  46   4  19   0 0.01    M    M  8.6 22 100   M    M   4 1      25  90
23  49  37  43   1  22   0 0.54    M    M 10.9 28 240   M    M   8 1      37 240
24  43  34  39  -3  26   0 0.42    M    M 12.0 30 250   M    M   9 1      37 250
25  48  34  41  -1  24   0 0.08    M    M  6.7 13 220   M    M   8        16 230
26  64  42  53  11  12   0 0.00    M    M  7.3 14 100   M    M   3        17 150
27  72  48  60  17   5   0 0.11    M    M  8.7 22 190   M    M   1 13     26 190
28  54  38  46   3  19   0 0.24    M    M 17.4 36 240   M    M   5 13     44 240
================================================================================
SM 1536  994       548   0  2.48    M    211.0          M       97
================================================================================
AV 54.9 35.5                               7.5 FASTST   M    M   3    MAX(MPH)
                                 MISC ---->  # 36 240               # 44  240
================================================================================
NOTES:
# LAST OF SEVERAL OCCURRENCES

COLUMN 17 PEAK WIND IN M.P.H.

PRELIMINARY LOCAL CLIMATOLOGICAL DATA (WS FORM: F-6) , PAGE 2

                                          STATION:  PULLMAN-MOSCOW  AIRPORT
                                          MONTH:    MARCH
                                          YEAR:     2015
                                          LATITUDE:   46 44 N
                                          LONGITUDE: 117  7 W

[TEMPERATURE DATA]      [PRECIPITATION DATA]       SYMBOLS USED IN COLUMN 16

AVERAGE MONTHLY: 45.2   TOTAL FOR MONTH:   2.48    1 = FOG OR MIST
DPTR FM NORMAL:   4.8   DPTR FM NORMAL:    0.63    2 = FOG REDUCING VISIBILITY
HIGHEST:    72 ON 27    GRTST 24HR  0.54 ON 23-23      TO 1/4 MILE OR LESS
LOWEST:     19 ON  3                               3 = THUNDER
                        SNOW, ICE PELLETS, HAIL    4 = ICE PELLETS
                        TOTAL MONTH:    M          5 = HAIL
                        GRTST 24HR    M  ON   M    6 = FREEZING RAIN OR DRIZZLE
                        GRTST DEPTH:  M  ON   M    7 = DUSTSTORM OR SANDSTORM:
                                                       VSBY 1/2 MILE OR LESS
                                                   8 = SMOKE OR HAZE
[NO. OF DAYS WITH]      [WEATHER - DAYS WITH]      9 = BLOWING SNOW
                                                   X = TORNADO
MAX 32 OR BELOW:   0    0.01 INCH OR MORE:  11
MAX 90 OR ABOVE:   0    0.10 INCH OR MORE:   8
MIN 32 OR BELOW:   8    0.50 INCH OR MORE:   1
MIN  0 OR BELOW:   0    1.00 INCH OR MORE:   0

[HDD (BASE 65) ]
TOTAL THIS MO.   548    CLEAR  (SCALE 0-3)  16
DPTR FM NORMAL  -142    PTCLDY (SCALE 4-7)   8
TOTAL FM JUL 1  4379    CLOUDY (SCALE 8-10)  4
DPTR FM NORMAL -1014

[CDD (BASE 65) ]
TOTAL THIS MO.     0
DPTR FM NORMAL     0    [PRESSURE DATA]
TOTAL FM JAN 1     0    HIGHEST SLP M ON M
DPTR FM NORMAL     0    LOWEST  SLP  0.00 ON M

[REMARKS]
