000
CXUS51 KGYX 301000
CF6PWM
PRELIMINARY LOCAL CLIMATOLOGICAL DATA (WS FORM: F-6)

                                          STATION:   PORTLAND ME
                                          MONTH:     MAY
                                          YEAR:      2015
                                          LATITUDE:   43 39 N
                                          LONGITUDE:  70 19 W

  TEMPERATURE IN F:       :PCPN:    SNOW:  WIND      :SUNSHINE: SKY     :PK WND
================================================================================
1   2   3   4   5  6A  6B    7    8   9   10  11  12  13   14  15   16   17  18
                                     12Z  AVG MX 2MIN
DY MAX MIN AVG DEP HDD CDD  WTR  SNW DPTH SPD SPD DIR MIN PSBL S-S WX    SPD DR
================================================================================

 1  55  39  47  -2  18   0 0.00  0.0    0  5.7 15 150   M    M   6        20 150
 2  54  38  46  -4  19   0 0.00  0.0    0  6.0 15 150   M    M   5        19 140
 3  62  40  51   1  14   0 0.00  0.0    0  5.3 14 170   M    M   5 128    19 170
 4  76  42  59   9   6   0 0.00  0.0    0  6.9 20 190   M    M   1        31 170
 5  75  51  63  13   2   0 0.00  0.0    0  9.2 20  10   M    M   5        25 340
 6  72  42  57   6   8   0 0.00  0.0    0  5.8 20 180   M    M   1        26 190
 7  84  46  65  14   0   0 0.00  0.0    0  7.8 21 180   M    M   3        26 180
 8  58  44  51   0  14   0 0.00  0.0    0 12.0 23  90   M    M   4        29  70
 9  59  44  52   0  13   0 0.00  0.0    0  5.9 16 170   M    M   9 1      22 200
10  83  52  68  16   0   3 0.70  0.0    0  6.8 28 300   M    M   6 13     39 300
11  68  48  58   6   7   0 0.01  0.0    0  9.0 20  90   M    M   9 18     26 100
12  82  47  65  12   0   0 0.03  0.0    0  8.3 30 270   M    M   8 18     43 260
13  64  44  54   1  11   0    T  0.0    0 12.7 28 320   M    M   4        35 320
14  68  40  54   1  11   0 0.00  0.0    0  8.1 18 200   M    M   1        23 180
15  70  43  57   3   8   0 0.00  0.0    0  5.8 16 180   M    M   4        23 190
16  63  48  56   2   9   0    T  0.0    0  4.5 12 150   M    M   8 1      15 150
17  74  48  61   7   4   0 0.03  0.0    0  6.7 15  90   M    M   7 1      18  90
18  61  48  55   1  10   0 0.00  0.0    0  8.0 14  90   M    M   8 1      17 100
19  65  49  57   2   8   0 0.18  0.0    0  6.3 14 180   M    M   9 12     18 180
20  67  45  56   1   9   0 0.00  0.0    0 11.4 28 290   M    M   5 1      33 290
21  69  39  54  -1  11   0 0.00  0.0    0  8.4 25 190   M    M   4        33 190
22  67  47  57   1   8   0 0.00  0.0    0  7.2 24 340   M    M   7        33 320
23  65  39  52  -4  13   0 0.00  0.0    0 12.8 28 300   M    M   1        36 300
24  83  50  67  11   0   2    T  0.0    0 11.1 25 270   M    M   4        30 290
25  84  55  70  13   0   5 0.01  0.0    0  7.4 18 250   M    M   6        28 290
26  91  58  75  18   0  10 0.03  0.0    0  7.3 21 270   M    M   5 1      28 280
27  79  63  71  14   0   6 0.00  0.0    0  8.1 22 180   M    M   5        34 200
28  80  64  72  14   0   7 0.37  0.0    0  7.8 21 180   M    M   4 13     30 170
29  77  59  68  10   0   3 0.00  0.0    0  7.3 15 150   M    M   7 12     18 150
================================================================================
SM 2055 1372       203  36  1.36     0.0 229.6          M      151
================================================================================
AV 70.9 47.3                               7.9 FASTST   M    M   5    MAX(MPH)
                                 MISC ---->  # 30 270               # 43  260
================================================================================
NOTES:
# LAST OF SEVERAL OCCURRENCES

COLUMN 17 PEAK WIND IN M.P.H.

PRELIMINARY LOCAL CLIMATOLOGICAL DATA (WS FORM: F-6) , PAGE 2

                                          STATION:  PORTLAND ME
                                          MONTH:    MAY
                                          YEAR:     2015
                                          LATITUDE:   43 39 N
                                          LONGITUDE:  70 19 W

[TEMPERATURE DATA]      [PRECIPITATION DATA]       SYMBOLS USED IN COLUMN 16

AVERAGE MONTHLY: 59.1   TOTAL FOR MONTH:   1.36    1 = FOG OR MIST
DPTR FM NORMAL:   5.5   DPTR FM NORMAL:   -2.39    2 = FOG REDUCING VISIBILITY
HIGHEST:    91 ON 26    GRTST 24HR  0.71 ON 10-11      TO 1/4 MILE OR LESS
LOWEST:     38 ON  2                               3 = THUNDER
                        SNOW, ICE PELLETS, HAIL    4 = ICE PELLETS
                        TOTAL MONTH:   0.0 INCH    5 = HAIL
                        GRTST 24HR     0.0         6 = FREEZING RAIN OR DRIZZLE
                        GRTST DEPTH:   0           7 = DUSTSTORM OR SANDSTORM:
                                                       VSBY 1/2 MILE OR LESS
                                                   8 = SMOKE OR HAZE
[NO. OF DAYS WITH]      [WEATHER - DAYS WITH]      9 = BLOWING SNOW
                                                   X = TORNADO
MAX 32 OR BELOW:   0    0.01 INCH OR MORE:   8
MAX 90 OR ABOVE:   1    0.10 INCH OR MORE:   3
MIN 32 OR BELOW:   0    0.50 INCH OR MORE:   1
MIN  0 OR BELOW:   0    1.00 INCH OR MORE:   0

[HDD (BASE 65) ]
TOTAL THIS MO.   203    CLEAR  (SCALE 0-3)   5
DPTR FM NORMAL  -136    PTCLDY (SCALE 4-7)  20
TOTAL FM JUL 1  6929    CLOUDY (SCALE 8-10)  4
DPTR FM NORMAL   -58

[CDD (BASE 65) ]
TOTAL THIS MO.    36
DPTR FM NORMAL    34    [PRESSURE DATA]
TOTAL FM JAN 1    36    HIGHEST SLP M ON M
DPTR FM NORMAL    34    LOWEST  SLP 29.65 ON 12

[REMARKS]
