000
CXUS51 KGYX 200900
CF6PWM
PRELIMINARY LOCAL CLIMATOLOGICAL DATA (WS FORM: F-6)

                                          STATION:   PORTLAND ME
                                          MONTH:     AUGUST
                                          YEAR:      2017
                                          LATITUDE:   43 39 N
                                          LONGITUDE:  70 19 W

  TEMPERATURE IN F:       :PCPN:    SNOW:  WIND      :SUNSHINE: SKY     :PK WND
================================================================================
1   2   3   4   5  6A  6B    7    8   9   10  11  12  13   14  15   16   17  18
                                     12Z  AVG MX 2MIN
DY MAX MIN AVG DEP HDD CDD  WTR  SNW DPTH SPD SPD DIR MIN PSBL S-S WX    SPD DR
================================================================================

 1  86  63  75   5   0  10 0.00  0.0    0  5.8 18 190   M    M   2        24 180
 2  84  60  72   3   0   7 0.00  0.0    0  5.6 16  90   M    M   4 1      20 180
 3  80  65  73   4   0   8    T  0.0    0  7.3 17 180   M    M   3 1      23 170
 4  77  63  70   1   0   5 0.00  0.0    0  8.6 21 160   M    M   5        26 160
 5  73  62  68  -1   0   3 0.05  0.0    0  8.3 17 150   M    M   9 138    28 170
 6  77  57  67  -2   0   2 0.00  0.0    0  8.3 22 310   M    M   2        30 300
 7  79  52  66  -3   0   1 0.02  0.0    0  8.0 17 210   M    M   5 1      24 220
 8  73  59  66  -3   0   1 0.14  0.0    0  5.2 14 360   M    M   7 1      20 220
 9  82  53  68  -1   0   3 0.00  0.0    0  6.1 18 170   M    M   2 1      24 180
10  81  59  70   1   0   5 0.00  0.0    0  5.5 16 150   M    M   3        24 140
11  79  62  71   2   0   6 0.00  0.0    0  5.0 15 150   M    M   5 1      19 150
12  73  64  69   0   0   4 0.08  0.0    0  7.0 17 190   M    M   8 1      24 180
13  86  61  74   5   0   9 0.01  0.0    0  7.8 22 320   M    M   3        29 310
14  81  55  68   0   0   3 0.00  0.0    0  5.5 15 190   M    M   5        20 180
15  79  59  69   1   0   4 0.00  0.0    0  5.7 16 190   M    M   5 1      27 180
16  82  56  69   1   0   4 0.00  0.0    0  8.0 18 350   M    M   3        24 350
17  83  50  67  -1   0   2 0.00  0.0    0  5.5 18 280   M    M   4        23 280
18  67  60  64  -4   1   0 1.91  0.0    0  8.0 16 110   M    M   8 1      25 110
19  80  60  70   2   0   5 0.01  0.0    0  6.6 15 140   M    M   9 1      17 210
================================================================================
SM 1502 1120         1  82  2.22     0.0 127.8          M       92
================================================================================
AV 79.1 59.0                               6.7 FASTST   M    M   5    MAX(MPH)
                                 MISC ---->  # 22 310               # 30  300
================================================================================
NOTES:
# LAST OF SEVERAL OCCURRENCES

COLUMN 17 PEAK WIND IN M.P.H.

PRELIMINARY LOCAL CLIMATOLOGICAL DATA (WS FORM: F-6) , PAGE 2

                                          STATION:  PORTLAND ME
                                          MONTH:    AUGUST
                                          YEAR:     2017
                                          LATITUDE:   43 39 N
                                          LONGITUDE:  70 19 W

[TEMPERATURE DATA]      [PRECIPITATION DATA]       SYMBOLS USED IN COLUMN 16

AVERAGE MONTHLY: 69.0   TOTAL FOR MONTH:   2.22    1 = FOG OR MIST
DPTR FM NORMAL:   0.3   DPTR FM NORMAL:    0.26    2 = FOG REDUCING VISIBILITY
HIGHEST:    86 ON 13, 1 GRTST 24HR  1.91 ON 18-18      TO 1/4 MILE OR LESS
LOWEST:     50 ON 17                               3 = THUNDER
                        SNOW, ICE PELLETS, HAIL    4 = ICE PELLETS
                        TOTAL MONTH:   0.0 INCH    5 = HAIL
                        GRTST 24HR     0.0         6 = FREEZING RAIN OR DRIZZLE
                        GRTST DEPTH:   0           7 = DUSTSTORM OR SANDSTORM:
                                                       VSBY 1/2 MILE OR LESS
                                                   8 = SMOKE OR HAZE
[NO. OF DAYS WITH]      [WEATHER - DAYS WITH]      9 = BLOWING SNOW
                                                   X = TORNADO
MAX 32 OR BELOW:   0    0.01 INCH OR MORE:   7
MAX 90 OR ABOVE:   0    0.10 INCH OR MORE:   2
MIN 32 OR BELOW:   0    0.50 INCH OR MORE:   1
MIN  0 OR BELOW:   0    1.00 INCH OR MORE:   1

[HDD (BASE 65) ]
TOTAL THIS MO.     1    CLEAR  (SCALE 0-3)   6
DPTR FM NORMAL    -9    PTCLDY (SCALE 4-7)  10
TOTAL FM JUL 1    14    CLOUDY (SCALE 8-10)  3
DPTR FM NORMAL   -13

[CDD (BASE 65) ]
TOTAL THIS MO.    82
DPTR FM NORMAL    -2    [PRESSURE DATA]
TOTAL FM JAN 1   335    HIGHEST SLP M ON M
DPTR FM NORMAL    43    LOWEST  SLP 29.76 ON 19

[REMARKS]
