000
CXUS53 KMKX 240702
CF6RAC
PRELIMINARY LOCAL CLIMATOLOGICAL DATA (WS FORM: F-6)

                                          STATION:   RACINE WI
                                          MONTH:     NOVEMBER
                                          YEAR:      2017
                                          LATITUDE:   42 45 N
                                          LONGITUDE:  87 49 W

  TEMPERATURE IN F:       :PCPN:    SNOW:  WIND      :SUNSHINE: SKY     :PK WND
================================================================================
1   2   3   4   5  6A  6B    7    8   9   10  11  12  13   14  15   16   17  18
                                     12Z  AVG MX 2MIN
DY MAX MIN AVG DEP HDD CDD  WTR  SNW DPTH SPD SPD DIR MIN PSBL S-S WX    SPD DR
================================================================================

 1  45  35  40  -6  25   0 0.25  0.0    0  9.3 17 140   M    M   8 1      26 160
 2  50  42  46   1  19   0    T  0.0    0  3.8 13 340   M    M   8 1      17 330
 3  47  34  41  -4  24   0 0.00  0.0    0 10.1 17 350   M    M   6        21 360
 4  47  44  46   2  19   0 0.17  0.0    0  9.3 20 100   M    M   9 1      26 100
 5  51  38  45   1  20   0 0.01  0.0    0  6.2 16 330   M    M  10 1      21 320
 6  42  31  37  -6  28   0 0.00  0.0    0  6.9 15  10   M    M   3        21 320
 7  45  26  36  -7  29   0 0.00  0.0    0  6.7 18 360   M    M   4        23 360
 8  46  26  36  -6  29   0 0.00  0.0    0  7.2 16 230   M    M   0        22 250
 9  43  18  31 -11  34   0    T  0.0    0 12.3 22 340   M    M   4        31 340
10  32  17  25 -17  40   0 0.01    M    0 10.4 18 340   M    M   8 1      24 340
11  36  26  31 -10  34   0 0.00  0.0    0  8.1 15 200   M    M   9        23 170
12  39  33  36  -4  29   0 0.18    M    0  3.6  8 310   M    M  10 1      11  30
13  42  29  36  -4  29   0 0.00  0.0    0  5.9 12 280   M    M   2 18     16 230
14  48  28  38  -2  27   0 0.00  0.0    0  9.7 18 170   M    M   5 18     27 170
15  50  34  42   3  23   0 0.27  0.0    0 12.5 24 300   M    M  10 1      37 310
16  38  34  36  -3  29   0 0.00  0.0    0  7.8 21 310   M    M  10        31 330
17  44  35  40   2  25   0 0.28  0.0    0 10.7 24 180   M    M   9 1      38 170
18  43  35  39   1  26   0 0.19    M    0 12.6 24 340   M    M  10 1      35 320
19  36  27  32  -5  33   0 0.00  0.0    0 11.5 21 300   M    M   3        30 300
20  52  31  42   5  23   0 0.00  0.0    0 14.8 23 210   M    M   0        35 210
21  47  25  36   0  29   0 0.00  0.0    0 13.0 23 310   M    M   4        36 320
22  34  19  27  -9  38   0 0.00    M    M  7.0 13 230   M    M   2        19 210
23  45  30  38   3  27   0 0.00    M    M  7.7 16 230   M    M   4 8      23 250
================================================================================
SM 1002  697       639   0  1.36     0.0 207.1          M      138
================================================================================
AV 43.6 30.3                               9.0 FASTST   M    M   6    MAX(MPH)
                                 MISC ---->  # 24 300               # 38  170
================================================================================
NOTES:
# LAST OF SEVERAL OCCURRENCES

COLUMN 17 PEAK WIND IN M.P.H.

PRELIMINARY LOCAL CLIMATOLOGICAL DATA (WS FORM: F-6) , PAGE 2

                                          STATION:  RACINE WI
                                          MONTH:    NOVEMBER
                                          YEAR:     2017
                                          LATITUDE:   42 45 N
                                          LONGITUDE:  87 49 W

[TEMPERATURE DATA]      [PRECIPITATION DATA]       SYMBOLS USED IN COLUMN 16

AVERAGE MONTHLY: 36.9   TOTAL FOR MONTH:   1.36    1 = FOG OR MIST
DPTR FM NORMAL:  -3.6   DPTR FM NORMAL:   -0.72    2 = FOG REDUCING VISIBILITY
HIGHEST:    52 ON 20    GRTST 24HR  0.28 ON 17-17      TO 1/4 MILE OR LESS
LOWEST:     17 ON 10                               3 = THUNDER
                        SNOW, ICE PELLETS, HAIL    4 = ICE PELLETS
                        TOTAL MONTH:   0.0 INCH    5 = HAIL
                        GRTST 24HR     0.0         6 = FREEZING RAIN OR DRIZZLE
                        GRTST DEPTH:   0           7 = DUSTSTORM OR SANDSTORM:
                                                       VSBY 1/2 MILE OR LESS
                                                   8 = SMOKE OR HAZE
[NO. OF DAYS WITH]      [WEATHER - DAYS WITH]      9 = BLOWING SNOW
                                                   X = TORNADO
MAX 32 OR BELOW:   1    0.01 INCH OR MORE:   8
MAX 90 OR ABOVE:   0    0.10 INCH OR MORE:   6
MIN 32 OR BELOW:  13    0.50 INCH OR MORE:   0
MIN  0 OR BELOW:   0    1.00 INCH OR MORE:   0

[HDD (BASE 65) ]
TOTAL THIS MO.   639    CLEAR  (SCALE 0-3)   5
DPTR FM NORMAL    76    PTCLDY (SCALE 4-7)   8
TOTAL FM JUL 1  1029    CLOUDY (SCALE 8-10) 10
DPTR FM NORMAL  -106

[CDD (BASE 65) ]
TOTAL THIS MO.     0
DPTR FM NORMAL     0    [PRESSURE DATA]
TOTAL FM JAN 1   605    HIGHEST SLP M ON M
DPTR FM NORMAL    24    LOWEST  SLP 29.50 ON 18

[REMARKS]
