000
CXUS56 KMFR 191000
CF6RBG
PRELIMINARY LOCAL CLIMATOLOGICAL DATA (WS FORM: F-6)

                                          STATION:   ROSEBURG OR
                                          MONTH:     JANUARY
                                          YEAR:      2018
                                          LATITUDE:   43 13 N
                                          LONGITUDE: 123 22 W

  TEMPERATURE IN F:       :PCPN:    SNOW:  WIND      :SUNSHINE: SKY     :PK WND
================================================================================
1   2   3   4   5  6A  6B    7    8   9   10  11  12  13   14  15   16   17  18
                                     12Z  AVG MX 2MIN
DY MAX MIN AVG DEP HDD CDD  WTR  SNW DPTH SPD SPD DIR MIN PSBL S-S WX    SPD DR
================================================================================

 1  43  38  41  -1  24   0    T    M    M  1.7  7  10   M    M  10 12      8  10
 2  42  38  40  -2  25   0 0.00    M    M  2.3  7 360   M    M  10 12      7 360
 3  47  38  43   1  22   0 0.00    M    M  0.8  6 230   M    M   6 1       7 230
 4  48  41  45   3  20   0 0.06    M    M  0.8  5 240   M    M   9 128     6 230
 5  55  42  49   7  16   0 0.11    M    M  0.9  7 170   M    M   9 1       9 160
 6  48  42  45   3  20   0 0.02    M    M  2.2  8  10   M    M  10 1      10 360
 7  57  38  48   6  17   0 0.00    M    M  0.6  6 200   M    M   2 12      8 150
 8  48  42  45   3  20   0 0.17    M    M  0.1  5 300   M    M  10 1       6 310
 9  50  43  47   4  18   0 0.22    M    M  1.3 12 320   M    M   9 18     16 290
10  51  42  47   4  18   0 0.07    M    M  0.3  5 180   M    M  10 1       6 280
11  59  46  53  10  12   0 0.15    M    M  5.8 18 220   M    M   9 1      30 250
12  58  43  51   8  14   0 0.00    M    M  0.5  7  10   M    M   5 1       8  10
13  57  42  50   7  15   0 0.00    M    M  0.6  4 220   M    M   0 2       M  M
14  56  38  47   4  18   0 0.00    M    M  0.9  7 220   M    M   5 12      9 220
15  54  42  48   5  17   0 0.22    M    M  0.9  9  90   M    M   7 12     10  90
16  54  39  47   4  18   0    T    M    M  0.6  6 330   M    M   4 12      6 330
17  71  40  56  13   9   0 0.44    M    M  5.8 20 170   M    M   6 12     32 190
18  52  39  46   3  19   0 0.24    M    M  2.7 13 260   M    M   8 1      20 260
================================================================================
SM  950  733       322   0  1.70    M     28.8          M      129
================================================================================
AV 52.8 40.7                               1.6 FASTST   M    M   7    MAX(MPH)
                                 MISC ---->  # 20 170               # 32  190
================================================================================
NOTES:
# LAST OF SEVERAL OCCURRENCES

COLUMN 17 PEAK WIND IN M.P.H.

PRELIMINARY LOCAL CLIMATOLOGICAL DATA (WS FORM: F-6) , PAGE 2

                                          STATION:  ROSEBURG OR
                                          MONTH:    JANUARY
                                          YEAR:     2018
                                          LATITUDE:   43 13 N
                                          LONGITUDE: 123 22 W

[TEMPERATURE DATA]      [PRECIPITATION DATA]       SYMBOLS USED IN COLUMN 16

AVERAGE MONTHLY: 46.8   TOTAL FOR MONTH:   1.70    1 = FOG OR MIST
DPTR FM NORMAL:   4.2   DPTR FM NORMAL:   -1.80    2 = FOG REDUCING VISIBILITY
HIGHEST:    71 ON 17    GRTST 24HR  0.44 ON 17-17      TO 1/4 MILE OR LESS
LOWEST:     38 ON 14, 7                            3 = THUNDER
                        SNOW, ICE PELLETS, HAIL    4 = ICE PELLETS
                        TOTAL MONTH:    M          5 = HAIL
                        GRTST 24HR    M  ON   M    6 = FREEZING RAIN OR DRIZZLE
                        GRTST DEPTH:  M  ON   M    7 = DUSTSTORM OR SANDSTORM:
                                                       VSBY 1/2 MILE OR LESS
                                                   8 = SMOKE OR HAZE
[NO. OF DAYS WITH]      [WEATHER - DAYS WITH]      9 = BLOWING SNOW
                                                   X = TORNADO
MAX 32 OR BELOW:   0    0.01 INCH OR MORE:  10
MAX 90 OR ABOVE:   0    0.10 INCH OR MORE:   7
MIN 32 OR BELOW:   0    0.50 INCH OR MORE:   0
MIN  0 OR BELOW:   0    1.00 INCH OR MORE:   0

[HDD (BASE 65) ]
TOTAL THIS MO.   322    CLEAR  (SCALE 0-3)   2
DPTR FM NORMAL   -81    PTCLDY (SCALE 4-7)   6
TOTAL FM JUL 1  1943    CLOUDY (SCALE 8-10) 10
DPTR FM NORMAL  -100

[CDD (BASE 65) ]
TOTAL THIS MO.     0
DPTR FM NORMAL     0    [PRESSURE DATA]
TOTAL FM JAN 1     0    HIGHEST SLP  0.00 ON M
DPTR FM NORMAL     0    LOWEST  SLP  0.00 ON  9

[REMARKS]
