000
CXUS56 KSTO 250132
CF6RBL
PRELIMINARY LOCAL CLIMATOLOGICAL DATA (WS FORM: F-6)

                                          STATION:   RED BLUFF AIRPORT CA
                                          MONTH:     MAY
                                          YEAR:      2017
                                          LATITUDE:   40  9 N
                                          LONGITUDE: 122 15 W

  TEMPERATURE IN F:       :PCPN:    SNOW:  WIND      :SUNSHINE: SKY     :PK WND
================================================================================
1   2   3   4   5  6A  6B    7    8   9   10  11  12  13   14  15   16   17  18
                                     12Z  AVG MX 2MIN
DY MAX MIN AVG DEP HDD CDD  WTR  SNW DPTH SPD SPD DIR MIN PSBL S-S WX    SPD DR
================================================================================

 1  91  58  75  12   0  10 0.00  0.0    0  9.0 18 360   M    M   0        25 300
 2  90  61  76  12   0  11 0.00  0.0    0 10.9 23 350   M    M   0        31 330
 3  96  65  81  17   0  16 0.00  0.0    0  7.3 20 340   M    M   0        24 330
 4  94  60  77  13   0  12 0.00  0.0    0 10.3 22 160   M    M   0        27 150
 5  84  55  70   6   0   5 0.00  0.0    0  9.6 21 320   M    M   0        29 310
 6  76  54  65   0   0   0    T  0.0    0 15.5 28 350   M    M   0        37 350
 7  83  58  71   6   0   6 0.00  0.0    0 15.8 33 340   M    M   0        43 340
 8  91  54  73   8   0   8 0.00  0.0    0  9.4 22 360   M    M   0        29 350
 9  95  53  74   8   0   9 0.00  0.0    0  6.7 17 350   M    M   0        22 230
10  82  57  70   4   0   5 0.00  0.0    0 10.8 21 160   M    M   0        26 160
11  78  50  64  -2   1   0 0.00  0.0    0 11.9 26 150   M    M   1        35 140
12  69  46  58  -9   7   0 0.00  0.0    0  8.1 25 300   M    M   3        34 300
13  72  44  58  -9   7   0 0.00  0.0    0  6.4 15 300   M    M   0        20 300
14  75  48  62  -5   3   0 0.00  0.0    0  6.8 17 350   M    M   2        24 360
15  83  48  66  -2   0   1 0.00  0.0    0  6.5 16 350   M    M   0        21 350
16  66  54  60  -8   5   0 0.02  0.0    0 10.5 22 140   M    M   8        27 150
17  78  44  61  -7   4   0 0.00  0.0    0  9.2 20 330   M    M   0        24 360
18  88  50  69   1   0   4 0.00  0.0    0 11.1 23 350   M    M   0        31 350
19  93  51  72   3   0   7 0.00  0.0    0  5.5 12 360   M    M   0        16 150
20  98  58  78   9   0  13 0.00  0.0    0  7.4 17 340   M    M   0        23 340
21  98  62  80  11   0  15 0.00  0.0    0  6.3 16 360   M    M   0        22  10
22 103  61  82  12   0  17 0.00  0.0    0  5.6 14 360   M    M   0 8      17  10
23 100  61  81  11   0  16 0.00  0.0    0  6.5 16 150   M    M   0 8      18 150
================================================================================
SM 1983 1252        27 155  0.02     0.0 207.1          M       14
================================================================================
AV 86.2 54.4                               9.0 FASTST   M    M   1    MAX(MPH)
                                 MISC ---->  # 33 340               # 43  340
================================================================================
NOTES:
# LAST OF SEVERAL OCCURRENCES

COLUMN 17 PEAK WIND IN M.P.H.

PRELIMINARY LOCAL CLIMATOLOGICAL DATA (WS FORM: F-6) , PAGE 2

                                          STATION:  RED BLUFF AIRPORT CA
                                          MONTH:    MAY
                                          YEAR:     2017
                                          LATITUDE:   40  9 N
                                          LONGITUDE: 122 15 W

[TEMPERATURE DATA]      [PRECIPITATION DATA]       SYMBOLS USED IN COLUMN 16

AVERAGE MONTHLY: 70.3   TOTAL FOR MONTH:   0.02    1 = FOG OR MIST
DPTR FM NORMAL:   3.7   DPTR FM NORMAL:   -0.94    2 = FOG REDUCING VISIBILITY
HIGHEST:   103 ON 22    GRTST 24HR  0.02 ON 16-16      TO 1/4 MILE OR LESS
LOWEST:     44 ON 17,13                            3 = THUNDER
                        SNOW, ICE PELLETS, HAIL    4 = ICE PELLETS
                        TOTAL MONTH:   0.0 INCH    5 = HAIL
                        GRTST 24HR     0.0         6 = FREEZING RAIN OR DRIZZLE
                        GRTST DEPTH:   0           7 = DUSTSTORM OR SANDSTORM:
                                                       VSBY 1/2 MILE OR LESS
                                                   8 = SMOKE OR HAZE
[NO. OF DAYS WITH]      [WEATHER - DAYS WITH]      9 = BLOWING SNOW
                                                   X = TORNADO
MAX 32 OR BELOW:   0    0.01 INCH OR MORE:   1
MAX 90 OR ABOVE:  11    0.10 INCH OR MORE:   0
MIN 32 OR BELOW:   0    0.50 INCH OR MORE:   0
MIN  0 OR BELOW:   0    1.00 INCH OR MORE:   0

[HDD (BASE 65) ]
TOTAL THIS MO.    27    CLEAR  (SCALE 0-3)  21
DPTR FM NORMAL   -27    PTCLDY (SCALE 4-7)   2
TOTAL FM JUL 1  2417    CLOUDY (SCALE 8-10)  0
DPTR FM NORMAL  -229

[CDD (BASE 65) ]
TOTAL THIS MO.   155
DPTR FM NORMAL    65    [PRESSURE DATA]
TOTAL FM JAN 1   162    HIGHEST SLP M ON M
DPTR FM NORMAL    44    LOWEST  SLP 29.67 ON  6

[REMARKS]
