000
CXUS56 KSTO 211425
CF6RBL
PRELIMINARY LOCAL CLIMATOLOGICAL DATA (WS FORM: F-6)

                                          STATION:   RED BLUFF AIRPORT CA
                                          MONTH:     SEPTEMBER
                                          YEAR:      2017
                                          LATITUDE:   40  9 N
                                          LONGITUDE: 122 15 W

  TEMPERATURE IN F:       :PCPN:    SNOW:  WIND      :SUNSHINE: SKY     :PK WND
================================================================================
1   2   3   4   5  6A  6B    7    8   9   10  11  12  13   14  15   16   17  18
                                     12Z  AVG MX 2MIN
DY MAX MIN AVG DEP HDD CDD  WTR  SNW DPTH SPD SPD DIR MIN PSBL S-S WX    SPD DR
================================================================================

 1 113  74  94  17   0  29 0.00  0.0    0  6.9 16 350   M    M   0 8      19 350
 2 114  70  92  15   0  27 0.00  0.0    0  5.2 12 160   M    M   2 8      15 360
 3 110  74  92  15   0  27 0.00  0.0    0  6.5 12 360   M    M   1 8      14 360
 4 102  73  88  11   0  23 0.00  0.0    0  6.0 17 160   M    M   3 8      21 150
 5  95  70  83   7   0  18 0.00  0.0    0  5.9 21 160   M    M   0 38     26 150
 6  97  71  84   8   0  19 0.00  0.0    0  6.6 18 140   M    M   0 8      23 130
 7  81  66  74  -2   0   9 0.05  0.0    0  5.7 15 180   M    M   3 13     19 170
 8  91  64  78   2   0  13 0.00  0.0    0  5.0 13 130   M    M   0        16 180
 9  97  66  82   6   0  17 0.00  0.0    0  4.0 12 130   M    M   0        14 150
10 106  67  87  11   0  22 0.00  0.0    0  7.2 16 350   M    M   0        20 360
11 100  72  86  10   0  21 0.00  0.0    0  8.1 15 160   M    M   0 3      19 140
12 102  74  88  13   0  23 0.00  0.0    0  5.8 21 160   M    M   0        24 170
13  90  69  80   5   0  15 0.00  0.0    0  8.7 17 150   M    M   0        21 170
14  74  61  68  -7   0   3 0.00  0.0    0  7.2 17 170   M    M   4        20 180
15  89  57  73  -2   0   8 0.00  0.0    0  7.0 15 360   M    M   1        19 340
16  87  57  72  -2   0   7 0.00  0.0    0  5.4 10 320   M    M   0        14 320
17  88  55  72  -2   0   7 0.00  0.0    0  5.8 16 160   M    M   0        19 140
18  82  61  72  -2   0   7 0.00  0.0    0 10.4 26 310   M    M   4        37 300
19  78  54  66  -8   0   1 0.00  0.0    0  8.0 21 320   M    M   2        31 310
20  77  58  68  -6   0   3 0.05  0.0    0 11.2 20 310   M    M   7        28 300
================================================================================
SM 1873 1313         0 299  0.10     0.0 136.6          M       27
================================================================================
AV 93.7 65.7                               6.8 FASTST   M    M   1    MAX(MPH)
                                 MISC ---->  # 26 310               # 37  300
================================================================================
NOTES:
# LAST OF SEVERAL OCCURRENCES

COLUMN 17 PEAK WIND IN M.P.H.

PRELIMINARY LOCAL CLIMATOLOGICAL DATA (WS FORM: F-6) , PAGE 2

                                          STATION:  RED BLUFF AIRPORT CA
                                          MONTH:    SEPTEMBER
                                          YEAR:     2017
                                          LATITUDE:   40  9 N
                                          LONGITUDE: 122 15 W

[TEMPERATURE DATA]      [PRECIPITATION DATA]       SYMBOLS USED IN COLUMN 16

AVERAGE MONTHLY: 79.7   TOTAL FOR MONTH:   0.10    1 = FOG OR MIST
DPTR FM NORMAL:   4.2   DPTR FM NORMAL:   -0.17    2 = FOG REDUCING VISIBILITY
HIGHEST:   114 ON  2    GRTST 24HR  0.05 ON 20-20      TO 1/4 MILE OR LESS
LOWEST:     54 ON 19                               3 = THUNDER
                        SNOW, ICE PELLETS, HAIL    4 = ICE PELLETS
                        TOTAL MONTH:   0.0 INCH    5 = HAIL
                        GRTST 24HR     0.0         6 = FREEZING RAIN OR DRIZZLE
                        GRTST DEPTH:   0           7 = DUSTSTORM OR SANDSTORM:
                                                       VSBY 1/2 MILE OR LESS
                                                   8 = SMOKE OR HAZE
[NO. OF DAYS WITH]      [WEATHER - DAYS WITH]      9 = BLOWING SNOW
                                                   X = TORNADO
MAX 32 OR BELOW:   0    0.01 INCH OR MORE:   2
MAX 90 OR ABOVE:  12    0.10 INCH OR MORE:   0
MIN 32 OR BELOW:   0    0.50 INCH OR MORE:   0
MIN  0 OR BELOW:   0    1.00 INCH OR MORE:   0

[HDD (BASE 65) ]
TOTAL THIS MO.     0    CLEAR  (SCALE 0-3)  16
DPTR FM NORMAL     0    PTCLDY (SCALE 4-7)   4
TOTAL FM JUL 1     0    CLOUDY (SCALE 8-10)  0
DPTR FM NORMAL     0

[CDD (BASE 65) ]
TOTAL THIS MO.   299
DPTR FM NORMAL    86    [PRESSURE DATA]
TOTAL FM JAN 1  2203    HIGHEST SLP M ON M
DPTR FM NORMAL   532    LOWEST  SLP 29.64 ON 13

[REMARKS]
