000
CXUS56 KSTO 211455
CF6RDD
PRELIMINARY LOCAL CLIMATOLOGICAL DATA (WS FORM: F-6)

                                          STATION:   REDDING AIRPORT CA
                                          MONTH:     OCTOBER
                                          YEAR:      2014
                                          LATITUDE:   40 30 N
                                          LONGITUDE: 122 18 W

  TEMPERATURE IN F:       :PCPN:    SNOW:  WIND      :SUNSHINE: SKY     :PK WND
================================================================================
1   2   3   4   5  6A  6B    7    8   9   10  11  12  13   14  15   16   17  18
                                     12Z  AVG MX 2MIN
DY MAX MIN AVG DEP HDD CDD  WTR  SNW DPTH SPD SPD DIR MIN PSBL S-S WX    SPD DR
================================================================================

 1  86  61  74   4   0   9 0.00  0.0    0 11.3 28  10   M    M   0        35  10
 2  89  57  73   4   0   8 0.00  0.0    0  5.3 15 360   M    M   0        20  10
 3  93  52  73   4   0   8 0.00  0.0    0  2.0  9  20   M    M   0        11 360
 4  94  53  74   5   0   9 0.00  0.0    0  2.1  8 160   M    M   0        11 180
 5 101  53  77   9   0  12 0.00  0.0    0  1.6  8 140   M    M   0        12 350
 6  92  54  73   5   0   8 0.00  0.0    0  1.6  8 160   M    M   0        11 160
 7  93  55  74   6   0   9 0.00  0.0    0  2.0  9 200   M    M   0        12 200
 8  94  53  74   7   0   9 0.00  0.0    0  2.2 12 270   M    M   0        15 270
 9  90  53  72   5   0   7 0.00  0.0    0  0.9  9 180   M    M   0 8      10 200
10  93  53  73   7   0   8 0.00  0.0    0  2.4  7 360   M    M   0         9 300
11  92  54  73   7   0   8 0.00  0.0    0  4.8 26  20   M    M   0        32  20
12  88  58  73   8   0   8 0.00  0.0    0 10.4 25  10   M    M   0        31  10
13  85  48  67   2   0   2 0.00  0.0    0  2.1  8 180   M    M   0        11 180
14  71  54  63  -1   2   0 0.01  0.0    0  9.0 30 170   M    M   2        38 170
15  70  57  64   0   1   0 0.09  0.0    0  8.4 33 170   M    M   5 1      41 170
16  74  55  65   1   0   0 0.00  0.0    0  3.0 10 160   M    M   1        13 170
17  73  54  64   1   1   0 0.00  0.0    0  3.3 13 220   M    M   6        18 240
18  82  57  70   7   0   5 0.00  0.0    0  3.0  9 310   M    M   4        15 290
19  79  52  66   4   0   1 0.00  0.0    0  2.5 12 170   M    M   0        15 160
20  68  49  59  -3   6   0 0.22    M    0  4.9 23 190   M    M   5 13     26 170
================================================================================
SM 1707 1082        10 111  0.32     0.0  82.8          M       23
================================================================================
AV 85.3 54.1                               4.1 FASTST   M    M   1    MAX(MPH)
                                 MISC ---->  # 33 170               # 41  170
================================================================================
NOTES:
# LAST OF SEVERAL OCCURRENCES

COLUMN 17 PEAK WIND IN M.P.H.

PRELIMINARY LOCAL CLIMATOLOGICAL DATA (WS FORM: F-6) , PAGE 2

                                          STATION:  REDDING AIRPORT CA
                                          MONTH:    OCTOBER
                                          YEAR:     2014
                                          LATITUDE:   40 30 N
                                          LONGITUDE: 122 18 W

[TEMPERATURE DATA]      [PRECIPITATION DATA]       SYMBOLS USED IN COLUMN 16

AVERAGE MONTHLY: 69.7   TOTAL FOR MONTH:   0.32    1 = FOG OR MIST
DPTR FM NORMAL:   3.8   DPTR FM NORMAL:   -0.72    2 = FOG REDUCING VISIBILITY
HIGHEST:   101 ON  5    GRTST 24HR  0.22 ON 20-20      TO 1/4 MILE OR LESS
LOWEST:     48 ON 13                               3 = THUNDER
                        SNOW, ICE PELLETS, HAIL    4 = ICE PELLETS
                        TOTAL MONTH:   0.0 INCH    5 = HAIL
                        GRTST 24HR     0.0         6 = FREEZING RAIN OR DRIZZLE
                        GRTST DEPTH:   0           7 = DUSTSTORM OR SANDSTORM:
                                                       VSBY 1/2 MILE OR LESS
                                                   8 = SMOKE OR HAZE
[NO. OF DAYS WITH]      [WEATHER - DAYS WITH]      9 = BLOWING SNOW
                                                   X = TORNADO
MAX 32 OR BELOW:   0    0.01 INCH OR MORE:   3
MAX 90 OR ABOVE:   9    0.10 INCH OR MORE:   1
MIN 32 OR BELOW:   0    0.50 INCH OR MORE:   0
MIN  0 OR BELOW:   0    1.00 INCH OR MORE:   0

[HDD (BASE 65) ]
TOTAL THIS MO.    10    CLEAR  (SCALE 0-3)  16
DPTR FM NORMAL   -34    PTCLDY (SCALE 4-7)   4
TOTAL FM JUL 1    12    CLOUDY (SCALE 8-10)  0
DPTR FM NORMAL   -40

[CDD (BASE 65) ]
TOTAL THIS MO.   111
DPTR FM NORMAL    47    [PRESSURE DATA]
TOTAL FM JAN 1  2174    HIGHEST SLP M ON M
DPTR FM NORMAL   335    LOWEST  SLP 29.68 ON M

[REMARKS]
