000
CXUS56 KSTO 291355
CF6RDD
PRELIMINARY LOCAL CLIMATOLOGICAL DATA (WS FORM: F-6)

                                          STATION:   REDDING AIRPORT CA
                                          MONTH:     APRIL
                                          YEAR:      2016
                                          LATITUDE:   40 30 N
                                          LONGITUDE: 122 18 W

  TEMPERATURE IN F:       :PCPN:    SNOW:  WIND      :SUNSHINE: SKY     :PK WND
================================================================================
1   2   3   4   5  6A  6B    7    8   9   10  11  12  13   14  15   16   17  18
                                     12Z  AVG MX 2MIN
DY MAX MIN AVG DEP HDD CDD  WTR  SNW DPTH SPD SPD DIR MIN PSBL S-S WX    SPD DR
================================================================================

 1  76  47  62   7   3   0 0.00  0.0    0  3.8 14 160   M    M   0 8      18 150
 2  77  50  64   8   1   0 0.00  0.0    0  2.9 10 190   M    M   0        15 170
 3  79  53  66  10   0   1 0.00  0.0    0  3.2 15 160   M    M   4        19 150
 4  77  51  64   8   1   0 0.00  0.0    0  4.7 16 350   M    M   1        23 340
 5  85  59  72  16   0   7 0.00  0.0    0 13.8 25  10   M    M   0        33 340
 6  93  59  76  20   0  11 0.00  0.0    0  6.1 16  10   M    M   0        19  10
 7  93  51  72  16   0   7 0.00  0.0    0  5.8 23 190   M    M   0        27 190
 8  80  52  66  10   0   1 0.00  0.0    0  3.9 10 180   M    M   0        13 180
 9  68  58  63   6   2   0 0.26  0.0    0  7.0 15 180   M    M  10 1      19 160
10  67  58  63   6   2   0    T  0.0    0  3.2  8 190   M    M   9 1      10 190
11  71  59  65   8   0   0 0.00  0.0    0  3.5 13 180   M    M  10        17 170
12  69  53  61   4   4   0 0.02  0.0    0  4.8 13 190   M    M   8 3      16 180
13  70  47  59   2   6   0 0.09  0.0    0  8.7 28 200   M    M   3        41 210
14  65  42  54  -4  11   0 0.05    M    0  5.1 20 220   M    M   4 1      25 220
15  75  40  58   0   7   0 0.00  0.0    0  7.7 17 360   M    M   0        25  10
16  86  49  68  10   0   3 0.00  0.0    0  6.5 15 350   M    M   0        20 340
17  90  47  69  11   0   4 0.00  0.0    0  3.8 12  20   M    M   0        18 150
18  88  52  70  11   0   5 0.00  0.0    0  3.0  9 160   M    M   0        13 120
19  88  55  72  13   0   7 0.00  0.0    0  3.7 12 170   M    M   0        15 160
20  83  56  70  11   0   5 0.00  0.0    0  5.5 21 160   M    M   0        27 170
21  77  50  64   5   1   0 0.00  0.0    0 10.2 25 160   M    M   1        32 160
22  62  47  55  -5  10   0 2.81    M    0  7.8 26 170   M    M   9 13     34 160
23  68  47  58  -2   7   0 0.00  0.0    0  2.1  9 230   M    M   7 128    13 260
24  71  49  60   0   5   0 0.00  0.0    0  8.2 18 310   M    M   1        30 260
25  71  45  58  -3   7   0 0.00  0.0    0 10.6 21 360   M    M   0        27 330
26  72  51  62   1   3   0 0.00  0.0    0  6.4 16  10   M    M   3        22 230
27  69  49  59  -2   6   0 0.02    M    0  3.9 10 360   M    M   5        13  80
28  81  53  67   5   0   2 0.00  0.0    0  8.0 18  20   M    M   0        23  20
================================================================================
SM 2151 1429        76  53  3.25     0.0 163.9          M       75
================================================================================
AV 76.8 51.0                               5.9 FASTST   M    M   3    MAX(MPH)
                                 MISC ---->  # 28 200               # 41  210
================================================================================
NOTES:
# LAST OF SEVERAL OCCURRENCES

COLUMN 17 PEAK WIND IN M.P.H.

PRELIMINARY LOCAL CLIMATOLOGICAL DATA (WS FORM: F-6) , PAGE 2

                                          STATION:  REDDING AIRPORT CA
                                          MONTH:    APRIL
                                          YEAR:     2016
                                          LATITUDE:   40 30 N
                                          LONGITUDE: 122 18 W

[TEMPERATURE DATA]      [PRECIPITATION DATA]       SYMBOLS USED IN COLUMN 16

AVERAGE MONTHLY: 63.9   TOTAL FOR MONTH:   3.25    1 = FOG OR MIST
DPTR FM NORMAL:   5.9   DPTR FM NORMAL:    0.91    2 = FOG REDUCING VISIBILITY
HIGHEST:    93 ON  7, 6 GRTST 24HR  2.81 ON 22-22      TO 1/4 MILE OR LESS
LOWEST:     40 ON 15                               3 = THUNDER
                        SNOW, ICE PELLETS, HAIL    4 = ICE PELLETS
                        TOTAL MONTH:   0.0 INCH    5 = HAIL
                        GRTST 24HR     0.0         6 = FREEZING RAIN OR DRIZZLE
                        GRTST DEPTH:   0           7 = DUSTSTORM OR SANDSTORM:
                                                       VSBY 1/2 MILE OR LESS
                                                   8 = SMOKE OR HAZE
[NO. OF DAYS WITH]      [WEATHER - DAYS WITH]      9 = BLOWING SNOW
                                                   X = TORNADO
MAX 32 OR BELOW:   0    0.01 INCH OR MORE:   6
MAX 90 OR ABOVE:   3    0.10 INCH OR MORE:   2
MIN 32 OR BELOW:   0    0.50 INCH OR MORE:   1
MIN  0 OR BELOW:   0    1.00 INCH OR MORE:   1

[HDD (BASE 65) ]
TOTAL THIS MO.    76    CLEAR  (SCALE 0-3)  18
DPTR FM NORMAL  -139    PTCLDY (SCALE 4-7)   6
TOTAL FM JUL 1  2139    CLOUDY (SCALE 8-10)  4
DPTR FM NORMAL  -590

[CDD (BASE 65) ]
TOTAL THIS MO.    53
DPTR FM NORMAL    35    [PRESSURE DATA]
TOTAL FM JAN 1    59    HIGHEST SLP M ON M
DPTR FM NORMAL    38    LOWEST  SLP 29.67 ON 22

[REMARKS]
