000
CXUS51 KPHI 260800
CF6RDG
PRELIMINARY LOCAL CLIMATOLOGICAL DATA (WS FORM: F-6)

                                          STATION:   READING PA
                                          MONTH:     FEBRUARY
                                          YEAR:      2017
                                          LATITUDE:   40 22 N
                                          LONGITUDE:  75 58 W

  TEMPERATURE IN F:       :PCPN:    SNOW:  WIND      :SUNSHINE: SKY     :PK WND
================================================================================
1   2   3   4   5  6A  6B    7    8   9   10  11  12  13   14  15   16   17  18
                                     12Z  AVG MX 2MIN
DY MAX MIN AVG DEP HDD CDD  WTR  SNW DPTH SPD SPD DIR MIN PSBL S-S WX    SPD DR
================================================================================

 1  47  27  37   7  28   0    T    M    M  5.8 20 250   M    M   6        26 260
 2  43  27  35   5  30   0    T    M    M  9.6 25 310   M    M   7 1      32 320
 3  32  20  26  -4  39   0 0.00    M    M 10.4 26 310   M    M   3        32 320
 4  34  16  25  -5  40   0 0.00    M    M  9.0 28 300   M    M   1        33 310
 5  42  26  34   4  31   0 0.00    M    M  3.9 12 310   M    M   7        16 190
 6  53  31  42  12  23   0 0.00    M    M  7.4 21 260   M    M   2 1      25 260
 7  44  33  39   8  26   0 0.31    M    M  4.5  8 340   M    M   8 1      10  30
 8  63  33  48  17  17   0    T    M    M  6.5 20 310   M    M   5 12     26 310
 9  43  21  32   1  33   0 0.37    M    M 16.8 36 310   M    M   6 1      45 300
10  30  19  25  -6  40   0    T    M    M 10.4 23 290   M    M   6        27 290
11  48  27  38   7  27   0 0.00    M    M  1.8  7 340   M    M   2         9 160
12  42  31  37   6  28   0 0.07    M    M  7.2 31 290   M    M   9 126    38 280
13  40  28  34   2  31   0 0.00    M    M 21.9 45 300   M    M   7        55 300
14  48  25  37   5  28   0 0.00    M    M  4.6 16 240   M    M   0        21 240
15  50  27  39   7  26   0    T    M    M 10.3 30 310   M    M   3        42 320
16  37  25  31  -1  34   0 0.00    M    M 17.1 28 310   M    M   8        34 290
17  45  22  34   2  31   0 0.00    M    M  7.0 17 310   M    M   0        23 310
18  69  25  47  14  18   0 0.00    M    M  4.1 21 240   M    M   0        29 250
19  68  48  58  25   7   0 0.00    M    M  8.6 18 290   M    M   2        23 290
20  57  37  47  14  18   0 0.00    M    M  7.0 16 330   M    M   0        21 330
21  51  29  40   6  25   0 0.00    M    M  4.9 10 170   0    0   0         M  M
22  62  40  51  17  14   0 0.00    M    M  1.6  7 190   M    M   2        10 190
23  73  37  55  21  10   0 0.00    M    M  4.1 14 210   M    M   4 12     20 220
24  77  53  65  31   0   0 0.00    M    M  8.7 21 170   M    M   2        30 170
25  75  41  58  23   7   0 0.28    M    M 13.0 48 240   M    M   6 13     61 240
================================================================================
SM 1273  748       611   0  1.03    M    206.2            0     96
================================================================================
AV 50.9 29.9                               8.2 FASTST    0   0   4    MAX(MPH)
                                 MISC ---->  # 48 240               # 61  240
================================================================================
NOTES:
# LAST OF SEVERAL OCCURRENCES

COLUMN 17 PEAK WIND IN M.P.H.

PRELIMINARY LOCAL CLIMATOLOGICAL DATA (WS FORM: F-6) , PAGE 2

                                          STATION:  READING PA
                                          MONTH:    FEBRUARY
                                          YEAR:     2017
                                          LATITUDE:   40 22 N
                                          LONGITUDE:  75 58 W

[TEMPERATURE DATA]      [PRECIPITATION DATA]       SYMBOLS USED IN COLUMN 16

AVERAGE MONTHLY: 40.4   TOTAL FOR MONTH:   1.03    1 = FOG OR MIST
DPTR FM NORMAL:   8.6   DPTR FM NORMAL:   -1.17    2 = FOG REDUCING VISIBILITY
HIGHEST:    77 ON 24    GRTST 24HR  0.37 ON  9- 9      TO 1/4 MILE OR LESS
LOWEST:     16 ON  4                               3 = THUNDER
                        SNOW, ICE PELLETS, HAIL    4 = ICE PELLETS
                        TOTAL MONTH:    M          5 = HAIL
                        GRTST 24HR    M  ON   M    6 = FREEZING RAIN OR DRIZZLE
                        GRTST DEPTH:  M  ON   M    7 = DUSTSTORM OR SANDSTORM:
                                                       VSBY 1/2 MILE OR LESS
                                                   8 = SMOKE OR HAZE
[NO. OF DAYS WITH]      [WEATHER - DAYS WITH]      9 = BLOWING SNOW
                                                   X = TORNADO
MAX 32 OR BELOW:   2    0.01 INCH OR MORE:   4
MAX 90 OR ABOVE:   0    0.10 INCH OR MORE:   3
MIN 32 OR BELOW:  17    0.50 INCH OR MORE:   0
MIN  0 OR BELOW:   0    1.00 INCH OR MORE:   0

[HDD (BASE 65) ]
TOTAL THIS MO.   611    CLEAR  (SCALE 0-3)  12
DPTR FM NORMAL  -217    PTCLDY (SCALE 4-7)  12
TOTAL FM JUL 1  3292    CLOUDY (SCALE 8-10)  1
DPTR FM NORMAL  -661

[CDD (BASE 65) ]
TOTAL THIS MO.     0
DPTR FM NORMAL     0    [PRESSURE DATA]
TOTAL FM JAN 1     0    HIGHEST SLP  0.00 ON 21
DPTR FM NORMAL     0    LOWEST  SLP  0.00 ON 21

[REMARKS]
