000
CXUS51 KPHI 180800
CF6RDG
PRELIMINARY LOCAL CLIMATOLOGICAL DATA (WS FORM: F-6)

                                          STATION:   READING PA
                                          MONTH:     JANUARY
                                          YEAR:      2018
                                          LATITUDE:   40 22 N
                                          LONGITUDE:  75 58 W

  TEMPERATURE IN F:       :PCPN:    SNOW:  WIND      :SUNSHINE: SKY     :PK WND
================================================================================
1   2   3   4   5  6A  6B    7    8   9   10  11  12  13   14  15   16   17  18
                                     12Z  AVG MX 2MIN
DY MAX MIN AVG DEP HDD CDD  WTR  SNW DPTH SPD SPD DIR MIN PSBL S-S WX    SPD DR
================================================================================

 1  19   0  10 -21  55   0 0.00    M    M  8.0 18 310   M    M   1        23 300
 2  21   5  13 -17  52   0 0.00    M    M  8.5 20 270   M    M   0        26 270
 3  26   1  14 -16  51   0 0.00    M    M  1.9  7 360   M    M   2         9 210
 4  24  13  19 -11  46   0 0.05    M    M 20.8 35 320   M    M   8 19     44 330
 5  16   8  12 -18  53   0 0.00    M    M 19.9 31 300   M    M   2        39 290
 6  15   5  10 -20  55   0 0.00    M    M 16.9 28 300   M    M   2        35 300
 7  18   0   9 -21  56   0 0.00    M    M  6.8 17 320   M    M   2        22 300
 8  26  15  21  -9  44   0 0.07    M    M  3.2 10 200   M    M   7 16     13 260
 9  44  20  32   2  33   0 0.00    M    M  5.5 18 300   M    M   2 1      23 310
10  42  18  30   0  35   0 0.00    M    M  3.1 10 150   M    M   4 1      14 140
11  57  34  46  16  19   0 0.01    M    M  3.5 14 160   M    M   9 1      19 130
12  65  57  61  31   4   0 0.78    M    M  9.9 23 160   M    M  10 1      33 170
13  63  16  40  10  25   0 0.75    M    M 17.1 30 320   M    M   6 1      39 330
14  24  10  17 -13  48   0 0.00    M    M 10.0 18 320   M    M   0        25 350
15  27  13  20 -10  45   0 0.00    M    M  4.6 10  10   M    M   7        12  20
16  33  27  30   1  35   0 0.07    M    M  3.8  8 160   M    M  10 18     11 150
17  32  10  21  -8  44   0 0.04    M    M  8.1 14 320   M    M   5 1      21 320
================================================================================
SM  552  252       700   0  1.77    M    151.6          M       77
================================================================================
AV 32.5 14.8                               8.9 FASTST   M    M   5    MAX(MPH)
                                 MISC ---->  # 35 320               # 44  330
================================================================================
NOTES:
# LAST OF SEVERAL OCCURRENCES

COLUMN 17 PEAK WIND IN M.P.H.

PRELIMINARY LOCAL CLIMATOLOGICAL DATA (WS FORM: F-6) , PAGE 2

                                          STATION:  READING PA
                                          MONTH:    JANUARY
                                          YEAR:     2018
                                          LATITUDE:   40 22 N
                                          LONGITUDE:  75 58 W

[TEMPERATURE DATA]      [PRECIPITATION DATA]       SYMBOLS USED IN COLUMN 16

AVERAGE MONTHLY: 23.7   TOTAL FOR MONTH:   1.77    1 = FOG OR MIST
DPTR FM NORMAL:  -6.3   DPTR FM NORMAL:   -0.05    2 = FOG REDUCING VISIBILITY
HIGHEST:    65 ON 12    GRTST 24HR  0.78 ON 12-12      TO 1/4 MILE OR LESS
LOWEST:      0 ON  7, 1                            3 = THUNDER
                        SNOW, ICE PELLETS, HAIL    4 = ICE PELLETS
                        TOTAL MONTH:    M          5 = HAIL
                        GRTST 24HR    M  ON   M    6 = FREEZING RAIN OR DRIZZLE
                        GRTST DEPTH:  M  ON   M    7 = DUSTSTORM OR SANDSTORM:
                                                       VSBY 1/2 MILE OR LESS
                                                   8 = SMOKE OR HAZE
[NO. OF DAYS WITH]      [WEATHER - DAYS WITH]      9 = BLOWING SNOW
                                                   X = TORNADO
MAX 32 OR BELOW:  11    0.01 INCH OR MORE:   7
MAX 90 OR ABOVE:   0    0.10 INCH OR MORE:   2
MIN 32 OR BELOW:  15    0.50 INCH OR MORE:   2
MIN  0 OR BELOW:   2    1.00 INCH OR MORE:   0

[HDD (BASE 65) ]
TOTAL THIS MO.   700    CLEAR  (SCALE 0-3)   8
DPTR FM NORMAL   103    PTCLDY (SCALE 4-7)   6
TOTAL FM JUL 1  2626    CLOUDY (SCALE 8-10)  3
DPTR FM NORMAL    -2

[CDD (BASE 65) ]
TOTAL THIS MO.     0
DPTR FM NORMAL     0    [PRESSURE DATA]
TOTAL FM JAN 1     0    HIGHEST SLP M ON M
DPTR FM NORMAL     0    LOWEST  SLP 29.28 ON  4

[REMARKS]
