000
CXUS56 KPDT 290532
CF6RDM
PRELIMINARY LOCAL CLIMATOLOGICAL DATA (WS FORM: F-6)

                                          STATION:   REDMOND OR
                                          MONTH:     MARCH
                                          YEAR:      2015
                                          LATITUDE:   44 16 N
                                          LONGITUDE: 121  9 W

  TEMPERATURE IN F:       :PCPN:    SNOW:  WIND      :SUNSHINE: SKY     :PK WND
================================================================================
1   2   3   4   5  6A  6B    7    8   9   10  11  12  13   14  15   16   17  18
                                     12Z  AVG MX 2MIN
DY MAX MIN AVG DEP HDD CDD  WTR  SNW DPTH SPD SPD DIR MIN PSBL S-S WX    SPD DR
================================================================================

 1  49  10  30  -7  35   0 0.00  0.0    0  3.7 10 150   M    M   0        12 140
 2  47  23  35  -2  30   0 0.00  0.0    0  5.8 20 360   M    M   5        26 330
 3  45  20  33  -5  32   0 0.00  0.0    0  4.6 12  30   M    M   3        16 340
 4  55  11  33  -5  32   0 0.00  0.0    0  2.1  8 110   M    M   0        11  90
 5  65  16  41   3  24   0 0.00  0.0    0  3.0 10 290   M    M   0        13 290
 6  68  24  46   8  19   0 0.00  0.0    0  4.3  9  20   M    M   0        13  10
 7  68  22  45   7  20   0 0.00  0.0    0  5.0 14  20   M    M   0 8      16  30
 8  67  17  42   3  23   0 0.00  0.0    0  3.8  9 340   M    M   0        12 300
 9  69  22  46   7  19   0 0.00  0.0    0  3.5 10 360   M    M   0        14 350
10  71  21  46   7  19   0 0.00  0.0    0  6.7 17 210   M    M   2 8      24 220
11  57  38  48   9  17   0 0.17  0.0    0  5.9 15 190   M    M   9        19 190
12  63  28  46   7  19   0 0.00  0.0    0  3.2  9  20   M    M   0 1      12  30
13  65  28  47   7  18   0 0.00  0.0    0  4.4 15 140   M    M   1        20 140
14  63  49  56  16   9   0 0.02  0.0    0 13.4 28 240   M    M  10        36 250
15  67  38  53  13  12   0 0.02  0.0    0 10.1 35 230   M    M   5        47 230
16  55  30  43   3  22   0 0.04  0.0    0  3.8 12 310   M    M   5 1      15 310
17  56  29  43   3  22   0    T  0.0    0  6.1 21 300   M    M   6        28 290
18  59  22  41   1  24   0 0.00  0.0    0  2.6  9  10   M    M   0        13  20
19  68  27  48   8  17   0 0.00  0.0    0  5.2 13 350   M    M   0        15 340
20  68  31  50   9  15   0 0.00  0.0    0  6.9 21 210   M    M   2        29 220
21  59  35  47   6  18   0 0.00  0.0    0  6.9 21 200   M    M   1        27 190
22  57  33  45   4  20   0 0.15  0.0    0  7.2 25 290   M    M   7 1      33 320
23  51  29  40  -1  25   0    T  0.0    0 10.6 24 180   M    M   7        30 190
24  52  40  46   5  19   0 0.00  0.0    0 11.6 25 280   M    M   3        32 270
25  59  37  48   7  17   0 0.00  0.0    0  4.0 12 220   M    M   7        15 200
26  77  29  53  11  12   0 0.00  0.0    0  6.3 16  20   M    M   0        20  20
27  77  35  56  14   9   0 0.00  0.0    0 10.8 29 290   M    M   2        35 300
================================================================================
SM 1657  744       548   0  0.40     0.0 161.5          M       75
================================================================================
AV 61.4 27.6                               6.0 FASTST   M    M   3    MAX(MPH)
                                 MISC ---->  # 35 230               # 47  230
================================================================================
NOTES:
# LAST OF SEVERAL OCCURRENCES

COLUMN 17 PEAK WIND IN M.P.H.

PRELIMINARY LOCAL CLIMATOLOGICAL DATA (WS FORM: F-6) , PAGE 2

                                          STATION:  REDMOND OR
                                          MONTH:    MARCH
                                          YEAR:     2015
                                          LATITUDE:   44 16 N
                                          LONGITUDE: 121  9 W

[TEMPERATURE DATA]      [PRECIPITATION DATA]       SYMBOLS USED IN COLUMN 16

AVERAGE MONTHLY: 44.5   TOTAL FOR MONTH:   0.40    1 = FOG OR MIST
DPTR FM NORMAL:   4.9   DPTR FM NORMAL:   -0.17    2 = FOG REDUCING VISIBILITY
HIGHEST:    77 ON 27,26 GRTST 24HR  0.17 ON 11-11      TO 1/4 MILE OR LESS
LOWEST:     10 ON  1                               3 = THUNDER
                        SNOW, ICE PELLETS, HAIL    4 = ICE PELLETS
                        TOTAL MONTH:   0.0 INCH    5 = HAIL
                        GRTST 24HR     0.0         6 = FREEZING RAIN OR DRIZZLE
                        GRTST DEPTH:   0           7 = DUSTSTORM OR SANDSTORM:
                                                       VSBY 1/2 MILE OR LESS
                                                   8 = SMOKE OR HAZE
[NO. OF DAYS WITH]      [WEATHER - DAYS WITH]      9 = BLOWING SNOW
                                                   X = TORNADO
MAX 32 OR BELOW:   0    0.01 INCH OR MORE:   5
MAX 90 OR ABOVE:   0    0.10 INCH OR MORE:   2
MIN 32 OR BELOW:  19    0.50 INCH OR MORE:   0
MIN  0 OR BELOW:   0    1.00 INCH OR MORE:   0

[HDD (BASE 65) ]
TOTAL THIS MO.   548    CLEAR  (SCALE 0-3)  16
DPTR FM NORMAL  -137    PTCLDY (SCALE 4-7)   9
TOTAL FM JUL 1  4581    CLOUDY (SCALE 8-10)  2
DPTR FM NORMAL  -777

[CDD (BASE 65) ]
TOTAL THIS MO.     0
DPTR FM NORMAL     0    [PRESSURE DATA]
TOTAL FM JAN 1     0    HIGHEST SLP 30.35 ON  4
DPTR FM NORMAL     0    LOWEST  SLP 29.70 ON 15

[REMARKS]
