000
CXUS55 KLOT 260700
CF6RFD
PRELIMINARY LOCAL CLIMATOLOGICAL DATA (WS FORM: F-6)

                                          STATION:   ROCKFORD IL
                                          MONTH:     FEBRUARY
                                          YEAR:      2015
                                          LATITUDE:   42 12 N
                                          LONGITUDE:  89  6 W

  TEMPERATURE IN F:       :PCPN:    SNOW:  WIND      :SUNSHINE: SKY     :PK WND
================================================================================
1   2   3   4   5  6A  6B    7    8   9   10  11  12  13   14  15   16   17  18
                                     12Z  AVG MX 2MIN
DY MAX MIN AVG DEP HDD CDD  WTR  SNW DPTH SPD SPD DIR MIN PSBL S-S WX    SPD DR
================================================================================

 1  31  11  21  -1  44   0 0.60 10.5    4 21.9 35  10   M    M  10 129    43  10
 2  13   2   8 -15  57   0 0.00  0.0   12 10.0 25 360   M    M   3 19     33  10
 3  22   0  11 -12  54   0 0.09  1.1   12  4.5 13 160   M    M   9 1      15 170
 4  22   4  13 -10  52   0    T    T   12  9.5 18 340   M    M   7 18     24 340
 5  15 -11   2 -21  63   0 0.00  0.0   12  7.9 16 230   M    M   3 1      21 240
 6  27  11  19  -4  46   0 0.00  0.0   12  6.1 15 170   M    M   4 18     21 240
 7  39  15  27   3  38   0 0.00  0.0   11  6.3 17 180   M    M   6 18     19 170
 8  36  21  29   5  36   0 0.00  0.0    7 11.4 23  20   M    M   8 18     27  20
 9  28  14  21  -3  44   0    T    T    6 11.1 20  10   M    M   6        25  20
10  29   9  19  -5  46   0    T    T    6  7.2 22 150   M    M   8 4      26 150
11  34  16  25   0  40   0    T    T    5 14.4 25 310   M    M   8 168    31 320
12  16   4  10 -15  55   0    T  0.4    5 12.1 28 360   M    M   5 9      35 360
13  28  -1  14 -11  51   0    T    T    5  8.3 17 230   M    M   8        22 240
14  28   1  15 -11  50   0    T    T    4 18.9 33 350   M    M   5 89     43 340
15  15  -2   7 -19  58   0 0.00  0.0    4  7.9 18  10   M    M   8        23  10
16  19   3  11 -15  54   0    T    T    4  3.6  9 260   M    M   9        10 290
17  18   8  13 -13  52   0    T  0.1    4 11.7 21 290   M    M   7        26 300
18   8  -4   2 -25  63   0    T  0.1    4 14.3 25 290   M    M   6        31 290
19   4  -8  -2 -29  67   0 0.00  0.0    4  8.6 16 330   M    M   0        20 330
20  19 -10   5 -23  60   0 0.01  0.2    3 14.0 28 180   M    M   8 9      36 180
21  30  18  24  -4  41   0    T    T    4  5.2 18 350   M    M  10 8      23 350
22  25   0  13 -15  52   0 0.00  0.0    3 11.7 20 330   M    M   4        23 330
23   9  -8   1 -28  64   0 0.00  0.0    3  7.4 13 230   M    M   1        17 270
24  33   2  18 -11  47   0    T    T    3 15.0 24 260   M    M   6        31 290
25  21  10  16 -13  49   0 0.14  2.0    3  9.2 16  30   M    M   7 1      20  20
================================================================================
SM  569  105      1283   0  0.84    14.4 258.2          M      156
================================================================================
AV 22.8  4.2                              10.3 FASTST   M    M   6    MAX(MPH)
                                 MISC ---->  # 35  10               # 43   10
================================================================================
NOTES:
# LAST OF SEVERAL OCCURRENCES

COLUMN 17 PEAK WIND IN M.P.H.

PRELIMINARY LOCAL CLIMATOLOGICAL DATA (WS FORM: F-6) , PAGE 2

                                          STATION:  ROCKFORD IL
                                          MONTH:    FEBRUARY
                                          YEAR:     2015
                                          LATITUDE:   42 12 N
                                          LONGITUDE:  89  6 W

[TEMPERATURE DATA]      [PRECIPITATION DATA]       SYMBOLS USED IN COLUMN 16

AVERAGE MONTHLY: 13.5   TOTAL FOR MONTH:   0.84    1 = FOG OR MIST
DPTR FM NORMAL: -12.0   DPTR FM NORMAL:   -0.39    2 = FOG REDUCING VISIBILITY
HIGHEST:    39 ON  7    GRTST 24HR  0.60 ON  1- 1      TO 1/4 MILE OR LESS
LOWEST:    -11 ON  5                               3 = THUNDER
                        SNOW, ICE PELLETS, HAIL    4 = ICE PELLETS
                        TOTAL MONTH:  14.4 INCHES  5 = HAIL
                        GRTST 24HR  10.5 ON  1- 1  6 = FREEZING RAIN OR DRIZZLE
                        GRTST DEPTH:  12 ON  3, 5  7 = DUSTSTORM OR SANDSTORM:
                                                       VSBY 1/2 MILE OR LESS
                                                   8 = SMOKE OR HAZE
[NO. OF DAYS WITH]      [WEATHER - DAYS WITH]      9 = BLOWING SNOW
                                                   X = TORNADO
MAX 32 OR BELOW:  21    0.01 INCH OR MORE:   4
MAX 90 OR ABOVE:   0    0.10 INCH OR MORE:   2
MIN 32 OR BELOW:  25    0.50 INCH OR MORE:   1
MIN  0 OR BELOW:   9    1.00 INCH OR MORE:   0

[HDD (BASE 65) ]
TOTAL THIS MO.  1283    CLEAR  (SCALE 0-3)   4
DPTR FM NORMAL   294    PTCLDY (SCALE 4-7)  15
TOTAL FM JUL 1  5255    CLOUDY (SCALE 8-10)  6
DPTR FM NORMAL   357

[CDD (BASE 65) ]
TOTAL THIS MO.     0
DPTR FM NORMAL     0    [PRESSURE DATA]
TOTAL FM JAN 1     0    HIGHEST SLP M ON M
DPTR FM NORMAL     0    LOWEST  SLP 29.60 ON  8

[REMARKS]
