000
CXUS55 KLOT 191144
CF6RFD
PRELIMINARY LOCAL CLIMATOLOGICAL DATA (WS FORM: F-6)

                                          STATION:   ROCKFORD IL
                                          MONTH:     OCTOBER
                                          YEAR:      2014
                                          LATITUDE:   42 12 N
                                          LONGITUDE:  89  6 W

  TEMPERATURE IN F:       :PCPN:    SNOW:  WIND      :SUNSHINE: SKY     :PK WND
================================================================================
1   2   3   4   5  6A  6B    7    8   9   10  11  12  13   14  15   16   17  18
                                     12Z  AVG MX 2MIN
DY MAX MIN AVG DEP HDD CDD  WTR  SNW DPTH SPD SPD DIR MIN PSBL S-S WX    SPD DR
================================================================================

 1  73  49  61   4   4   0 0.00  0.0    0  8.7 18 130   M    M   8        24 130
 2  73  63  68  11   0   3 0.04  0.0    0  8.1 18 160   M    M  10 1      24 190
 3  63  40  52  -4  13   0 0.74  0.0    0 15.8 29 290   M    M  10 1      37 290
 4  49  35  42 -14  23   0 0.05    T    0 12.1 24 290   M    M   7 1      30 290
 5  56  34  45 -11  20   0    T  0.0    0  7.7 17 240   M    M   8        26 240
 6  59  42  51  -4  14   0    T  0.0    0  8.1 21 260   M    M   6        28 290
 7  65  42  54  -1  11   0    T  0.0    0  8.6 23 280   M    M   5        31 270
 8  67  42  55   1  10   0 0.00  0.0    0  9.2 18 270   M    M   3        31 290
 9  62  43  53  -1  12   0 0.00  0.0    0  5.6 13 340   M    M   6        17  10
10  60  37  49  -5  16   0 0.00  0.0    0  5.6 13  40   M    M   7        16  30
11  62  33  48  -5  17   0 0.00  0.0    0  2.6 10 140   M    M   1 1      12 140
12  64  38  51  -2  14   0 0.01  0.0    0  7.8 20 150   M    M   5 18     24 160
13  67  55  61   8   4   0 0.82  0.0    0 10.2 23 160   M    M  10 1      33 170
14  65  51  58   6   7   0 0.91  0.0    0 10.7 23  20   M    M  10 1      31  30
15  54  50  52   0  13   0 0.03  0.0    0 11.1 18  10   M    M  10 1      26  30
16  63  50  57   5   8   0    T  0.0    0  5.8 13 170   M    M   8 1      17 210
17  58  47  53   2  12   0 0.01  0.0    0 12.3 24 300   M    M   7 1      32 290
18  50  35  43  -8  22   0    T  0.0    0  7.6 20  10   M    M   7        25  10
================================================================================
SM 1110  786       220   3  2.61    T    157.6          M      128
================================================================================
AV 61.7 43.7                               8.8 FASTST   M    M   7    MAX(MPH)
                                 MISC ---->  # 29 290               # 37  290
================================================================================
NOTES:
# LAST OF SEVERAL OCCURRENCES

COLUMN 17 PEAK WIND IN M.P.H.

PRELIMINARY LOCAL CLIMATOLOGICAL DATA (WS FORM: F-6) , PAGE 2

                                          STATION:  ROCKFORD IL
                                          MONTH:    OCTOBER
                                          YEAR:     2014
                                          LATITUDE:   42 12 N
                                          LONGITUDE:  89  6 W

[TEMPERATURE DATA]      [PRECIPITATION DATA]       SYMBOLS USED IN COLUMN 16

AVERAGE MONTHLY: 52.7   TOTAL FOR MONTH:   2.61    1 = FOG OR MIST
DPTR FM NORMAL:  -1.3   DPTR FM NORMAL:    1.05    2 = FOG REDUCING VISIBILITY
HIGHEST:    73 ON  2, 1 GRTST 24HR  0.91 ON 14-14      TO 1/4 MILE OR LESS
LOWEST:     33 ON 11                               3 = THUNDER
                        SNOW, ICE PELLETS, HAIL    4 = ICE PELLETS
                        TOTAL MONTH:    T          5 = HAIL
                        GRTST 24HR    T  ON  4- 4  6 = FREEZING RAIN OR DRIZZLE
                        GRTST DEPTH:   0           7 = DUSTSTORM OR SANDSTORM:
                                                       VSBY 1/2 MILE OR LESS
                                                   8 = SMOKE OR HAZE
[NO. OF DAYS WITH]      [WEATHER - DAYS WITH]      9 = BLOWING SNOW
                                                   X = TORNADO
MAX 32 OR BELOW:   0    0.01 INCH OR MORE:   8
MAX 90 OR ABOVE:   0    0.10 INCH OR MORE:   3
MIN 32 OR BELOW:   0    0.50 INCH OR MORE:   3
MIN  0 OR BELOW:   0    1.00 INCH OR MORE:   0

[HDD (BASE 65) ]
TOTAL THIS MO.   220    CLEAR  (SCALE 0-3)   2
DPTR FM NORMAL    13    PTCLDY (SCALE 4-7)  11
TOTAL FM JUL 1   361    CLOUDY (SCALE 8-10)  5
DPTR FM NORMAL    23

[CDD (BASE 65) ]
TOTAL THIS MO.     3
DPTR FM NORMAL    -5    [PRESSURE DATA]
TOTAL FM JAN 1   729    HIGHEST SLP M ON M
DPTR FM NORMAL   -90    LOWEST  SLP 29.45 ON 14

[REMARKS]
