000
CXUS53 KMPX 281000
CF6RGK
PRELIMINARY LOCAL CLIMATOLOGICAL DATA (WS FORM: F-6)

                                          STATION:   RED_WING MN
                                          MONTH:     SEPTEMBER
                                          YEAR:      2016
                                          LATITUDE:   44 34 N
                                          LONGITUDE:  92 29 W

  TEMPERATURE IN F:       :PCPN:    SNOW:  WIND      :SUNSHINE: SKY     :PK WND
================================================================================
1   2   3   4   5  6A  6B    7    8   9   10  11  12  13   14  15   16   17  18
                                     12Z  AVG MX 2MIN
DY MAX MIN AVG DEP HDD CDD  WTR  SNW DPTH SPD SPD DIR MIN PSBL S-S WX    SPD DR
================================================================================

 1  75  54  65   M   0   0 0.00    M    M  4.6  8  70   M    M   1         M  M
 2  75  52  64   M   1   0 0.00    M    M  4.6 10 160   M    M   1         M  M
 3  77  54  66   M   0   1 0.00    M    M  7.4 12 160   M    M   2        17 170
 4  81  63  72   M   0   7 0.00    M    M  9.7 15 170   M    M   3        24 180
 5  82  68  75   M   0  10 0.12    M    M  7.4 18 170   M    M   5 3      27 170
 6  81  70  76   M   0  11 1.85    M    M  4.7 14  90   M    M   8 3      20 210
 7  75  66  71   M   0   6 0.25    M    M  1.4  7 140   M    M   6 1       M  M
 8  79  61  70   M   0   5 0.00    M    M  4.4 12 300   M    M   3        17 280
 9  72  59  66   M   0   1 0.26    M    M  3.9 13 150   M    M   6 3       M  M
10  72  54  63   M   2   0 0.00    M    M  5.6 17 300   M    M   3        23 300
11  81  52  67   M   0   2 0.00    M    M  6.2 16 200   M    M   0        25 200
12  84  59  72   M   0   7 0.00    M    M  6.6 15 200   M    M   3 3      21 180
13  68  55  62   M   3   0 0.01    M    M  5.5 13 350   M    M   4        16 350
14  70  46  58   M   7   0 0.00    M    M  1.8  6 150   M    M   0         M  M
15  79  52  66   M   0   1 1.06    M    M  5.7 14 170   M    M   6 3      18 170
16  79  61  70   M   0   5 0.00    M    M  3.5  8 210   M    M   4 3       M  M
17  72  54  63   M   2   0 0.00    M    M  4.8 10 300   M    M   6        18 300
18  84  52  68   M   0   3 0.00    M    M  4.6 12 220   M    M   0        17 210
19  79  54  67   M   0   2 0.01    M    M  2.0  8 250   M    M   1 3      17 230
20  81  52  67   M   0   2 0.26    M    M  2.8  8 110   M    M   3 3       M  M
21  75  64  70   M   0   5 1.22    M    M  7.5 13  70   M    M   9 3      21 100
22  73  63  68   M   0   3 0.10    M    M  3.7  8  40   M    M   9         M  M
23  72  63  68   M   0   3 0.00    M    M  8.9 16 130   M    M   9 3      21 130
24  70  64  67   M   0   2 0.00    M    M 12.8 16 130   M    M  10 1      23 130
25  70  54  62   M   3   0 0.23    M    M  8.6 16 280   M    M   7        24 280
26  66  52  59   M   6   0 0.00    M    M 12.3 24 300   M    M   2        33 300
27  61  48  55   M  10   0 0.09    M    M  9.0 20 300   M    M   5        25 300
================================================================================
SM 2033 1546        34  76  5.46    M    160.0          M      116
================================================================================
AV 75.3 57.3                               5.9 FASTST   M    M   4    MAX(MPH)
                                 MISC ---->    24   M                 33    M
================================================================================
NOTES:
# LAST OF SEVERAL OCCURRENCES

COLUMN 17 PEAK WIND IN M.P.H.

PRELIMINARY LOCAL CLIMATOLOGICAL DATA (WS FORM: F-6) , PAGE 2

                                          STATION:  RED_WING MN
                                          MONTH:    SEPTEMBER
                                          YEAR:     2016
                                          LATITUDE:   44 34 N
                                          LONGITUDE:  92 29 W

[TEMPERATURE DATA]      [PRECIPITATION DATA]       SYMBOLS USED IN COLUMN 16

AVERAGE MONTHLY: 66.3   TOTAL FOR MONTH:   5.46    1 = FOG OR MIST
DPTR FM NORMAL:     M   DPTR FM NORMAL:       M    2 = FOG REDUCING VISIBILITY
HIGHEST:    84 ON 18,12 GRTST 24HR  1.85 ON  6- 6      TO 1/4 MILE OR LESS
LOWEST:     46 ON 14                               3 = THUNDER
                        SNOW, ICE PELLETS, HAIL    4 = ICE PELLETS
                        TOTAL MONTH:    M          5 = HAIL
                        GRTST 24HR    M  ON   M    6 = FREEZING RAIN OR DRIZZLE
                        GRTST DEPTH:  M  ON   M    7 = DUSTSTORM OR SANDSTORM:
                                                       VSBY 1/2 MILE OR LESS
                                                   8 = SMOKE OR HAZE
[NO. OF DAYS WITH]      [WEATHER - DAYS WITH]      9 = BLOWING SNOW
                                                   X = TORNADO
MAX 32 OR BELOW:   0    0.01 INCH OR MORE:  12
MAX 90 OR ABOVE:   0    0.10 INCH OR MORE:   9
MIN 32 OR BELOW:   0    0.50 INCH OR MORE:   3
MIN  0 OR BELOW:   0    1.00 INCH OR MORE:   3

[HDD (BASE 65) ]
TOTAL THIS MO.    34    CLEAR  (SCALE 0-3)  12
DPTR FM NORMAL     M    PTCLDY (SCALE 4-7)  10
TOTAL FM JUL 1    39    CLOUDY (SCALE 8-10)  5
DPTR FM NORMAL     M

[CDD (BASE 65) ]
TOTAL THIS MO.    76
DPTR FM NORMAL     M    [PRESSURE DATA]
TOTAL FM JAN 1   780    HIGHEST SLP M ON M
DPTR FM NORMAL     M    LOWEST  SLP M ON M

[REMARKS]
