000
CXUS51 KAKQ 271010
CF6RIC
PRELIMINARY LOCAL CLIMATOLOGICAL DATA (WS FORM: F-6)

                                          STATION:   RICHMOND VA
                                          MONTH:     APRIL
                                          YEAR:      2017
                                          LATITUDE:   37 30 N
                                          LONGITUDE:  77 20 W

  TEMPERATURE IN F:       :PCPN:    SNOW:  WIND      :SUNSHINE: SKY     :PK WND
================================================================================
1   2   3   4   5  6A  6B    7    8   9   10  11  12  13   14  15   16   17  18
                                     12Z  AVG MX 2MIN
DY MAX MIN AVG DEP HDD CDD  WTR  SNW DPTH SPD SPD DIR MIN PSBL S-S WX    SPD DR
================================================================================

 1  70  47  59   5   6   0 0.00  0.0    0 10.4 21 360   M    M   4        26  20
 2  66  44  55   1  10   0 0.00  0.0    0  6.3 16 360   M    M   4        23  20
 3  70  45  58   4   7   0 0.23  0.0    0 10.6 21 150   M    M   9 1      28 200
 4  81  58  70  15   0   5 0.00  0.0    0 14.0 24 240   M    M   7        33 230
 5  78  50  64   9   1   0 0.00  0.0    0  6.6 22 130   M    M   6        28 140
 6  71  51  61   6   4   0 0.33  0.0    0 17.0 38 250   M    M   8 135    49 240
 7  55  42  49  -7  16   0 0.00  0.0    0 16.4 29 290   M    M   6        36 280
 8  67  34  51  -5  14   0 0.00  0.0    0  6.3 17 320   M    M   1        22 340
 9  74  37  56   0   9   0 0.00  0.0    0  3.9 13 200   M    M   3        19 220
10  80  49  65   8   0   0 0.00  0.0    0 11.6 23 220   M    M   5 8      30 190
11  85  57  71  14   0   6 0.00  0.0    0 11.4 17 220   M    M   3 8      22 200
12  81  56  69  12   0   4 0.00  0.0    0  5.9 15 200   M    M   5        20 200
13  75  52  64   6   1   0    T  0.0    0  7.5 18  40   M    M   7        24  40
14  71  48  60   2   5   0 0.00  0.0    0  4.7 18 120   M    M   7        22 120
15  85  53  69  11   0   4 0.05  0.0    0  9.1 20 210   M    M   7 3      26 230
16  87  60  74  16   0   9 0.00  0.0    0 13.9 26 240   M    M   5        35 240
17  83  55  69  10   0   4 0.14  0.0    0  7.6 24 340   M    M   6 13     33 290
18  70  52  61   2   4   0 0.00  0.0    0  8.5 17 140   M    M   7        21 140
19  67  50  59   0   6   0 0.06  0.0    0  5.0 13 170   M    M  10        15 150
20  83  58  71  11   0   6 0.07  0.0    0  8.3 25 290   M    M   8 13     33 290
21  87  63  75  15   0  10 0.04  0.0    0  8.2 26 330   M    M   5 13     36 320
22  68  52  60   0   5   0 0.39  0.0    0  9.4 20  10   M    M  10 13     28  10
23  58  51  55  -5  10   0 0.15  0.0    0  7.4 14  20   M    M  10 1      18  30
24  57  50  54  -7  11   0 0.29  0.0    0 13.0 20  50   M    M   9 1      27  50
25  70  55  63   2   2   0 0.37  0.0    0 12.2 25  30   M    M   8 1      31  30
26  77  58  68   7   0   3 0.02  0.0    0  6.0 13 270   M    M   7 1      17 330
================================================================================
SM 1916 1327       111  51  2.14     0.0 241.2          M      167
================================================================================
AV 73.7 51.0                               9.3 FASTST   M    M   6    MAX(MPH)
                                 MISC ---->  # 38 250               # 49  240
================================================================================
NOTES:
# LAST OF SEVERAL OCCURRENCES

COLUMN 17 PEAK WIND IN M.P.H.

PRELIMINARY LOCAL CLIMATOLOGICAL DATA (WS FORM: F-6) , PAGE 2

                                          STATION:  RICHMOND VA
                                          MONTH:    APRIL
                                          YEAR:     2017
                                          LATITUDE:   37 30 N
                                          LONGITUDE:  77 20 W

[TEMPERATURE DATA]      [PRECIPITATION DATA]       SYMBOLS USED IN COLUMN 16

AVERAGE MONTHLY: 62.4   TOTAL FOR MONTH:   2.14    1 = FOG OR MIST
DPTR FM NORMAL:   4.8   DPTR FM NORMAL:   -0.70    2 = FOG REDUCING VISIBILITY
HIGHEST:    87 ON 21,16 GRTST 24HR  1.45 ON 31- 1      TO 1/4 MILE OR LESS
LOWEST:     34 ON  8                               3 = THUNDER
                        SNOW, ICE PELLETS, HAIL    4 = ICE PELLETS
                        TOTAL MONTH:   0.0 INCH    5 = HAIL
                        GRTST 24HR     0.0         6 = FREEZING RAIN OR DRIZZLE
                        GRTST DEPTH:   0           7 = DUSTSTORM OR SANDSTORM:
                                                       VSBY 1/2 MILE OR LESS
                                                   8 = SMOKE OR HAZE
[NO. OF DAYS WITH]      [WEATHER - DAYS WITH]      9 = BLOWING SNOW
                                                   X = TORNADO
MAX 32 OR BELOW:   0    0.01 INCH OR MORE:  12
MAX 90 OR ABOVE:   0    0.10 INCH OR MORE:   7
MIN 32 OR BELOW:   0    0.50 INCH OR MORE:   0
MIN  0 OR BELOW:   0    1.00 INCH OR MORE:   0

[HDD (BASE 65) ]
TOTAL THIS MO.   111    CLEAR  (SCALE 0-3)   2
DPTR FM NORMAL  -109    PTCLDY (SCALE 4-7)  18
TOTAL FM JUL 1  3086    CLOUDY (SCALE 8-10)  6
DPTR FM NORMAL  -586

[CDD (BASE 65) ]
TOTAL THIS MO.    51
DPTR FM NORMAL    21    [PRESSURE DATA]
TOTAL FM JAN 1    59    HIGHEST SLP M ON M
DPTR FM NORMAL    23    LOWEST  SLP 29.27 ON  6

[REMARKS]
